000
CDUS41 KALY 050626
CLIPOU


CLIMATE REPORT
NATIONAL WEATHER SERVICE ALBANY NY
125 AM EST FRI FEB 5 2016


...................................

...THE POUGHKEEPSIE NY CLIMATE SUMMARY FOR FEBRUARY 4 2016...

CLIMATE NORMAL PERIOD 1981 TO 2010
CLIMATE RECORD PERIOD 1949 TO 2016


WEATHER ITEM   OBSERVED TIME   RECORD YEAR NORMAL DEPARTURE LAST
                VALUE   (LST)  VALUE       VALUE  FROM      YEAR
                                                  NORMAL
..................................................................
TEMPERATURE (F)
 YESTERDAY
  MAXIMUM         60    213 AM  62    1991  37     23       35
  MINIMUM         41   1159 PM -10    1985  16     25        2
  AVERAGE         51                        27     24       19

PRECIPITATION (IN)
  YESTERDAY        0.01          1.38 1961   0.09  -0.08      T
  MONTH TO DATE    0.62                      0.37   0.25     0.48
  SINCE DEC 1      5.73                      6.98  -1.25     6.42
  SINCE JAN 1      1.83                      3.45  -1.62     3.42

DEGREE DAYS
 HEATING
  YESTERDAY       14                        38    -24       46
  MONTH TO DATE   80                       154    -74      194
  SINCE DEC 1   1744                      2428   -684     2354
  SINCE JUL 1   2732                      3706   -974     3505

 COOLING
  YESTERDAY        0                         0      0        0
  MONTH TO DATE    0                         0      0        0
  SINCE DEC 1      0                         0      0        0
  SINCE JAN 1      0                         0      0        0
..................................................................


WIND (MPH)
  HIGHEST WIND SPEED    20   HIGHEST WIND DIRECTION     N (360)
  HIGHEST GUST SPEED    24   HIGHEST GUST DIRECTION     N (10)
  AVERAGE WIND SPEED     5.5


SKY COVER
  AVERAGE SKY COVER 0.7



RELATIVE HUMIDITY (PERCENT)
 HIGHEST    86          1200 AM
 LOWEST     45           600 PM
 AVERAGE    66

..........................................................


THE POUGHKEEPSIE NY CLIMATE NORMALS FOR TODAY
                         NORMAL    RECORD    YEAR
 MAXIMUM TEMPERATURE (F)   37        64      1991
 MINIMUM TEMPERATURE (F)   16       -14      1965


SUNRISE AND SUNSET
FEBRUARY  5 2016......SUNRISE   704 AM EST   SUNSET   516 PM EST
FEBRUARY  6 2016......SUNRISE   703 AM EST   SUNSET   517 PM EST


-  INDICATES NEGATIVE NUMBERS.
R  INDICATES RECORD WAS SET OR TIED.
MM INDICATES DATA IS MISSING.
T  INDICATES TRACE AMOUNT.




RECORDS FOR KPOU DATE BACK TO 1949...
HOWEVER...DATA IS MISSING FROM JANUARY 1993 - JULY 2000.
$$
