125
CDUS41 KALY 220630
CLIPOU


CLIMATE REPORT
NATIONAL WEATHER SERVICE ALBANY NY
228 AM EDT SUN MAY 22 2016


...................................

...THE POUGHKEEPSIE NY CLIMATE SUMMARY FOR MAY 21 2016...

CLIMATE NORMAL PERIOD 1981 TO 2010
CLIMATE RECORD PERIOD 1949 TO 2016


WEATHER ITEM   OBSERVED TIME   RECORD YEAR NORMAL DEPARTURE LAST
                VALUE   (LST)  VALUE       VALUE  FROM      YEAR
                                                  NORMAL
..................................................................
TEMPERATURE (F)
 YESTERDAY
  MAXIMUM         72    124 PM  90    2013  73     -1       66
  MINIMUM         48    504 AM  29    2002  48      0       43
  AVERAGE         60                        60      0       55

PRECIPITATION (IN)
  YESTERDAY        0.01          1.17 1954   0.15  -0.14     0.00
  MONTH TO DATE    2.54                      2.82  -0.28     1.05
  SINCE MAR 1      5.81                     10.17  -4.36     5.45
  SINCE JAN 1     11.49                     15.91  -4.42     9.75

DEGREE DAYS
 HEATING
  YESTERDAY        5                         6     -1       10
  MONTH TO DATE  184                       176      8       76
  SINCE MAR 1   1237                      1544   -307     1542
  SINCE JUL 1   4769                      6115  -1346     6227

 COOLING
  YESTERDAY        0                         1     -1        0
  MONTH TO DATE    0                        15    -15       62
  SINCE MAR 1      4                        20    -16       62
  SINCE JAN 1      4                        20    -16       62
..................................................................


WIND (MPH)
  HIGHEST WIND SPEED    12   HIGHEST WIND DIRECTION    SE (140)
  HIGHEST GUST SPEED    15   HIGHEST GUST DIRECTION    SE (130)
  AVERAGE WIND SPEED     2.6


SKY COVER
  AVERAGE SKY COVER 0.4



RELATIVE HUMIDITY (PERCENT)
 HIGHEST    86           400 AM
 LOWEST     33           300 PM
 AVERAGE    60

..........................................................


THE POUGHKEEPSIE NY CLIMATE NORMALS FOR TODAY
                         NORMAL    RECORD    YEAR
 MAXIMUM TEMPERATURE (F)   73        91      1959
 MINIMUM TEMPERATURE (F)   48        31      2002


SUNRISE AND SUNSET
MAY 22 2016...........SUNRISE   530 AM EDT   SUNSET   815 PM EDT
MAY 23 2016...........SUNRISE   529 AM EDT   SUNSET   816 PM EDT


-  INDICATES NEGATIVE NUMBERS.
R  INDICATES RECORD WAS SET OR TIED.
MM INDICATES DATA IS MISSING.
T  INDICATES TRACE AMOUNT.




RECORDS FOR KPOU DATE BACK TO 1949...
HOWEVER...DATA IS MISSING FROM JANUARY 1993 - JULY 2000.
$$
