000
CDUS41 KALY 150622
CLIPOU


CLIMATE REPORT
NATIONAL WEATHER SERVICE ALBANY NY
221 AM EDT THU SEP 15 2016


...................................

...THE POUGHKEEPSIE NY CLIMATE SUMMARY FOR SEPTEMBER 14 2016...

CLIMATE NORMAL PERIOD 1981 TO 2010
CLIMATE RECORD PERIOD 1949 TO 2016


WEATHER ITEM   OBSERVED TIME   RECORD YEAR NORMAL DEPARTURE LAST
                VALUE   (LST)  VALUE       VALUE  FROM      YEAR
                                                  NORMAL
..................................................................
TEMPERATURE (F)
 YESTERDAY
  MAXIMUM         89R   212 PM  89    2005  76     13       74
  MINIMUM         57    603 AM  33    1963  52      5       52
  AVERAGE         73                        64      9       63

PRECIPITATION (IN)
  YESTERDAY        0.00          1.59 1989   0.14  -0.14     0.00
  MONTH TO DATE    0.24                      1.93  -1.69     1.69
  SINCE SEP 1      0.24                      1.93  -1.69     1.69
  SINCE JAN 1     22.56                     32.71 -10.15    20.65

DEGREE DAYS
 HEATING
  YESTERDAY        0                         3     -3        2
  MONTH TO DATE    4                        30    -26        2
  SINCE SEP 1      4                        30    -26        2
  SINCE JUL 1      6                        47    -41        2

 COOLING
  YESTERDAY        8                         2      6        0
  MONTH TO DATE   80                        45     35      125
  SINCE SEP 1     80                        45     35      125
  SINCE JAN 1   1022                       649    373      930
..................................................................


WIND (MPH)
  HIGHEST WIND SPEED    20   HIGHEST WIND DIRECTION     N (10)
  HIGHEST GUST SPEED    25   HIGHEST GUST DIRECTION     N (10)
  AVERAGE WIND SPEED     6.7


SKY COVER
  AVERAGE SKY COVER 0.1



RELATIVE HUMIDITY (PERCENT)
 HIGHEST   100           500 AM
 LOWEST     40           100 PM
 AVERAGE    70

..........................................................


THE POUGHKEEPSIE NY CLIMATE NORMALS FOR TODAY
                         NORMAL    RECORD    YEAR
 MAXIMUM TEMPERATURE (F)   75        86      2005
 MINIMUM TEMPERATURE (F)   52        32      1963


SUNRISE AND SUNSET
SEPTEMBER 15 2016.....SUNRISE   636 AM EDT   SUNSET   704 PM EDT
SEPTEMBER 16 2016.....SUNRISE   637 AM EDT   SUNSET   702 PM EDT


-  INDICATES NEGATIVE NUMBERS.
R  INDICATES RECORD WAS SET OR TIED.
MM INDICATES DATA IS MISSING.
T  INDICATES TRACE AMOUNT.




RECORDS FOR KPOU DATE BACK TO 1949...
HOWEVER...DATA IS MISSING FROM JANUARY 1993 - JULY 2000.
$$
