000
CDUS41 KALY 100630
CLIPOU


CLIMATE REPORT
NATIONAL WEATHER SERVICE ALBANY NY
129 AM EST WED DEC 10 2014


...................................

...THE POUGHKEEPSIE NY CLIMATE SUMMARY FOR DECEMBER 9 2014...

CLIMATE NORMAL PERIOD 1981 TO 2010
CLIMATE RECORD PERIOD 1949 TO 2014


WEATHER ITEM   OBSERVED TIME   RECORD YEAR NORMAL DEPARTURE LAST
                VALUE   (LST)  VALUE       VALUE  FROM      YEAR
                                                  NORMAL
..................................................................
TEMPERATURE (F)
 YESTERDAY
  MAXIMUM         40   1159 PM  61    1966  43     -3       36
  MINIMUM         29   1226 AM   3    1989  24      5       28
  AVERAGE         35                        33      2       32

PRECIPITATION (IN)
  YESTERDAY        1.16          2.00 1973   0.12   1.04     0.11
  MONTH TO DATE    2.30                      1.09   1.21     0.90
  SINCE DEC 1      2.30                      1.09   1.21     0.90
  SINCE JAN 1     33.44                     44.09 -10.65    37.48

DEGREE DAYS
 HEATING
  YESTERDAY       30                        32     -2       33
  MONTH TO DATE  275                       271      4      260
  SINCE DEC 1    275                       271      4      260
  SINCE JUL 1   1426                      1549   -123     1503

 COOLING
  YESTERDAY        0                         0      0        0
  MONTH TO DATE    0                         0      0        0
  SINCE DEC 1      0                         0      0        0
  SINCE JAN 1    696                       672     24      829
..................................................................


WIND (MPH)
  HIGHEST WIND SPEED    24   HIGHEST WIND DIRECTION     N (360)
  HIGHEST GUST SPEED    38   HIGHEST GUST DIRECTION     N (10)
  AVERAGE WIND SPEED    11.7


SKY COVER
  AVERAGE SKY COVER 1.0



RELATIVE HUMIDITY (PERCENT)
 HIGHEST    92           200 PM
 LOWEST     66           300 AM
 AVERAGE    79

..........................................................


THE POUGHKEEPSIE NY CLIMATE NORMALS FOR TODAY
                         NORMAL    RECORD    YEAR
 MAXIMUM TEMPERATURE (F)   42        63      1966
 MINIMUM TEMPERATURE (F)   24        -4      1949


SUNRISE AND SUNSET
DECEMBER 10 2014......SUNRISE   711 AM EST   SUNSET   425 PM EST
DECEMBER 11 2014......SUNRISE   712 AM EST   SUNSET   425 PM EST


-  INDICATES NEGATIVE NUMBERS.
R  INDICATES RECORD WAS SET OR TIED.
MM INDICATES DATA IS MISSING.
T  INDICATES TRACE AMOUNT.





RECORDS FOR KPOU DATE BACK TO 1949...
HOWEVER...DATA IS MISSING FROM JANUARY 1993 - JULY 2000.
$$
