000
CDUS41 KALY 132054
CLIPOU


CLIMATE REPORT
NATIONAL WEATHER SERVICE ALBANY NY
453 PM EDT FRI OCT 13 2017


...................................

...THE POUGHKEEPSIE NY CLIMATE SUMMARY FOR OCTOBER 13 2017...
VALID TODAY AS OF 0400 PM LOCAL TIME.

CLIMATE NORMAL PERIOD 1981 TO 2010
CLIMATE RECORD PERIOD 1949 TO 2017


WEATHER ITEM   OBSERVED TIME   RECORD YEAR NORMAL DEPARTURE LAST
                VALUE   (LST)  VALUE       VALUE  FROM      YEAR
                                                  NORMAL
..................................................................
TEMPERATURE (F)
 TODAY
  MAXIMUM         65    251 PM  84    1954  64      1       63
  MINIMUM         41    554 AM  24    1987  40      1       40
  AVERAGE         53                        52      1       52

PRECIPITATION (IN)
  TODAY            0.00          1.25 2005   0.15  -0.15     0.02
  MONTH TO DATE    1.17                      1.94  -0.77     0.03
  SINCE SEP 1      2.92                      6.22  -3.30     0.96
  SINCE JAN 1     32.02                     37.00  -4.98    23.28

DEGREE DAYS
 HEATING
  TODAY           12                        13     -1       13
  MONTH TO DATE   61                       144    -83      131
  SINCE SEP 1    154                       267   -113      202
  SINCE JUL 1    174                       284   -110      204

 COOLING
  TODAY            0                         0      0        0
  MONTH TO DATE   27                         0     27        0
  SINCE SEP 1    141                        64     77      107
  SINCE JAN 1    715                       668     47     1049
..................................................................


WIND (MPH)
  HIGHEST WIND SPEED    13   HIGHEST WIND DIRECTION    SE (130)
  HIGHEST GUST SPEED    16   HIGHEST GUST DIRECTION    SE (140)
  AVERAGE WIND SPEED     3.5


SKY COVER
  AVERAGE SKY COVER 0.6



RELATIVE HUMIDITY (PERCENT)
 HIGHEST    89           200 AM
 LOWEST     56          1200 PM
 AVERAGE    73

..........................................................


THE POUGHKEEPSIE NY CLIMATE NORMALS FOR TOMORROW
                         NORMAL    RECORD    YEAR
 MAXIMUM TEMPERATURE (F)   64        82      1954
 MINIMUM TEMPERATURE (F)   39        21      1953


SUNRISE AND SUNSET
OCTOBER 13 2017.......SUNRISE   706 AM EDT   SUNSET   617 PM EDT
OCTOBER 14 2017.......SUNRISE   707 AM EDT   SUNSET   616 PM EDT


-  INDICATES NEGATIVE NUMBERS.
R  INDICATES RECORD WAS SET OR TIED.
MM INDICATES DATA IS MISSING.
T  INDICATES TRACE AMOUNT.




RECORDS FOR KPOU DATE BACK TO 1949...
HOWEVER...DATA IS MISSING FROM JANUARY 1993 - JULY 2000.
$$
