000
CDUS41 KALY 100630
CLIPOU


CLIMATE REPORT
NATIONAL WEATHER SERVICE ALBANY NY
130 AM EST FRI FEB 10 2017


...................................

...THE POUGHKEEPSIE NY CLIMATE SUMMARY FOR FEBRUARY 9 2017...

CLIMATE NORMAL PERIOD 1981 TO 2010
CLIMATE RECORD PERIOD 1949 TO 2017


WEATHER ITEM   OBSERVED TIME   RECORD YEAR NORMAL DEPARTURE LAST
                VALUE   (LST)  VALUE       VALUE  FROM      YEAR
                                                  NORMAL
..................................................................
TEMPERATURE (F)
 YESTERDAY
  MAXIMUM         33   1248 AM  57    1990  38     -5       34
  MINIMUM         12   1141 PM -12    1963  17     -5       18
  AVERAGE         23                        27     -4       26

PRECIPITATION (IN)
  YESTERDAY       MM             1.14 1962   0.10  MM        0.03
  MONTH TO DATE    0.16                      0.84  -0.68     0.68
  SINCE DEC 1      5.73                      7.45  -1.72     5.79
  SINCE JAN 1      3.13                      3.92  -0.79     1.89

DEGREE DAYS
 HEATING
  YESTERDAY       42                        38      4       39
  MONTH TO DATE  321                       344    -23      246
  SINCE DEC 1   2371                      2618   -247     1910
  SINCE JUL 1   3517                      3896   -379     2898

 COOLING
  YESTERDAY        0                         0      0        0
  MONTH TO DATE    0                         0      0        0
  SINCE DEC 1      0                         0      0        0
  SINCE JAN 1      0                         0      0        0
..................................................................


WIND (MPH)
  HIGHEST WIND SPEED    24   HIGHEST WIND DIRECTION    NW (310)
  HIGHEST GUST SPEED    39   HIGHEST GUST DIRECTION    NW (310)
  AVERAGE WIND SPEED    13.7


SKY COVER
  AVERAGE SKY COVER 0.8



RELATIVE HUMIDITY (PERCENT)
 HIGHEST    92           700 AM
 LOWEST     43           800 PM
 AVERAGE    68

..........................................................


THE POUGHKEEPSIE NY CLIMATE NORMALS FOR TODAY
                         NORMAL    RECORD    YEAR
 MAXIMUM TEMPERATURE (F)   38        56      2001
 MINIMUM TEMPERATURE (F)   17       -12      1979


SUNRISE AND SUNSET
FEBRUARY 10 2017......SUNRISE   657 AM EST   SUNSET   523 PM EST
FEBRUARY 11 2017......SUNRISE   656 AM EST   SUNSET   524 PM EST


-  INDICATES NEGATIVE NUMBERS.
R  INDICATES RECORD WAS SET OR TIED.
MM INDICATES DATA IS MISSING.
T  INDICATES TRACE AMOUNT.




RECORDS FOR KPOU DATE BACK TO 1949...
HOWEVER...DATA IS MISSING FROM JANUARY 1993 - JULY 2000.
$$
