000
CDUS41 KALY 210625
CLIPOU


CLIMATE REPORT
NATIONAL WEATHER SERVICE ALBANY NY
124 AM EST WED JAN 21 2015


...................................

...THE POUGHKEEPSIE NY CLIMATE SUMMARY FOR JANUARY 20 2015...

CLIMATE NORMAL PERIOD 1981 TO 2010
CLIMATE RECORD PERIOD 1949 TO 2015


WEATHER ITEM   OBSERVED TIME   RECORD YEAR NORMAL DEPARTURE LAST
                VALUE   (LST)  VALUE       VALUE  FROM      YEAR
                                                  NORMAL
..................................................................
TEMPERATURE (F)
 YESTERDAY
  MAXIMUM         36    327 PM  56    2006  35      1       42
  MINIMUM         23   1159 PM -13    1971  15      8       28
  AVERAGE         30                        25      5       35

PRECIPITATION (IN)
  YESTERDAY        0.00          0.98 1978   0.09  -0.09      T
  MONTH TO DATE    2.41                      2.01   0.40     1.45
  SINCE DEC 1      5.41                      5.54  -0.13     4.78
  SINCE JAN 1      2.41                      2.01   0.40     1.45

DEGREE DAYS
 HEATING
  YESTERDAY       35                        40     -5       30
  MONTH TO DATE  790                       792     -2      742
  SINCE DEC 1   1690                      1843   -153     1777
  SINCE JUL 1   2841                      3121   -280     3020

 COOLING
  YESTERDAY        0                         0      0        0
  MONTH TO DATE    0                         0      0        0
  SINCE DEC 1      0                         0      0        0
  SINCE JAN 1      0                         0      0        0
..................................................................


WIND (MPH)
  HIGHEST WIND SPEED    17   HIGHEST WIND DIRECTION     W (290)
  HIGHEST GUST SPEED    23   HIGHEST GUST DIRECTION    NW (310)
  AVERAGE WIND SPEED     7.5


SKY COVER
  AVERAGE SKY COVER 0.3



RELATIVE HUMIDITY (PERCENT)
 HIGHEST    58           500 AM
 LOWEST     47           100 PM
 AVERAGE    53

..........................................................


THE POUGHKEEPSIE NY CLIMATE NORMALS FOR TODAY
                         NORMAL    RECORD    YEAR
 MAXIMUM TEMPERATURE (F)   35        60      2006
 MINIMUM TEMPERATURE (F)   15       -30      1961


SUNRISE AND SUNSET
JANUARY 21 2015.......SUNRISE   717 AM EST   SUNSET   457 PM EST
JANUARY 22 2015.......SUNRISE   716 AM EST   SUNSET   458 PM EST


-  INDICATES NEGATIVE NUMBERS.
R  INDICATES RECORD WAS SET OR TIED.
MM INDICATES DATA IS MISSING.
T  INDICATES TRACE AMOUNT.





RECORDS FOR KPOU DATE BACK TO 1949...
HOWEVER...DATA IS MISSING FROM JANUARY 1993 - JULY 2000.
$$
