000
CDUS41 KALY 100624
CLIPOU


CLIMATE REPORT
NATIONAL WEATHER SERVICE ALBANY NY
123 AM EST FRI MAR 10 2017


...................................

...THE POUGHKEEPSIE NY CLIMATE SUMMARY FOR MARCH 9 2017...

CLIMATE NORMAL PERIOD 1981 TO 2010
CLIMATE RECORD PERIOD 1949 TO 2017


WEATHER ITEM   OBSERVED TIME   RECORD YEAR NORMAL DEPARTURE LAST
                VALUE   (LST)  VALUE       VALUE  FROM      YEAR
                                                  NORMAL
..................................................................
TEMPERATURE (F)
 YESTERDAY
  MAXIMUM         55    140 PM  82    2016  45     10       82
  MINIMUM         34    507 AM  -2    1960  23     11       37
  AVERAGE         45                        34     11       60

PRECIPITATION (IN)
  YESTERDAY        0.00          0.47 2009   0.12  -0.12     0.00
  MONTH TO DATE    0.15                      0.99  -0.84     0.10
  SINCE MAR 1      0.15                      0.99  -0.84     0.10
  SINCE JAN 1      5.02                      6.73  -1.71     5.78

DEGREE DAYS
 HEATING
  YESTERDAY       20                        31    -11        5
  MONTH TO DATE  250                       288    -38      224
  SINCE MAR 1    250                       288    -38      224
  SINCE JUL 1   4292                      4859   -567     3756

 COOLING
  YESTERDAY        0                         0      0        0
  MONTH TO DATE    0                         0      0        0
  SINCE MAR 1      0                         0      0        0
  SINCE JAN 1      0                         0      0        0
..................................................................


WIND (MPH)
  HIGHEST WIND SPEED    30   HIGHEST WIND DIRECTION     W (280)
  HIGHEST GUST SPEED    43   HIGHEST GUST DIRECTION     W (250)
  AVERAGE WIND SPEED    11.9


SKY COVER
  AVERAGE SKY COVER 0.4



RELATIVE HUMIDITY (PERCENT)
 HIGHEST    59           500 AM
 LOWEST     21          1000 AM
 AVERAGE    40

..........................................................


THE POUGHKEEPSIE NY CLIMATE NORMALS FOR TODAY
                         NORMAL    RECORD    YEAR
 MAXIMUM TEMPERATURE (F)   46        73      2016
 MINIMUM TEMPERATURE (F)   23        -3      1984


SUNRISE AND SUNSET
MARCH 10 2017.........SUNRISE   615 AM EST   SUNSET   557 PM EST
MARCH 11 2017.........SUNRISE   614 AM EST   SUNSET   558 PM EST


-  INDICATES NEGATIVE NUMBERS.
R  INDICATES RECORD WAS SET OR TIED.
MM INDICATES DATA IS MISSING.
T  INDICATES TRACE AMOUNT.




RECORDS FOR KPOU DATE BACK TO 1949...
HOWEVER...DATA IS MISSING FROM JANUARY 1993 - JULY 2000.
$$
