000
CDUS41 KALY 110623
CLIPOU


CLIMATE REPORT
NATIONAL WEATHER SERVICE ALBANY NY
221 AM EDT SUN SEP 11 2016


...................................

...THE POUGHKEEPSIE NY CLIMATE SUMMARY FOR SEPTEMBER 10 2016...

CLIMATE NORMAL PERIOD 1981 TO 2010
CLIMATE RECORD PERIOD 1949 TO 2016


WEATHER ITEM   OBSERVED TIME   RECORD YEAR NORMAL DEPARTURE LAST
                VALUE   (LST)  VALUE       VALUE  FROM      YEAR
                                                  NORMAL
..................................................................
TEMPERATURE (F)
 YESTERDAY
  MAXIMUM         88    340 PM  95    1983  77     11       79
  MINIMUM         68    655 AM  34    1956  53     15       66
  AVERAGE         78                        65     13       73

PRECIPITATION (IN)
  YESTERDAY        0.14          1.54 1976   0.14   0.00     0.82
  MONTH TO DATE    0.23                      1.36  -1.13     0.82
  SINCE SEP 1      0.23                      1.36  -1.13     0.82
  SINCE JAN 1     22.55                     32.14  -9.59    19.78

DEGREE DAYS
 HEATING
  YESTERDAY        0                         3     -3        0
  MONTH TO DATE    0                        18    -18        0
  SINCE SEP 1      0                        18    -18        0
  SINCE JUL 1      2                        35    -33        0

 COOLING
  YESTERDAY       13                         3     10        8
  MONTH TO DATE   69                        35     34      113
  SINCE SEP 1     69                        35     34      113
  SINCE JAN 1   1011                       639    372      918
..................................................................


WIND (MPH)
  HIGHEST WIND SPEED    12   HIGHEST WIND DIRECTION    SE (140)
  HIGHEST GUST SPEED    17   HIGHEST GUST DIRECTION    SE (140)
  AVERAGE WIND SPEED     4.0


SKY COVER
  AVERAGE SKY COVER 0.4



RELATIVE HUMIDITY (PERCENT)
 HIGHEST    97           100 AM
 LOWEST     59           200 PM
 AVERAGE    78

..........................................................


THE POUGHKEEPSIE NY CLIMATE NORMALS FOR TODAY
                         NORMAL    RECORD    YEAR
 MAXIMUM TEMPERATURE (F)   77        97      1983
 MINIMUM TEMPERATURE (F)   53        37      1949


SUNRISE AND SUNSET
SEPTEMBER 11 2016.....SUNRISE   632 AM EDT   SUNSET   711 PM EDT
SEPTEMBER 12 2016.....SUNRISE   633 AM EDT   SUNSET   709 PM EDT


-  INDICATES NEGATIVE NUMBERS.
R  INDICATES RECORD WAS SET OR TIED.
MM INDICATES DATA IS MISSING.
T  INDICATES TRACE AMOUNT.




RECORDS FOR KPOU DATE BACK TO 1949...
HOWEVER...DATA IS MISSING FROM JANUARY 1993 - JULY 2000.
$$
