859
CDUS41 KALY 170623
CLIPOU


CLIMATE REPORT
NATIONAL WEATHER SERVICE ALBANY NY
222 AM EDT TUE MAY 17 2016


...................................

...THE POUGHKEEPSIE NY CLIMATE SUMMARY FOR MAY 16 2016...

CLIMATE NORMAL PERIOD 1981 TO 2010
CLIMATE RECORD PERIOD 1949 TO 2016


WEATHER ITEM   OBSERVED TIME   RECORD YEAR NORMAL DEPARTURE LAST
                VALUE   (LST)  VALUE       VALUE  FROM      YEAR
                                                  NORMAL
..................................................................
TEMPERATURE (F)
 YESTERDAY
  MAXIMUM         67    341 PM  89    1951  71     -4       76
  MINIMUM         41    514 AM  36    1984  46     -5       54
  AVERAGE         54                        59     -5       65

PRECIPITATION (IN)
  YESTERDAY        0.00          3.27 1989   0.14  -0.14     0.83
  MONTH TO DATE    2.53                      2.08   0.45     0.85
  SINCE MAR 1      5.80                      9.43  -3.63     5.25
  SINCE JAN 1     11.48                     15.17  -3.69     9.55

DEGREE DAYS
 HEATING
  YESTERDAY       11                         7      4        0
  MONTH TO DATE  155                       144     11       53
  SINCE MAR 1   1208                      1512   -304     1519
  SINCE JUL 1   4740                      6083  -1343     6204

 COOLING
  YESTERDAY        0                         1     -1        0
  MONTH TO DATE    0                        10    -10       49
  SINCE MAR 1      4                        15    -11       49
  SINCE JAN 1      4                        15    -11       49
..................................................................


WIND (MPH)
  HIGHEST WIND SPEED    28   HIGHEST WIND DIRECTION     W (260)
  HIGHEST GUST SPEED    39   HIGHEST GUST DIRECTION     W (270)
  AVERAGE WIND SPEED    10.8


SKY COVER
  AVERAGE SKY COVER 0.4



RELATIVE HUMIDITY (PERCENT)
 HIGHEST    83          1100 PM
 LOWEST     23           200 PM
 AVERAGE    53

..........................................................


THE POUGHKEEPSIE NY CLIMATE NORMALS FOR TODAY
                         NORMAL    RECORD    YEAR
 MAXIMUM TEMPERATURE (F)   72        90      1977
 MINIMUM TEMPERATURE (F)   47        31      1983


SUNRISE AND SUNSET
MAY 17 2016...........SUNRISE   534 AM EDT   SUNSET   811 PM EDT
MAY 18 2016...........SUNRISE   533 AM EDT   SUNSET   812 PM EDT


-  INDICATES NEGATIVE NUMBERS.
R  INDICATES RECORD WAS SET OR TIED.
MM INDICATES DATA IS MISSING.
T  INDICATES TRACE AMOUNT.




RECORDS FOR KPOU DATE BACK TO 1949...
HOWEVER...DATA IS MISSING FROM JANUARY 1993 - JULY 2000.
$$
