000
CDUS41 KALY 260628
CLIPOU


CLIMATE REPORT
NATIONAL WEATHER SERVICE ALBANY NY
126 AM EST SAT NOV 26 2016


...................................

...THE POUGHKEEPSIE NY CLIMATE SUMMARY FOR NOVEMBER 25 2016...

CLIMATE NORMAL PERIOD 1981 TO 2010
CLIMATE RECORD PERIOD 1949 TO 2016


WEATHER ITEM   OBSERVED TIME   RECORD YEAR NORMAL DEPARTURE LAST
                VALUE   (LST)  VALUE       VALUE  FROM      YEAR
                                                  NORMAL
..................................................................
TEMPERATURE (F)
 YESTERDAY
  MAXIMUM         47    649 PM  66    2014  49     -2       50
                                      2001
  MINIMUM         35    141 AM  12    2013  29      6       20
  AVERAGE         41                        39      2       35

PRECIPITATION (IN)
  YESTERDAY        0.00          2.52 1950   0.11  -0.11     0.00
  MONTH TO DATE    2.81                      2.88  -0.07     1.78
  SINCE SEP 1      6.28                     11.63  -5.35     6.92
  SINCE JAN 1     28.60                     42.41 -13.81    25.88

DEGREE DAYS
 HEATING
  YESTERDAY       24                        26     -2       30
  MONTH TO DATE  562                       563     -1      434
  SINCE SEP 1   1022                      1122   -100      868
  SINCE JUL 1   1024                      1139   -115      868

 COOLING
  YESTERDAY        0                         0      0        0
  MONTH TO DATE    0                         0      0        2
  SINCE SEP 1    111                        68     43      159
  SINCE JAN 1   1053                       672    381      964
..................................................................


WIND (MPH)
  HIGHEST WIND SPEED     8   HIGHEST WIND DIRECTION     W (280)
  HIGHEST GUST SPEED     9   HIGHEST GUST DIRECTION     W (280)
  AVERAGE WIND SPEED     1.2


SKY COVER
  AVERAGE SKY COVER 1.0



RELATIVE HUMIDITY (PERCENT)
 HIGHEST   100           100 AM
 LOWEST     76          1200 PM
 AVERAGE    88

..........................................................


THE POUGHKEEPSIE NY CLIMATE NORMALS FOR TODAY
                         NORMAL    RECORD    YEAR
 MAXIMUM TEMPERATURE (F)   48        66      1979
 MINIMUM TEMPERATURE (F)   28        14      1949


SUNRISE AND SUNSET
NOVEMBER 26 2016......SUNRISE   658 AM EST   SUNSET   428 PM EST
NOVEMBER 27 2016......SUNRISE   659 AM EST   SUNSET   427 PM EST


-  INDICATES NEGATIVE NUMBERS.
R  INDICATES RECORD WAS SET OR TIED.
MM INDICATES DATA IS MISSING.
T  INDICATES TRACE AMOUNT.




RECORDS FOR KPOU DATE BACK TO 1949...
HOWEVER...DATA IS MISSING FROM JANUARY 1993 - JULY 2000.
$$
