000
CDUS41 KALY 180625
CLIPOU


CLIMATE REPORT
NATIONAL WEATHER SERVICE ALBANY NY
124 AM EST WED FEB 18 2015


...................................

...THE POUGHKEEPSIE NY CLIMATE SUMMARY FOR FEBRUARY 17 2015...

CLIMATE NORMAL PERIOD 1981 TO 2010
CLIMATE RECORD PERIOD 1949 TO 2015


WEATHER ITEM   OBSERVED TIME   RECORD YEAR NORMAL DEPARTURE LAST
                VALUE   (LST)  VALUE       VALUE  FROM      YEAR
                                                  NORMAL
..................................................................
TEMPERATURE (F)
 YESTERDAY
  MAXIMUM         26    407 PM  60    1981  40    -14       31
  MINIMUM          1   1159 PM -12    1963  18    -17       -3
  AVERAGE         14                        29    -15       14

PRECIPITATION (IN)
  YESTERDAY        T             0.83 1954   0.09  -0.09     0.00
  MONTH TO DATE    1.09                      1.58  -0.49     2.15
  SINCE DEC 1      7.03                      8.19  -1.16     6.98
  SINCE JAN 1      4.03                      4.66  -0.63     3.65

DEGREE DAYS
 HEATING
  YESTERDAY       51                        36     15       51
  MONTH TO DATE  819                       637    182      741
  SINCE DEC 1   2979                      2911     68     3032
  SINCE JUL 1   4130                      4189    -59     4275

 COOLING
  YESTERDAY        0                         0      0        0
  MONTH TO DATE    0                         0      0        0
  SINCE DEC 1      0                         0      0        0
  SINCE JAN 1      0                         0      0        0
..................................................................


WIND (MPH)
  HIGHEST WIND SPEED    10   HIGHEST WIND DIRECTION     N (20)
  HIGHEST GUST SPEED    12   HIGHEST GUST DIRECTION     N (350)
  AVERAGE WIND SPEED     2.7


SKY COVER
  AVERAGE SKY COVER 0.5



RELATIVE HUMIDITY (PERCENT)
 HIGHEST    80          1000 PM
 LOWEST     34           200 AM
 AVERAGE    57

..........................................................


THE POUGHKEEPSIE NY CLIMATE NORMALS FOR TODAY
                         NORMAL    RECORD    YEAR
 MAXIMUM TEMPERATURE (F)   40        65      1981
 MINIMUM TEMPERATURE (F)   18       -14      1979


SUNRISE AND SUNSET
FEBRUARY 18 2015......SUNRISE   647 AM EST   SUNSET   532 PM EST
FEBRUARY 19 2015......SUNRISE   646 AM EST   SUNSET   534 PM EST


-  INDICATES NEGATIVE NUMBERS.
R  INDICATES RECORD WAS SET OR TIED.
MM INDICATES DATA IS MISSING.
T  INDICATES TRACE AMOUNT.




RECORDS FOR KPOU DATE BACK TO 1949...
HOWEVER...DATA IS MISSING FROM JANUARY 1993 - JULY 2000.
$$
