000
CDUS41 KALY 080627
CLIPOU


CLIMATE REPORT
NATIONAL WEATHER SERVICE ALBANY NY
226 AM EDT FRI SEP 8 2017


...................................

...THE POUGHKEEPSIE NY CLIMATE SUMMARY FOR SEPTEMBER 7 2017...

CLIMATE NORMAL PERIOD 1981 TO 2010
CLIMATE RECORD PERIOD 1949 TO 2017


WEATHER ITEM   OBSERVED TIME   RECORD YEAR NORMAL DEPARTURE LAST
                VALUE   (LST)  VALUE       VALUE  FROM      YEAR
                                                  NORMAL
..................................................................
TEMPERATURE (F)
 YESTERDAY
  MAXIMUM         72    210 PM  95    2015  78     -6       83
  MINIMUM         54    915 PM  34    1984  55     -1       64
                                      1962
  AVERAGE         63                        66     -3       74

PRECIPITATION (IN)
  YESTERDAY        0.04          0.62 2011   0.14  -0.10     0.00
  MONTH TO DATE    1.35                      0.94   0.41     0.09
  SINCE SEP 1      1.35                      0.94   0.41     0.09
  SINCE JAN 1     29.95                     31.72  -1.77    22.41

DEGREE DAYS
 HEATING
  YESTERDAY        2                         2      0        0
  MONTH TO DATE   32                        11     21        0
  SINCE SEP 1     32                        11     21        0
  SINCE JUL 1     52                        28     24        2

 COOLING
  YESTERDAY        0                         3     -3        9
  MONTH TO DATE   11                        26    -15       29
  SINCE SEP 1     11                        26    -15       29
  SINCE JAN 1    585                       630    -45      971
..................................................................


WIND (MPH)
  HIGHEST WIND SPEED    26   HIGHEST WIND DIRECTION     W (260)
  HIGHEST GUST SPEED    33   HIGHEST GUST DIRECTION     W (270)
  AVERAGE WIND SPEED     4.7


SKY COVER
  AVERAGE SKY COVER 0.6



RELATIVE HUMIDITY (PERCENT)
 HIGHEST   100          1200 AM
 LOWEST     53           200 PM
 AVERAGE    77

..........................................................


THE POUGHKEEPSIE NY CLIMATE NORMALS FOR TODAY
                         NORMAL    RECORD    YEAR
 MAXIMUM TEMPERATURE (F)   78        97      2015
 MINIMUM TEMPERATURE (F)   54        38      1962


SUNRISE AND SUNSET
SEPTEMBER  8 2017.....SUNRISE   629 AM EDT   SUNSET   717 PM EDT
SEPTEMBER  9 2017.....SUNRISE   630 AM EDT   SUNSET   715 PM EDT


-  INDICATES NEGATIVE NUMBERS.
R  INDICATES RECORD WAS SET OR TIED.
MM INDICATES DATA IS MISSING.
T  INDICATES TRACE AMOUNT.




RECORDS FOR KPOU DATE BACK TO 1949...
HOWEVER...DATA IS MISSING FROM JANUARY 1993 - JULY 2000.
$$
