000
CDUS41 KALY 182045
CLIPOU


CLIMATE REPORT
NATIONAL WEATHER SERVICE ALBANY NY
444 PM EDT THU MAY 18 2017


...................................

...THE POUGHKEEPSIE NY CLIMATE SUMMARY FOR MAY 18 2017...
VALID TODAY AS OF 0400 PM LOCAL TIME.

CLIMATE NORMAL PERIOD 1981 TO 2010
CLIMATE RECORD PERIOD 1949 TO 2017


WEATHER ITEM   OBSERVED TIME   RECORD YEAR NORMAL DEPARTURE LAST
                VALUE   (LST)  VALUE       VALUE  FROM      YEAR
                                                  NORMAL
..................................................................
TEMPERATURE (F)
 TODAY
  MAXIMUM         93    337 PM  96    1962  72     21       72
  MINIMUM         64    500 AM  30    1983  47     17       43
  AVERAGE         79                        59     20       58

PRECIPITATION (IN)
  TODAY            0.00          1.58 1943   0.14  -0.14     0.00
  MONTH TO DATE    1.47                      2.37  -0.90     2.53
  SINCE MAR 1      9.16                      9.72  -0.56     5.80
  SINCE JAN 1     14.03                     15.46  -1.43    11.48

DEGREE DAYS
 HEATING
  TODAY            0                         7     -7        7
  MONTH TO DATE  200                       158     42      171
  SINCE MAR 1   1562                      1526     36     1224
  SINCE JUL 1   5604                      6097   -493     4756

 COOLING
  TODAY           14                         1     13        0
  MONTH TO DATE   20                        12      8        0
  SINCE MAR 1     37                        17     20        4
  SINCE JAN 1     37                        17     20        4
..................................................................


WIND (MPH)
  HIGHEST WIND SPEED    17   HIGHEST WIND DIRECTION    SW (220)
  HIGHEST GUST SPEED    24   HIGHEST GUST DIRECTION    SW (220)
  AVERAGE WIND SPEED     6.6


SKY COVER
  AVERAGE SKY COVER 0.0



RELATIVE HUMIDITY (PERCENT)
 HIGHEST    93           500 AM
 LOWEST     28           200 PM
 AVERAGE    61

..........................................................


THE POUGHKEEPSIE NY CLIMATE NORMALS FOR TOMORROW
                         NORMAL    RECORD    YEAR
 MAXIMUM TEMPERATURE (F)   72        96      1962
 MINIMUM TEMPERATURE (F)   47        31      2009
                                             2002


SUNRISE AND SUNSET
MAY 18 2017...........SUNRISE   533 AM EDT   SUNSET   811 PM EDT
MAY 19 2017...........SUNRISE   532 AM EDT   SUNSET   812 PM EDT


-  INDICATES NEGATIVE NUMBERS.
R  INDICATES RECORD WAS SET OR TIED.
MM INDICATES DATA IS MISSING.
T  INDICATES TRACE AMOUNT.




RECORDS FOR KPOU DATE BACK TO 1949...
HOWEVER...DATA IS MISSING FROM JANUARY 1993 - JULY 2000.
$$
