000
CDUS41 KALY 030625
CLIPOU


CLIMATE REPORT
NATIONAL WEATHER SERVICE ALBANY NY
224 AM EDT THU AUG 3 2017


...................................

...THE POUGHKEEPSIE NY CLIMATE SUMMARY FOR AUGUST 2 2017...

CLIMATE NORMAL PERIOD 1981 TO 2010
CLIMATE RECORD PERIOD 1949 TO 2017


WEATHER ITEM   OBSERVED TIME   RECORD YEAR NORMAL DEPARTURE LAST
                VALUE   (LST)  VALUE       VALUE  FROM      YEAR
                                                  NORMAL
..................................................................
TEMPERATURE (F)
 YESTERDAY
  MAXIMUM         88    103 PM  99    2006  84      4       78
  MINIMUM         62   1159 PM  48    1985  61      1       62
                                      1947
  AVERAGE         75                        73      2       70

PRECIPITATION (IN)
  YESTERDAY        1.61R         1.33 1986   0.16   1.45     0.55
  MONTH TO DATE    1.61                      0.32   1.29     0.58
  SINCE JUN 1      8.59                      9.40  -0.81     8.54
  SINCE JAN 1     25.15                     26.90  -1.75    20.70

DEGREE DAYS
 HEATING
  YESTERDAY        0                         0      0        0
  MONTH TO DATE    0                         0      0        0
  SINCE JUN 1     53                        54     -1        8
  SINCE JUL 1      3                         5     -2        0

 COOLING
  YESTERDAY       10                         8      2        5
  MONTH TO DATE   19                        16      3       13
  SINCE JUN 1    389                       383      6      548
  SINCE JAN 1    437                       419     18      629
..................................................................


WIND (MPH)
  HIGHEST WIND SPEED    18   HIGHEST WIND DIRECTION    NW (310)
  HIGHEST GUST SPEED    27   HIGHEST GUST DIRECTION    NE (40)
  AVERAGE WIND SPEED     2.1


SKY COVER
  AVERAGE SKY COVER 0.1



RELATIVE HUMIDITY (PERCENT)
 HIGHEST   100          1000 PM
 LOWEST     51          1200 PM
 AVERAGE    76

..........................................................


THE POUGHKEEPSIE NY CLIMATE NORMALS FOR TODAY
                         NORMAL    RECORD    YEAR
 MAXIMUM TEMPERATURE (F)   84        97      2006
 MINIMUM TEMPERATURE (F)   61        45      1959
                                             1956


SUNRISE AND SUNSET
AUGUST  3 2017........SUNRISE   552 AM EDT   SUNSET   811 PM EDT
AUGUST  4 2017........SUNRISE   553 AM EDT   SUNSET   809 PM EDT


-  INDICATES NEGATIVE NUMBERS.
R  INDICATES RECORD WAS SET OR TIED.
MM INDICATES DATA IS MISSING.
T  INDICATES TRACE AMOUNT.




RECORDS FOR KPOU DATE BACK TO 1949...
HOWEVER...DATA IS MISSING FROM JANUARY 1993 - JULY 2000.
$$
