000
CDUS41 KALY 042057
CLIPOU


CLIMATE REPORT
NATIONAL WEATHER SERVICE ALBANY NY
456 PM EDT WED OCT 4 2017


...................................

...THE POUGHKEEPSIE NY CLIMATE SUMMARY FOR OCTOBER 4 2017...
VALID TODAY AS OF 0400 PM LOCAL TIME.

CLIMATE NORMAL PERIOD 1981 TO 2010
CLIMATE RECORD PERIOD 1949 TO 2017


WEATHER ITEM   OBSERVED TIME   RECORD YEAR NORMAL DEPARTURE LAST
                VALUE   (LST)  VALUE       VALUE  FROM      YEAR
                                                  NORMAL
..................................................................
TEMPERATURE (F)
 TODAY
  MAXIMUM         78    342 PM  85    2007  68     10       70
  MINIMUM         44    233 AM  29    1974  43      1       47
  AVERAGE         61                        56      5       59

PRECIPITATION (IN)
  TODAY            0.00          1.20 1987   0.14  -0.14     0.00
  MONTH TO DATE    0.00                      0.59  -0.59      T
  SINCE SEP 1      1.75                      4.87  -3.12     0.93
  SINCE JAN 1     30.85                     35.65  -4.80    23.25

DEGREE DAYS
 HEATING
  TODAY            4                        10     -6        6
  MONTH TO DATE   36                        38     -2       26
  SINCE SEP 1    129                       161    -32       97
  SINCE JUL 1    149                       178    -29       99

 COOLING
  TODAY            0                         0      0        0
  MONTH TO DATE    0                         0      0        0
  SINCE SEP 1    114                        64     50      107
  SINCE JAN 1    688                       668     20     1049
..................................................................


WIND (MPH)
  HIGHEST WIND SPEED    20   HIGHEST WIND DIRECTION    SW (220)
  HIGHEST GUST SPEED    14   HIGHEST GUST DIRECTION    SW (240)
  AVERAGE WIND SPEED     4.6


SKY COVER
  AVERAGE SKY COVER 0.1



RELATIVE HUMIDITY (PERCENT)
 HIGHEST    93          1200 AM
 LOWEST     43           300 PM
 AVERAGE    68

..........................................................


THE POUGHKEEPSIE NY CLIMATE NORMALS FOR TOMORROW
                         NORMAL    RECORD    YEAR
 MAXIMUM TEMPERATURE (F)   67        86      2007
 MINIMUM TEMPERATURE (F)   43        27      1965


SUNRISE AND SUNSET
OCTOBER  4 2017.......SUNRISE   656 AM EDT   SUNSET   632 PM EDT
OCTOBER  5 2017.......SUNRISE   657 AM EDT   SUNSET   630 PM EDT


-  INDICATES NEGATIVE NUMBERS.
R  INDICATES RECORD WAS SET OR TIED.
MM INDICATES DATA IS MISSING.
T  INDICATES TRACE AMOUNT.




RECORDS FOR KPOU DATE BACK TO 1949...
HOWEVER...DATA IS MISSING FROM JANUARY 1993 - JULY 2000.
$$
