000
CDUS41 KALY 270623
CLIPOU


CLIMATE REPORT
NATIONAL WEATHER SERVICE ALBANY NY
122 AM EST MON NOV 27 2017


...................................

...THE POUGHKEEPSIE NY CLIMATE SUMMARY FOR NOVEMBER 26 2017...

CLIMATE NORMAL PERIOD 1981 TO 2010
CLIMATE RECORD PERIOD 1949 TO 2017


WEATHER ITEM   OBSERVED TIME   RECORD YEAR NORMAL DEPARTURE LAST
                VALUE   (LST)  VALUE       VALUE  FROM      YEAR
                                                  NORMAL
..................................................................
TEMPERATURE (F)
 YESTERDAY
  MAXIMUM         47    137 PM  66    1979  48     -1       49
  MINIMUM         34   1050 PM  14    1949  28      6       28
  AVERAGE         41                        38      3       39

PRECIPITATION (IN)
  YESTERDAY        0.00          1.25 1977   0.12  -0.12     0.02
  MONTH TO DATE    0.73                      3.00  -2.27     2.83
  SINCE SEP 1      6.35                     11.75  -5.40     6.30
  SINCE JAN 1     35.45                     42.53  -7.08    28.62

DEGREE DAYS
 HEATING
  YESTERDAY       24                        27     -3       26
  MONTH TO DATE  636                       590     46      588
  SINCE SEP 1    953                      1149   -196     1048
  SINCE JUL 1    973                      1166   -193     1050

 COOLING
  YESTERDAY        0                         0      0        0
  MONTH TO DATE    0                         0      0        0
  SINCE SEP 1    144                        68     76      111
  SINCE JAN 1    718                       672     46     1053
..................................................................


WIND (MPH)
  HIGHEST WIND SPEED    21   HIGHEST WIND DIRECTION     W (270)
  HIGHEST GUST SPEED    26   HIGHEST GUST DIRECTION     W (260)
  AVERAGE WIND SPEED     9.2


SKY COVER
  AVERAGE SKY COVER 0.5



RELATIVE HUMIDITY (PERCENT)
 HIGHEST    82           400 AM
 LOWEST     41           200 PM
 AVERAGE    62

..........................................................


THE POUGHKEEPSIE NY CLIMATE NORMALS FOR TODAY
                         NORMAL    RECORD    YEAR
 MAXIMUM TEMPERATURE (F)   48        66      2015
 MINIMUM TEMPERATURE (F)   28        11      1949


SUNRISE AND SUNSET
NOVEMBER 27 2017......SUNRISE   659 AM EST   SUNSET   427 PM EST
NOVEMBER 28 2017......SUNRISE   700 AM EST   SUNSET   427 PM EST


-  INDICATES NEGATIVE NUMBERS.
R  INDICATES RECORD WAS SET OR TIED.
MM INDICATES DATA IS MISSING.
T  INDICATES TRACE AMOUNT.




RECORDS FOR KPOU DATE BACK TO 1949...
HOWEVER...DATA IS MISSING FROM JANUARY 1993 - JULY 2000.
$$
