000
CDUS41 KALY 220648
CLIPOU


CLIMATE REPORT
NATIONAL WEATHER SERVICE ALBANY NY
240 AM EDT SUN MAR 22 2015


...................................

...THE POUGHKEEPSIE NY CLIMATE SUMMARY FOR MARCH 21 2015...

CLIMATE NORMAL PERIOD 1981 TO 2010
CLIMATE RECORD PERIOD 1949 TO 2015


WEATHER ITEM   OBSERVED TIME   RECORD YEAR NORMAL DEPARTURE LAST
                VALUE   (LST)  VALUE       VALUE  FROM      YEAR
                                                  NORMAL
..................................................................
TEMPERATURE (F)
 YESTERDAY
  MAXIMUM         45    522 PM  72    2012  50     -5       48
  MINIMUM         28    425 AM  -2    1956  27      1       26
  AVERAGE         37                        38     -1       37

PRECIPITATION (IN)
  YESTERDAY        T             1.95 1980   0.13  -0.13     0.00
  MONTH TO DATE    1.52                      2.37  -0.85     0.86
  SINCE MAR 1      1.52                      2.37  -0.85     0.86
  SINCE JAN 1      5.82                      8.11  -2.29     5.14

DEGREE DAYS
 HEATING
  YESTERDAY       28                        27      1       28
  MONTH TO DATE  702                       630     72      734
  SINCE MAR 1    702                       630     72      734
  SINCE JUL 1   5387                      5201    186     5437

 COOLING
  YESTERDAY        0                         0      0        0
  MONTH TO DATE    0                         0      0        0
  SINCE MAR 1      0                         0      0        0
  SINCE JAN 1      0                         0      0        0
..................................................................


WIND (MPH)
  HIGHEST WIND SPEED    21   HIGHEST WIND DIRECTION     W (270)
  HIGHEST GUST SPEED    27   HIGHEST GUST DIRECTION     W (270)
  AVERAGE WIND SPEED     4.3


SKY COVER
  AVERAGE SKY COVER 0.9



RELATIVE HUMIDITY (PERCENT)
 HIGHEST    92           200 AM
 LOWEST     51          1100 PM
 AVERAGE    72

..........................................................


THE POUGHKEEPSIE NY CLIMATE NORMALS FOR TODAY
                         NORMAL    RECORD    YEAR
 MAXIMUM TEMPERATURE (F)   50        79      2012
 MINIMUM TEMPERATURE (F)   28         5      1956


SUNRISE AND SUNSET
MARCH 22 2015.........SUNRISE   656 AM EDT   SUNSET   710 PM EDT
MARCH 23 2015.........SUNRISE   654 AM EDT   SUNSET   711 PM EDT


-  INDICATES NEGATIVE NUMBERS.
R  INDICATES RECORD WAS SET OR TIED.
MM INDICATES DATA IS MISSING.
T  INDICATES TRACE AMOUNT.




RECORDS FOR KPOU DATE BACK TO 1949...
HOWEVER...DATA IS MISSING FROM JANUARY 1993 - JULY 2000.
$$
