000
CDUS41 KALY 190626
CLIPOU


CLIMATE REPORT
NATIONAL WEATHER SERVICE ALBANY NY
125 AM EST SAT NOV 19 2016


...................................

...THE POUGHKEEPSIE NY CLIMATE SUMMARY FOR NOVEMBER 18 2016...

CLIMATE NORMAL PERIOD 1981 TO 2010
CLIMATE RECORD PERIOD 1949 TO 2016


WEATHER ITEM   OBSERVED TIME   RECORD YEAR NORMAL DEPARTURE LAST
                VALUE   (LST)  VALUE       VALUE  FROM      YEAR
                                                  NORMAL
..................................................................
TEMPERATURE (F)
 YESTERDAY
  MAXIMUM         58    344 PM  69    1963  52      6       58
  MINIMUM         27    645 AM  17    1959  30     -3       25
  AVERAGE         43                        41      2       42

PRECIPITATION (IN)
  YESTERDAY        0.00          0.75 1980   0.11  -0.11     0.00
  MONTH TO DATE    1.83                      2.04  -0.21     1.27
  SINCE SEP 1      5.30                     10.79  -5.49     6.41
  SINCE JAN 1     27.62                     41.57 -13.95    25.37

DEGREE DAYS
 HEATING
  YESTERDAY       22                        24     -2       23
  MONTH TO DATE  369                       386    -17      271
  SINCE SEP 1    829                       945   -116      705
  SINCE JUL 1    831                       962   -131      705

 COOLING
  YESTERDAY        0                         0      0        0
  MONTH TO DATE    0                         0      0        2
  SINCE SEP 1    111                        68     43      159
  SINCE JAN 1   1053                       672    381      964
..................................................................


WIND (MPH)
  HIGHEST WIND SPEED     8   HIGHEST WIND DIRECTION    NW (320)
  HIGHEST GUST SPEED    13   HIGHEST GUST DIRECTION    NW (330)
  AVERAGE WIND SPEED     1.6


SKY COVER
  AVERAGE SKY COVER 0.0



RELATIVE HUMIDITY (PERCENT)
 HIGHEST   100           100 AM
 LOWEST     51           200 PM
 AVERAGE    76

..........................................................


THE POUGHKEEPSIE NY CLIMATE NORMALS FOR TODAY
                         NORMAL    RECORD    YEAR
 MAXIMUM TEMPERATURE (F)   51        67      1991
 MINIMUM TEMPERATURE (F)   30        16      1986


SUNRISE AND SUNSET
NOVEMBER 19 2016......SUNRISE   650 AM EST   SUNSET   432 PM EST
NOVEMBER 20 2016......SUNRISE   651 AM EST   SUNSET   431 PM EST


-  INDICATES NEGATIVE NUMBERS.
R  INDICATES RECORD WAS SET OR TIED.
MM INDICATES DATA IS MISSING.
T  INDICATES TRACE AMOUNT.




RECORDS FOR KPOU DATE BACK TO 1949...
HOWEVER...DATA IS MISSING FROM JANUARY 1993 - JULY 2000.
$$
