000
CDUS41 KALY 300622
CLIPOU


CLIMATE REPORT
NATIONAL WEATHER SERVICE ALBANY NY
222 AM EDT MON JUN 30 2014




THE POUGHKEEPSIE NY CLIMATE SUMMARY FOR JUNE 29 2014...

CLIMATE NORMAL PERIOD 1981 TO 2010
CLIMATE RECORD PERIOD 1949 TO 2014


WEATHER ITEM   OBSERVED TIME   RECORD YEAR NORMAL DEPARTURE LAST
                VALUE   (LST)  VALUE       VALUE  FROM      YEAR
                                                  NORMAL

TEMPERATURE (F)
 YESTERDAY
  MAXIMUM         87    241 PM  97    1959  83      4       85
  MINIMUM         60    500 AM  40    1981  59      1       65
  AVERAGE         74                        71      3       75

PRECIPITATION (IN)
  YESTERDAY        0.00          2.84 1973   0.13  -0.13     0.00
  MONTH TO DATE    2.29                      4.30  -2.01     8.67
  SINCE JUN 1      2.29                      4.30  -2.01     8.67
  SINCE JAN 1     16.32                     21.80  -5.48    19.32

DEGREE DAYS
 HEATING
  YESTERDAY        0                         0      0        0
  MONTH TO DATE    7                        48    -41       31
  SINCE JUN 1      7                        48    -41       31
  SINCE JUL 1   6351                      6210    141     5714

 COOLING
  YESTERDAY        9                         6      3       10
  MONTH TO DATE  129                       120      9      144
  SINCE JUN 1    129                       120      9      144
  SINCE JAN 1    162                       156      6      197



WIND (MPH)
  HIGHEST WIND SPEED    14   HIGHEST WIND DIRECTION     S (180)
  HIGHEST GUST SPEED    20   HIGHEST GUST DIRECTION     S (180)
  AVERAGE WIND SPEED     4.1


SKY COVER
  AVERAGE SKY COVER 0.0



RELATIVE HUMIDITY (PERCENT)
 HIGHEST    90           300 AM
 LOWEST     36           100 PM
 AVERAGE    63




THE POUGHKEEPSIE NY CLIMATE NORMALS FOR TODAY
                         NORMAL    RECORD    YEAR
 MAXIMUM TEMPERATURE (F)   83        99      1964
 MINIMUM TEMPERATURE (F)   59        42      1988


SUNRISE AND SUNSET
JUNE 30 2014..........SUNRISE   525 AM EDT   SUNSET   834 PM EDT
JULY  1 2014..........SUNRISE   525 AM EDT   SUNSET   834 PM EDT


-  INDICATES NEGATIVE NUMBERS.
R  INDICATES RECORD WAS SET OR TIED.
MM INDICATES DATA IS MISSING.
T  INDICATES TRACE AMOUNT.





RECORDS FOR KPOU DATE BACK TO 1949...
HOWEVER...DATA IS MISSING FROM JANUARY 1993 - JULY 2000.
$$
