000
CDUS41 KALY 132143
CLIPOU


CLIMATE REPORT
NATIONAL WEATHER SERVICE ALBANY NY
443 PM EST SUN NOV 13 2016


...................................

...THE POUGHKEEPSIE NY CLIMATE SUMMARY FOR NOVEMBER 13 2016...
VALID TODAY AS OF 0400 PM LOCAL TIME.

CLIMATE NORMAL PERIOD 1981 TO 2010
CLIMATE RECORD PERIOD 1949 TO 2016


WEATHER ITEM   OBSERVED TIME   RECORD YEAR NORMAL DEPARTURE LAST
                VALUE   (LST)  VALUE       VALUE  FROM      YEAR
                                                  NORMAL
..................................................................
TEMPERATURE (F)
 TODAY
  MAXIMUM         60    317 PM  73    1964  53      7       58
  MINIMUM         38    704 AM  16    2013  32      6       42
  AVERAGE         49                        42      7       50

PRECIPITATION (IN)
  TODAY            0.00          1.71 1982   0.11  -0.11      T
  MONTH TO DATE    0.03                      1.47  -1.44     1.27
  SINCE SEP 1      3.50                     10.22  -6.72     6.41
  SINCE JAN 1     25.82                     41.00 -15.18    25.37

DEGREE DAYS
 HEATING
  TODAY           16                        22     -6       15
  MONTH TO DATE  264                       269     -5      157
  SINCE SEP 1    724                       828   -104      591
  SINCE JUL 1    726                       845   -119      591

 COOLING
  TODAY            0                         0      0        0
  MONTH TO DATE    0                         0      0        2
  SINCE SEP 1    111                        68     43      159
  SINCE JAN 1   1053                       672    381      964
..................................................................


WIND (MPH)
  HIGHEST WIND SPEED    14   HIGHEST WIND DIRECTION    SW (240)
  HIGHEST GUST SPEED    18   HIGHEST GUST DIRECTION    SW (240)
  AVERAGE WIND SPEED     7.6


SKY COVER
  AVERAGE SKY COVER 0.0



RELATIVE HUMIDITY (PERCENT)
 HIGHEST    59           500 AM
 LOWEST     22           300 PM
 AVERAGE    41

..........................................................


THE POUGHKEEPSIE NY CLIMATE NORMALS FOR TOMORROW
                         NORMAL    RECORD    YEAR
 MAXIMUM TEMPERATURE (F)   53        72      1973
 MINIMUM TEMPERATURE (F)   31        13      1986


SUNRISE AND SUNSET
NOVEMBER 13 2016......SUNRISE   643 AM EST   SUNSET   437 PM EST
NOVEMBER 14 2016......SUNRISE   644 AM EST   SUNSET   436 PM EST


-  INDICATES NEGATIVE NUMBERS.
R  INDICATES RECORD WAS SET OR TIED.
MM INDICATES DATA IS MISSING.
T  INDICATES TRACE AMOUNT.




RECORDS FOR KPOU DATE BACK TO 1949...
HOWEVER...DATA IS MISSING FROM JANUARY 1993 - JULY 2000.
$$
