000
CDUS41 KALY 080649
CLIPOU


CLIMATE REPORT
NATIONAL WEATHER SERVICE ALBANY NY
247 AM EDT SAT APR 8 2017


...................................

...THE POUGHKEEPSIE NY CLIMATE SUMMARY FOR APRIL 7 2017...

CLIMATE NORMAL PERIOD 1981 TO 2010
CLIMATE RECORD PERIOD 1949 TO 2017


WEATHER ITEM   OBSERVED TIME   RECORD YEAR NORMAL DEPARTURE LAST
                VALUE   (LST)  VALUE       VALUE  FROM      YEAR
                                                  NORMAL
..................................................................
TEMPERATURE (F)
 YESTERDAY
  MAXIMUM         50    158 AM  90    2010  57     -7       63
  MINIMUM         39   1159 PM  17    1982  34      5       41
  AVERAGE         45                        45      0       52

PRECIPITATION (IN)
  YESTERDAY        T             1.61 1953   0.13  -0.13     0.29
  MONTH TO DATE    1.21                      0.89   0.32     0.98
  SINCE MAR 1      6.52                      4.46   2.06     2.02
  SINCE JAN 1     11.39                     10.20   1.19     7.70

DEGREE DAYS
 HEATING
  YESTERDAY       20                        20      0       13
  MONTH TO DATE  135                       146    -11      159
  SINCE MAR 1   1130                      1020    110      742
  SINCE JUL 1   5172                      5591   -419     4274

 COOLING
  YESTERDAY        0                         0      0        0
  MONTH TO DATE    0                         0      0        0
  SINCE MAR 1      0                         0      0        0
  SINCE JAN 1      0                         0      0        0
..................................................................


WIND (MPH)
  HIGHEST WIND SPEED    23   HIGHEST WIND DIRECTION     W (290)
  HIGHEST GUST SPEED    28   HIGHEST GUST DIRECTION     W (270)
  AVERAGE WIND SPEED    11.9


SKY COVER
  AVERAGE SKY COVER 1.0



RELATIVE HUMIDITY (PERCENT)
 HIGHEST    74          1200 AM
 LOWEST     49           400 PM
 AVERAGE    62

..........................................................


THE POUGHKEEPSIE NY CLIMATE NORMALS FOR TODAY
                         NORMAL    RECORD    YEAR
 MAXIMUM TEMPERATURE (F)   58        84      2010
 MINIMUM TEMPERATURE (F)   34        21      1982


SUNRISE AND SUNSET
APRIL  8 2017.........SUNRISE   627 AM EDT   SUNSET   729 PM EDT
APRIL  9 2017.........SUNRISE   625 AM EDT   SUNSET   730 PM EDT


-  INDICATES NEGATIVE NUMBERS.
R  INDICATES RECORD WAS SET OR TIED.
MM INDICATES DATA IS MISSING.
T  INDICATES TRACE AMOUNT.




RECORDS FOR KPOU DATE BACK TO 1949...
HOWEVER...DATA IS MISSING FROM JANUARY 1993 - JULY 2000.
$$
