000
CDUS41 KALY 302048
CLIPOU


CLIMATE REPORT
NATIONAL WEATHER SERVICE ALBANY NY
447 PM EDT MON JUN 30 2014




THE POUGHKEEPSIE NY CLIMATE SUMMARY FOR JUNE 30 2014...
VALID TODAY AS OF 0400 PM LOCAL TIME.

CLIMATE NORMAL PERIOD 1981 TO 2010
CLIMATE RECORD PERIOD 1949 TO 2014


WEATHER ITEM   OBSERVED TIME   RECORD YEAR NORMAL DEPARTURE LAST
                VALUE   (LST)  VALUE       VALUE  FROM      YEAR
                                                  NORMAL

TEMPERATURE (F)
 TODAY
  MAXIMUM         87    337 PM  99    1964  83      4       84
  MINIMUM         61    444 AM  42    1988  59      2       66
  AVERAGE         74                        71      3       75

PRECIPITATION (IN)
  TODAY            0.00          1.96 1980   0.13  -0.13     1.15
  MONTH TO DATE    2.29                      4.43  -2.14     9.82
  SINCE JUN 1      2.29                      4.43  -2.14     9.82
  SINCE JAN 1     16.32                     21.93  -5.61    20.47

DEGREE DAYS
 HEATING
  TODAY            0                         0      0        0
  MONTH TO DATE    7                        48    -41       31
  SINCE JUN 1      7                        49    -42       31
  SINCE JUL 1   6351                      6211    140     5714

 COOLING
  TODAY            9                         7      2       10
  MONTH TO DATE  138                       127     11      154
  SINCE JUN 1    138                       127     11      154
  SINCE JAN 1    171                       163      8      207



WIND (MPH)
  HIGHEST WIND SPEED    10   HIGHEST WIND DIRECTION     W (260)
  HIGHEST GUST SPEED    18   HIGHEST GUST DIRECTION    SW (240)
  AVERAGE WIND SPEED     4.2


SKY COVER
  AVERAGE SKY COVER 0.3



RELATIVE HUMIDITY (PERCENT)
 HIGHEST    84           200 AM
 LOWEST     44           200 PM
 AVERAGE    64




THE POUGHKEEPSIE NY CLIMATE NORMALS FOR TOMORROW
                         NORMAL    RECORD    YEAR
 MAXIMUM TEMPERATURE (F)   83        97      1968
 MINIMUM TEMPERATURE (F)   59        45      1986


SUNRISE AND SUNSET
JUNE 30 2014..........SUNRISE   525 AM EDT   SUNSET   834 PM EDT
JULY  1 2014..........SUNRISE   525 AM EDT   SUNSET   834 PM EDT


-  INDICATES NEGATIVE NUMBERS.
R  INDICATES RECORD WAS SET OR TIED.
MM INDICATES DATA IS MISSING.
T  INDICATES TRACE AMOUNT.






RECORDS FOR KPOU DATE BACK TO 1949...
HOWEVER...DATA IS MISSING FROM JANUARY 1993 - JULY 2000.
$$
