000
CDUS41 KALY 300625
CLIPOU


CLIMATE REPORT
NATIONAL WEATHER SERVICE ALBANY NY
124 AM EST FRI DEC 30 2016


...................................

...THE POUGHKEEPSIE NY CLIMATE SUMMARY FOR DECEMBER 29 2016...

CLIMATE NORMAL PERIOD 1981 TO 2010
CLIMATE RECORD PERIOD 1949 TO 2016


WEATHER ITEM   OBSERVED TIME   RECORD YEAR NORMAL DEPARTURE LAST
                VALUE   (LST)  VALUE       VALUE  FROM      YEAR
                                                  NORMAL
..................................................................
TEMPERATURE (F)
 YESTERDAY
  MAXIMUM         35   1252 PM  72    1984  36     -1       36
  MINIMUM         22    418 AM  -1    1970  18      4       28
  AVERAGE         29                        27      2       32

PRECIPITATION (IN)
  YESTERDAY        0.27          0.93 2005   0.11   0.16     0.66
  MONTH TO DATE    2.60                      3.34  -0.74     3.73
  SINCE DEC 1      2.60                      3.34  -0.74     3.73
  SINCE JAN 1     33.12                     46.34 -13.22    29.65

DEGREE DAYS
 HEATING
  YESTERDAY       36                        38     -2       33
  MONTH TO DATE  978                       973      5      584
  SINCE DEC 1    978                       973      5      584
  SINCE JUL 1   2124                      2251   -127     1572

 COOLING
  YESTERDAY        0                         0      0        0
  MONTH TO DATE    0                         0      0        0
  SINCE DEC 1      0                         0      0        0
  SINCE JAN 1   1053                       672    381      964
..................................................................


WIND (MPH)
  HIGHEST WIND SPEED    12   HIGHEST WIND DIRECTION    SW (230)
  HIGHEST GUST SPEED    14   HIGHEST GUST DIRECTION    SW (220)
  AVERAGE WIND SPEED     2.9


SKY COVER
  AVERAGE SKY COVER 0.6



RELATIVE HUMIDITY (PERCENT)
 HIGHEST   100           100 PM
 LOWEST     82          1100 PM
 AVERAGE    91

..........................................................


THE POUGHKEEPSIE NY CLIMATE NORMALS FOR TODAY
                         NORMAL    RECORD    YEAR
 MAXIMUM TEMPERATURE (F)   36        56      1984
 MINIMUM TEMPERATURE (F)   18        -7      1963


SUNRISE AND SUNSET
DECEMBER 30 2016......SUNRISE   722 AM EST   SUNSET   435 PM EST
DECEMBER 31 2016......SUNRISE   722 AM EST   SUNSET   435 PM EST


-  INDICATES NEGATIVE NUMBERS.
R  INDICATES RECORD WAS SET OR TIED.
MM INDICATES DATA IS MISSING.
T  INDICATES TRACE AMOUNT.




RECORDS FOR KPOU DATE BACK TO 1949...
HOWEVER...DATA IS MISSING FROM JANUARY 1993 - JULY 2000.
$$
