000
CDUS41 KALY 170622
CLIPOU


CLIMATE REPORT
NATIONAL WEATHER SERVICE ALBANY NY
122 AM EST SAT JAN 17 2015


...................................

...THE POUGHKEEPSIE NY CLIMATE SUMMARY FOR JANUARY 16 2015...

CLIMATE NORMAL PERIOD 1981 TO 2010
CLIMATE RECORD PERIOD 1949 TO 2015


WEATHER ITEM   OBSERVED TIME   RECORD YEAR NORMAL DEPARTURE LAST
                VALUE   (LST)  VALUE       VALUE  FROM      YEAR
                                                  NORMAL
..................................................................
TEMPERATURE (F)
 YESTERDAY
  MAXIMUM         40   1251 PM  51    1973  35      5       40
  MINIMUM         18   1159 PM  -9    1957  15      3       27
  AVERAGE         29                        25      4       34

PRECIPITATION (IN)
  YESTERDAY        0.00          0.61 1959   0.10  -0.10      T
  MONTH TO DATE    1.33                      1.63  -0.30     1.43
  SINCE DEC 1      4.33                      5.16  -0.83     4.76
  SINCE JAN 1      1.33                      1.63  -0.30     1.43

DEGREE DAYS
 HEATING
  YESTERDAY       36                        40     -4       31
  MONTH TO DATE  640                       632      8      608
  SINCE DEC 1   1540                      1683   -143     1643
  SINCE JUL 1   2691                      2961   -270     2886

 COOLING
  YESTERDAY        0                         0      0        0
  MONTH TO DATE    0                         0      0        0
  SINCE DEC 1      0                         0      0        0
  SINCE JAN 1      0                         0      0        0
..................................................................


WIND (MPH)
  HIGHEST WIND SPEED    28   HIGHEST WIND DIRECTION    NW (300)
  HIGHEST GUST SPEED    39   HIGHEST GUST DIRECTION     W (290)
  AVERAGE WIND SPEED    11.8


SKY COVER
  AVERAGE SKY COVER 0.3



RELATIVE HUMIDITY (PERCENT)
 HIGHEST    58           400 AM
 LOWEST     33           600 PM
 AVERAGE    46

..........................................................


THE POUGHKEEPSIE NY CLIMATE NORMALS FOR TODAY
                         NORMAL    RECORD    YEAR
 MAXIMUM TEMPERATURE (F)   35        61      1990
 MINIMUM TEMPERATURE (F)   15       -16      1954


SUNRISE AND SUNSET
JANUARY 17 2015.......SUNRISE   719 AM EST   SUNSET   452 PM EST
JANUARY 18 2015.......SUNRISE   719 AM EST   SUNSET   454 PM EST


-  INDICATES NEGATIVE NUMBERS.
R  INDICATES RECORD WAS SET OR TIED.
MM INDICATES DATA IS MISSING.
T  INDICATES TRACE AMOUNT.





RECORDS FOR KPOU DATE BACK TO 1949...
HOWEVER...DATA IS MISSING FROM JANUARY 1993 - JULY 2000.
$$
