000
CDUS41 KALY 062046
CLIPOU


CLIMATE REPORT
NATIONAL WEATHER SERVICE ALBANY NY
445 PM EDT WED JUL 6 2016


...................................

...THE POUGHKEEPSIE NY CLIMATE SUMMARY FOR JULY 6 2016...
VALID TODAY AS OF 0400 PM LOCAL TIME.

CLIMATE NORMAL PERIOD 1981 TO 2010
CLIMATE RECORD PERIOD 1949 TO 2016


WEATHER ITEM   OBSERVED TIME   RECORD YEAR NORMAL DEPARTURE LAST
                VALUE   (LST)  VALUE       VALUE  FROM      YEAR
                                                  NORMAL
..................................................................
TEMPERATURE (F)
 TODAY
  MAXIMUM         93    338 PM 102    2010  84      9       85
  MINIMUM         67    448 AM  44    1979  60      7       59
  AVERAGE         80                        72      8       72

PRECIPITATION (IN)
  TODAY            0.00          0.92 1984   0.13  -0.13     0.00
  MONTH TO DATE    1.86                      0.79   1.07     0.45
  SINCE JUN 1      3.89                      5.22  -1.33     4.58
  SINCE JAN 1     16.05                     22.72  -6.67    15.25

DEGREE DAYS
 HEATING
  TODAY            0                         0      0        0
  MONTH TO DATE    0                         0      0        0
  SINCE JUN 1      8                        49    -41       46
  SINCE JUL 1      0                         0      0        0

 COOLING
  TODAY           15                         7      8        7
  MONTH TO DATE   53                        42     11       27
  SINCE JUN 1    224                       169     55      160
  SINCE JAN 1    305                       205    100      273
..................................................................


WIND (MPH)
  HIGHEST WIND SPEED    14   HIGHEST WIND DIRECTION    SW (240)
  HIGHEST GUST SPEED    17   HIGHEST GUST DIRECTION     W (260)
  AVERAGE WIND SPEED     4.2


SKY COVER
  AVERAGE SKY COVER 0.1



RELATIVE HUMIDITY (PERCENT)
 HIGHEST    90           200 AM
 LOWEST     38           300 PM
 AVERAGE    64

..........................................................


THE POUGHKEEPSIE NY CLIMATE NORMALS FOR TOMORROW
                         NORMAL    RECORD    YEAR
 MAXIMUM TEMPERATURE (F)   84       101      2010
 MINIMUM TEMPERATURE (F)   60        44      1979


SUNRISE AND SUNSET
JULY  6 2016..........SUNRISE   528 AM EDT   SUNSET   832 PM EDT
JULY  7 2016..........SUNRISE   529 AM EDT   SUNSET   832 PM EDT


-  INDICATES NEGATIVE NUMBERS.
R  INDICATES RECORD WAS SET OR TIED.
MM INDICATES DATA IS MISSING.
T  INDICATES TRACE AMOUNT.




RECORDS FOR KPOU DATE BACK TO 1949...
HOWEVER...DATA IS MISSING FROM JANUARY 1993 - JULY 2000.
$$
