000
CDUS41 KALY 130622
CLIPOU


CLIMATE REPORT
NATIONAL WEATHER SERVICE ALBANY NY
221 AM EDT TUE JUN 13 2017


...................................

...THE POUGHKEEPSIE NY CLIMATE SUMMARY FOR JUNE 12 2017...

CLIMATE NORMAL PERIOD 1981 TO 2010
CLIMATE RECORD PERIOD 1949 TO 2017


WEATHER ITEM   OBSERVED TIME   RECORD YEAR NORMAL DEPARTURE LAST
                VALUE   (LST)  VALUE       VALUE  FROM      YEAR
                                                  NORMAL
..................................................................
TEMPERATURE (F)
 YESTERDAY
  MAXIMUM         92    446 PM  93    1949  79     13       80
  MINIMUM         62    431 AM  38    1951  55      7       60
  AVERAGE         77                        67     10       70

PRECIPITATION (IN)
  YESTERDAY        0.00          2.18 2007   0.16  -0.16     0.00
  MONTH TO DATE    0.97                      1.94  -0.97     1.23
  SINCE JUN 1      0.97                      1.94  -0.97     1.23
  SINCE JAN 1     17.53                     19.44  -1.91    13.39

DEGREE DAYS
 HEATING
  YESTERDAY        0                         2     -2        0
  MONTH TO DATE   49                        32     17        8
  SINCE JUN 1     49                        32     17        8
  SINCE JUL 1   5713                      6194   -481     4777

 COOLING
  YESTERDAY       12                         4      8        5
  MONTH TO DATE   25                        34     -9       49
  SINCE JUN 1     25                        34     -9       49
  SINCE JAN 1     73                        70      3      130
..................................................................


WIND (MPH)
  HIGHEST WIND SPEED    15   HIGHEST WIND DIRECTION     W (250)
  HIGHEST GUST SPEED    20   HIGHEST GUST DIRECTION    SW (210)
  AVERAGE WIND SPEED     4.6


SKY COVER
  AVERAGE SKY COVER 0.0



RELATIVE HUMIDITY (PERCENT)
 HIGHEST    93           100 AM
 LOWEST     36           300 PM
 AVERAGE    65

..........................................................


THE POUGHKEEPSIE NY CLIMATE NORMALS FOR TODAY
                         NORMAL    RECORD    YEAR
 MAXIMUM TEMPERATURE (F)   79        94      1984
 MINIMUM TEMPERATURE (F)   55        42      1980
                                             1979


SUNRISE AND SUNSET
JUNE 13 2017..........SUNRISE   521 AM EDT   SUNSET   831 PM EDT
JUNE 14 2017..........SUNRISE   521 AM EDT   SUNSET   831 PM EDT


-  INDICATES NEGATIVE NUMBERS.
R  INDICATES RECORD WAS SET OR TIED.
MM INDICATES DATA IS MISSING.
T  INDICATES TRACE AMOUNT.




RECORDS FOR KPOU DATE BACK TO 1949...
HOWEVER...DATA IS MISSING FROM JANUARY 1993 - JULY 2000.
$$
