000
CDUS41 KALY 080624
CLIPOU


CLIMATE REPORT
NATIONAL WEATHER SERVICE ALBANY NY
123 AM EST MON JAN 8 2018


...................................

...THE POUGHKEEPSIE NY CLIMATE SUMMARY FOR JANUARY 7 2018...

CLIMATE NORMAL PERIOD 1981 TO 2010
CLIMATE RECORD PERIOD 1949 TO 2018


WEATHER ITEM   OBSERVED TIME   RECORD YEAR NORMAL DEPARTURE LAST
                VALUE   (LST)  VALUE       VALUE  FROM      YEAR
                                                  NORMAL
..................................................................
TEMPERATURE (F)
 YESTERDAY
  MAXIMUM         17   1159 PM  61    2012  35    -18       20
  MINIMUM        -14R   734 AM   0    1970  16    -30        8
  AVERAGE          2                        26    -24       14

PRECIPITATION (IN)
  YESTERDAY        0.00          0.87 1979   0.11  -0.11     0.02
  MONTH TO DATE    0.54                      0.72  -0.18     0.50
  SINCE DEC 1      2.10                      4.25  -2.15     3.10
  SINCE JAN 1      0.54                      0.72  -0.18     0.50

DEGREE DAYS
 HEATING
  YESTERDAY       63                        39     24       51
  MONTH TO DATE  382                       273    109      254
  SINCE DEC 1   1528                      1324    204     1294
  SINCE JUL 1   2611                      2602      9     2440

 COOLING
  YESTERDAY        0                         0      0        0
  MONTH TO DATE    0                         0      0        0
  SINCE DEC 1      0                         0      0        0
  SINCE JAN 1      0                         0      0        0
..................................................................


WIND (MPH)
  HIGHEST WIND SPEED    10   HIGHEST WIND DIRECTION    SW (240)
  HIGHEST GUST SPEED    15   HIGHEST GUST DIRECTION    SW (220)
  AVERAGE WIND SPEED     2.5


SKY COVER
  AVERAGE SKY COVER 0.1



RELATIVE HUMIDITY (PERCENT)
 HIGHEST    77           700 AM
 LOWEST     36           300 PM
 AVERAGE    57

..........................................................


THE POUGHKEEPSIE NY CLIMATE NORMALS FOR TODAY
                         NORMAL    RECORD    YEAR
 MAXIMUM TEMPERATURE (F)   35        63      2008
 MINIMUM TEMPERATURE (F)   16        -7      1968


SUNRISE AND SUNSET
JANUARY  8 2018.......SUNRISE   722 AM EST   SUNSET   443 PM EST
JANUARY  9 2018.......SUNRISE   722 AM EST   SUNSET   444 PM EST


-  INDICATES NEGATIVE NUMBERS.
R  INDICATES RECORD WAS SET OR TIED.
MM INDICATES DATA IS MISSING.
T  INDICATES TRACE AMOUNT.




RECORDS FOR KPOU DATE BACK TO 1949...
HOWEVER...DATA IS MISSING FROM JANUARY 1993 - JULY 2000.
$$
