000
CDUS41 KALY 190637
CLIPOU


CLIMATE REPORT
NATIONAL WEATHER SERVICE ALBANY NY
135 AM EST FRI JAN 19 2018


...................................

...THE POUGHKEEPSIE NY CLIMATE SUMMARY FOR JANUARY 18 2018...

CLIMATE NORMAL PERIOD 1981 TO 2010
CLIMATE RECORD PERIOD 1949 TO 2018


WEATHER ITEM   OBSERVED TIME   RECORD YEAR NORMAL DEPARTURE LAST
                VALUE   (LST)  VALUE       VALUE  FROM      YEAR
                                                  NORMAL
..................................................................
TEMPERATURE (F)
 YESTERDAY
  MAXIMUM         26        MM  62    2006  35     -9       39
                                      1973
  MINIMUM         -2        MM -22    1954  15    -17       32
  AVERAGE         12                        25    -13       36

PRECIPITATION (IN)
  YESTERDAY        0.00          1.16 2006   0.09  -0.09     0.06
  MONTH TO DATE    2.12                      1.82   0.30     1.48
  SINCE DEC 1      3.68                      5.35  -1.67     4.08
  SINCE JAN 1      2.12                      1.82   0.30     1.48

DEGREE DAYS
 HEATING
  YESTERDAY       53                        40     13       29
  MONTH TO DATE  801                       712     89      641
  SINCE DEC 1   1947                      1763    184     1681
  SINCE JUL 1   3030                      3041    -11     2827

 COOLING
  YESTERDAY        0                         0      0        0
  MONTH TO DATE    0                         0      0        0
  SINCE DEC 1      0                         0      0        0
  SINCE JAN 1      0                         0      0        0
..................................................................


WIND (MPH)
  HIGHEST WIND SPEED     7   HIGHEST WIND DIRECTION     N (360)
  HIGHEST GUST SPEED    MM   HIGHEST GUST DIRECTION    MM
  AVERAGE WIND SPEED     1.5


SKY COVER
  AVERAGE SKY COVER 0.0



RELATIVE HUMIDITY (PERCENT)
 HIGHEST    92          1200 AM
 LOWEST     50           200 PM
 AVERAGE    71

..........................................................


THE POUGHKEEPSIE NY CLIMATE NORMALS FOR TODAY
                         NORMAL    RECORD    YEAR
 MAXIMUM TEMPERATURE (F)   35        61      1949
 MINIMUM TEMPERATURE (F)   15       -18      1971


SUNRISE AND SUNSET
JANUARY 19 2018.......SUNRISE   718 AM EST   SUNSET   455 PM EST
JANUARY 20 2018.......SUNRISE   717 AM EST   SUNSET   456 PM EST


-  INDICATES NEGATIVE NUMBERS.
R  INDICATES RECORD WAS SET OR TIED.
MM INDICATES DATA IS MISSING.
T  INDICATES TRACE AMOUNT.




RECORDS FOR KPOU DATE BACK TO 1949...
HOWEVER...DATA IS MISSING FROM JANUARY 1993 - JULY 2000.
$$
