000
CDUS41 KALY 270622
CLIPOU


CLIMATE REPORT
NATIONAL WEATHER SERVICE ALBANY NY
121 AM EST TUE JAN 27 2015


...................................

...THE POUGHKEEPSIE NY CLIMATE SUMMARY FOR JANUARY 26 2015...

CLIMATE NORMAL PERIOD 1981 TO 2010
CLIMATE RECORD PERIOD 1949 TO 2015


WEATHER ITEM   OBSERVED TIME   RECORD YEAR NORMAL DEPARTURE LAST
                VALUE   (LST)  VALUE       VALUE  FROM      YEAR
                                                  NORMAL
..................................................................
TEMPERATURE (F)
 YESTERDAY
  MAXIMUM         20   1137 PM  68    1950  36    -16       26
  MINIMUM         16    911 AM  -9    1961  15      1       11
  AVERAGE         18                        26     -8       19

PRECIPITATION (IN)
  YESTERDAY        T             1.66 1986   0.10  -0.10      T
  MONTH TO DATE    2.77                      2.60   0.17     1.50
  SINCE DEC 1      5.77                      6.13  -0.36     4.83
  SINCE JAN 1      2.77                      2.60   0.17     1.50

DEGREE DAYS
 HEATING
  YESTERDAY       47                        39      8       46
  MONTH TO DATE 1029                      1030     -1     1040
  SINCE DEC 1   1929                      2081   -152     2075
  SINCE JUL 1   3080                      3359   -279     3318

 COOLING
  YESTERDAY        0                         0      0        0
  MONTH TO DATE    0                         0      0        0
  SINCE DEC 1      0                         0      0        0
  SINCE JAN 1      0                         0      0        0
..................................................................


WIND (MPH)
  HIGHEST WIND SPEED    17   HIGHEST WIND DIRECTION     N (360)
  HIGHEST GUST SPEED    24   HIGHEST GUST DIRECTION     N (20)
  AVERAGE WIND SPEED    10.4


SKY COVER
  AVERAGE SKY COVER 1.0



RELATIVE HUMIDITY (PERCENT)
 HIGHEST    77           400 PM
 LOWEST     45           100 AM
 AVERAGE    61

..........................................................


THE POUGHKEEPSIE NY CLIMATE NORMALS FOR TODAY
                         NORMAL    RECORD    YEAR
 MAXIMUM TEMPERATURE (F)   36        63      1974
 MINIMUM TEMPERATURE (F)   16       -12      1987


SUNRISE AND SUNSET
JANUARY 27 2015.......SUNRISE   712 AM EST   SUNSET   505 PM EST
JANUARY 28 2015.......SUNRISE   711 AM EST   SUNSET   506 PM EST


-  INDICATES NEGATIVE NUMBERS.
R  INDICATES RECORD WAS SET OR TIED.
MM INDICATES DATA IS MISSING.
T  INDICATES TRACE AMOUNT.





RECORDS FOR KPOU DATE BACK TO 1949...
HOWEVER...DATA IS MISSING FROM JANUARY 1993 - JULY 2000.
$$
