878
CDUS41 KALY 270624
CLIPOU


CLIMATE REPORT
NATIONAL WEATHER SERVICE ALBANY NY
224 AM EDT TUE JUN 27 2017


...................................

...THE POUGHKEEPSIE NY CLIMATE SUMMARY FOR JUNE 26 2017...

CLIMATE NORMAL PERIOD 1981 TO 2010
CLIMATE RECORD PERIOD 1949 TO 2017


WEATHER ITEM   OBSERVED TIME   RECORD YEAR NORMAL DEPARTURE LAST
                VALUE   (LST)  VALUE       VALUE  FROM      YEAR
                                                  NORMAL
..................................................................
TEMPERATURE (F)
 YESTERDAY
  MAXIMUM         78    347 PM  97    1952  82     -4       92
                                      1943
  MINIMUM         53    458 AM  39    1979  58     -5       60
  AVERAGE         66                        70     -4       76

PRECIPITATION (IN)
  YESTERDAY        0.00          1.58 1968   0.14  -0.14     0.00
  MONTH TO DATE    2.81                      3.91  -1.10     1.23
  SINCE JUN 1      2.81                      3.91  -1.10     1.23
  SINCE JAN 1     19.37                     21.41  -2.04    13.39

DEGREE DAYS
 HEATING
  YESTERDAY        0                         1     -1        0
  MONTH TO DATE   50                        48      2        8
  SINCE JUN 1     50                        48      2        8
  SINCE JUL 1   5714                      6210   -496     4777

 COOLING
  YESTERDAY        1                         6     -5       11
  MONTH TO DATE  118                       102     16      136
  SINCE JUN 1    118                       102     16      136
  SINCE JAN 1    166                       138     28      217
..................................................................


WIND (MPH)
  HIGHEST WIND SPEED    15   HIGHEST WIND DIRECTION    SW (240)
  HIGHEST GUST SPEED    22   HIGHEST GUST DIRECTION    SW (230)
  AVERAGE WIND SPEED     5.8


SKY COVER
  AVERAGE SKY COVER 0.1



RELATIVE HUMIDITY (PERCENT)
 HIGHEST    93           200 AM
 LOWEST     33           200 PM
 AVERAGE    63

..........................................................


THE POUGHKEEPSIE NY CLIMATE NORMALS FOR TODAY
                         NORMAL    RECORD    YEAR
 MAXIMUM TEMPERATURE (F)   82        95      1983
 MINIMUM TEMPERATURE (F)   59        47      2004
                                             1981


SUNRISE AND SUNSET
JUNE 27 2017..........SUNRISE   523 AM EDT   SUNSET   834 PM EDT
JUNE 28 2017..........SUNRISE   524 AM EDT   SUNSET   834 PM EDT


-  INDICATES NEGATIVE NUMBERS.
R  INDICATES RECORD WAS SET OR TIED.
MM INDICATES DATA IS MISSING.
T  INDICATES TRACE AMOUNT.




RECORDS FOR KPOU DATE BACK TO 1949...
HOWEVER...DATA IS MISSING FROM JANUARY 1993 - JULY 2000.
$$
