000
CDUS41 KALY 120624
CLIPOU


CLIMATE REPORT
NATIONAL WEATHER SERVICE ALBANY NY
224 AM EDT TUE MAY 12 2015


...................................

...THE POUGHKEEPSIE NY CLIMATE SUMMARY FOR MAY 11 2015...

CLIMATE NORMAL PERIOD 1981 TO 2010
CLIMATE RECORD PERIOD 1949 TO 2015


WEATHER ITEM   OBSERVED TIME   RECORD YEAR NORMAL DEPARTURE LAST
                VALUE   (LST)  VALUE       VALUE  FROM      YEAR
                                                  NORMAL
..................................................................
TEMPERATURE (F)
 YESTERDAY
  MAXIMUM         89    234 PM  91    1953  70     19       79
  MINIMUM         61    503 AM  28    2010  45     16       52
  AVERAGE         75                        57     18       66

PRECIPITATION (IN)
  YESTERDAY        0.00          2.58 1981   0.13  -0.13     0.04
  MONTH TO DATE    0.02                      1.40  -1.38     0.77
  SINCE MAR 1      4.42                      8.75  -4.33     7.95
  SINCE JAN 1      8.72                     14.49  -5.77    12.23

DEGREE DAYS
 HEATING
  YESTERDAY        0                         8     -8        0
  MONTH TO DATE   25                       106    -81       77
  SINCE MAR 1   1491                      1474     17     1578
  SINCE JUL 1   6176                      6045    131     6281

 COOLING
  YESTERDAY       10                         1      9        1
  MONTH TO DATE   40                         5     35        9
  SINCE MAR 1     40                        10     30       15
  SINCE JAN 1     40                        10     30       15
..................................................................


WIND (MPH)
  HIGHEST WIND SPEED    17   HIGHEST WIND DIRECTION     S (180)
  HIGHEST GUST SPEED    25   HIGHEST GUST DIRECTION     S (160)
  AVERAGE WIND SPEED     6.1


SKY COVER
  AVERAGE SKY COVER 0.2



RELATIVE HUMIDITY (PERCENT)
 HIGHEST    93           100 AM
 LOWEST     43           200 PM
 AVERAGE    68

..........................................................


THE POUGHKEEPSIE NY CLIMATE NORMALS FOR TODAY
                         NORMAL    RECORD    YEAR
 MAXIMUM TEMPERATURE (F)   70        88      2004
 MINIMUM TEMPERATURE (F)   45        30      1983


SUNRISE AND SUNSET
MAY 12 2015...........SUNRISE   539 AM EDT   SUNSET   805 PM EDT
MAY 13 2015...........SUNRISE   538 AM EDT   SUNSET   806 PM EDT


-  INDICATES NEGATIVE NUMBERS.
R  INDICATES RECORD WAS SET OR TIED.
MM INDICATES DATA IS MISSING.
T  INDICATES TRACE AMOUNT.




RECORDS FOR KPOU DATE BACK TO 1949...
HOWEVER...DATA IS MISSING FROM JANUARY 1993 - JULY 2000.
$$
