000
CDUS41 KALY 110622
CLIPOU


CLIMATE REPORT
NATIONAL WEATHER SERVICE ALBANY NY
221 AM EDT MON AUG 11 2014




THE POUGHKEEPSIE NY CLIMATE SUMMARY FOR AUGUST 10 2014...

CLIMATE NORMAL PERIOD 1981 TO 2010
CLIMATE RECORD PERIOD 1949 TO 2014


WEATHER ITEM   OBSERVED TIME   RECORD YEAR NORMAL DEPARTURE LAST
                VALUE   (LST)  VALUE       VALUE  FROM      YEAR
                                                  NORMAL

TEMPERATURE (F)
 YESTERDAY
  MAXIMUM         86    429 PM 100    1949  84      2       84
  MINIMUM         56    536 AM  42    1964  61     -5       59
  AVERAGE         71                        72     -1       72

PRECIPITATION (IN)
  YESTERDAY        0.00          2.08 1976   0.13  -0.13     0.00
  MONTH TO DATE    1.37                      1.52  -0.15     5.60
  SINCE JUN 1      8.63                     10.60  -1.97    18.56
  SINCE JAN 1     22.66                     28.10  -5.44    29.21

DEGREE DAYS
 HEATING
  YESTERDAY        0                         0      0        0
  MONTH TO DATE    0                         0      0        1
  SINCE JUN 1      7                        54    -47       32
  SINCE JUL 1      0                         5     -5        1

 COOLING
  YESTERDAY        6                         7     -1        7
  MONTH TO DATE   61                        77    -16       57
  SINCE JUN 1    464                       444     20      594
  SINCE JAN 1    497                       480     17      647



WIND (MPH)
  HIGHEST WIND SPEED     8   HIGHEST WIND DIRECTION     N (10)
  HIGHEST GUST SPEED    11   HIGHEST GUST DIRECTION    NE (30)
  AVERAGE WIND SPEED     1.4


SKY COVER
  AVERAGE SKY COVER 0.1



RELATIVE HUMIDITY (PERCENT)
 HIGHEST    93           400 AM
 LOWEST     35           300 PM
 AVERAGE    64




THE POUGHKEEPSIE NY CLIMATE NORMALS FOR TODAY
                         NORMAL    RECORD    YEAR
 MAXIMUM TEMPERATURE (F)   83        98      1949
 MINIMUM TEMPERATURE (F)   61        47      1972


SUNRISE AND SUNSET
AUGUST 11 2014........SUNRISE   600 AM EDT   SUNSET   801 PM EDT
AUGUST 12 2014........SUNRISE   601 AM EDT   SUNSET   759 PM EDT


-  INDICATES NEGATIVE NUMBERS.
R  INDICATES RECORD WAS SET OR TIED.
MM INDICATES DATA IS MISSING.
T  INDICATES TRACE AMOUNT.





RECORDS FOR KPOU DATE BACK TO 1949...
HOWEVER...DATA IS MISSING FROM JANUARY 1993 - JULY 2000.
$$
