000
CDUS41 KALY 020632
CLIPOU


CLIMATE REPORT
NATIONAL WEATHER SERVICE ALBANY NY
231 AM EDT SAT SEP 2 2017


...................................

...THE POUGHKEEPSIE NY CLIMATE SUMMARY FOR SEPTEMBER 1 2017...

CLIMATE NORMAL PERIOD 1981 TO 2010
CLIMATE RECORD PERIOD 1949 TO 2017


WEATHER ITEM   OBSERVED TIME   RECORD YEAR NORMAL DEPARTURE LAST
                VALUE   (LST)  VALUE       VALUE  FROM      YEAR
                                                  NORMAL
..................................................................
TEMPERATURE (F)
 YESTERDAY
  MAXIMUM         69    420 PM  98    1953  80    -11       82
  MINIMUM         43R   602 AM  44    2009  56    -13       59
                                      1970
                                      1963
  AVERAGE         56                        68    -12       71

PRECIPITATION (IN)
  YESTERDAY        0.00          2.50 1952   0.13  -0.13     0.09
  MONTH TO DATE    0.00                      0.13  -0.13     0.09
  SINCE SEP 1      0.00                      0.13  -0.13     0.09
  SINCE JAN 1     28.60                     30.91  -2.31    22.41

DEGREE DAYS
 HEATING
  YESTERDAY        9                         1      8        0
  MONTH TO DATE    9                         1      8        0
  SINCE SEP 1      9                         1      8        0
  SINCE JUL 1     29                        18     11        2

 COOLING
  YESTERDAY        0                         4     -4        6
  MONTH TO DATE    0                         4     -4        6
  SINCE SEP 1      0                         4     -4        6
  SINCE JAN 1    574                       608    -34      948
..................................................................


WIND (MPH)
  HIGHEST WIND SPEED    17   HIGHEST WIND DIRECTION    NW (330)
  HIGHEST GUST SPEED    21   HIGHEST GUST DIRECTION    NW (320)
  AVERAGE WIND SPEED     5.1


SKY COVER
  AVERAGE SKY COVER 0.0



RELATIVE HUMIDITY (PERCENT)
 HIGHEST    96           600 AM
 LOWEST     28           400 PM
 AVERAGE    62

..........................................................


THE POUGHKEEPSIE NY CLIMATE NORMALS FOR TODAY
                         NORMAL    RECORD    YEAR
 MAXIMUM TEMPERATURE (F)   80       101      1953
 MINIMUM TEMPERATURE (F)   56        41      1991
                                             1963
                                             1949


SUNRISE AND SUNSET
SEPTEMBER  2 2017.....SUNRISE   623 AM EDT   SUNSET   727 PM EDT
SEPTEMBER  3 2017.....SUNRISE   624 AM EDT   SUNSET   725 PM EDT


-  INDICATES NEGATIVE NUMBERS.
R  INDICATES RECORD WAS SET OR TIED.
MM INDICATES DATA IS MISSING.
T  INDICATES TRACE AMOUNT.




RECORDS FOR KPOU DATE BACK TO 1949...
HOWEVER...DATA IS MISSING FROM JANUARY 1993 - JULY 2000.
$$
