000
CDUS41 KALY 080624
CLIPOU


CLIMATE REPORT
NATIONAL WEATHER SERVICE ALBANY NY
223 AM EDT MON MAY 8 2017


...................................

...THE POUGHKEEPSIE NY CLIMATE SUMMARY FOR MAY 7 2017...

CLIMATE NORMAL PERIOD 1981 TO 2010
CLIMATE RECORD PERIOD 1949 TO 2017


WEATHER ITEM   OBSERVED TIME   RECORD YEAR NORMAL DEPARTURE LAST
                VALUE   (LST)  VALUE       VALUE  FROM      YEAR
                                                  NORMAL
..................................................................
TEMPERATURE (F)
 YESTERDAY
  MAXIMUM         55    138 PM  87    1959  69    -14       60
  MINIMUM         43   1159 PM  30    1968  44     -1       51
  AVERAGE         49                        56     -7       56

PRECIPITATION (IN)
  YESTERDAY        T             0.85 1967   0.13  -0.13     0.07
  MONTH TO DATE    0.33                      0.88  -0.55     1.94
  SINCE MAR 1      8.02                      8.23  -0.21     5.21
  SINCE JAN 1     12.89                     13.97  -1.08    10.89

DEGREE DAYS
 HEATING
  YESTERDAY       16                         9      7        9
  MONTH TO DATE   72                        71      1       84
  SINCE MAR 1   1434                      1439     -5     1137
  SINCE JUL 1   5476                      6010   -534     4669

 COOLING
  YESTERDAY        0                         1     -1        0
  MONTH TO DATE    0                         1     -1        0
  SINCE MAR 1     17                         6     11        4
  SINCE JAN 1     17                         6     11        4
..................................................................


WIND (MPH)
  HIGHEST WIND SPEED    18   HIGHEST WIND DIRECTION     W (250)
  HIGHEST GUST SPEED    24   HIGHEST GUST DIRECTION     W (250)
  AVERAGE WIND SPEED     6.9


SKY COVER
  AVERAGE SKY COVER 1.0



RELATIVE HUMIDITY (PERCENT)
 HIGHEST    86           400 AM
 LOWEST     59          1000 AM
 AVERAGE    73

..........................................................


THE POUGHKEEPSIE NY CLIMATE NORMALS FOR TODAY
                         NORMAL    RECORD    YEAR
 MAXIMUM TEMPERATURE (F)   69        89      2015
 MINIMUM TEMPERATURE (F)   44        30      1981


SUNRISE AND SUNSET
MAY  8 2017...........SUNRISE   543 AM EDT   SUNSET   801 PM EDT
MAY  9 2017...........SUNRISE   542 AM EDT   SUNSET   802 PM EDT


-  INDICATES NEGATIVE NUMBERS.
R  INDICATES RECORD WAS SET OR TIED.
MM INDICATES DATA IS MISSING.
T  INDICATES TRACE AMOUNT.




RECORDS FOR KPOU DATE BACK TO 1949...
HOWEVER...DATA IS MISSING FROM JANUARY 1993 - JULY 2000.
$$
