000
CDUS41 KALY 090625
CLIPOU


CLIMATE REPORT
NATIONAL WEATHER SERVICE ALBANY NY
225 AM EDT FRI SEP 9 2016


...................................

...THE POUGHKEEPSIE NY CLIMATE SUMMARY FOR SEPTEMBER 8 2016...

CLIMATE NORMAL PERIOD 1981 TO 2010
CLIMATE RECORD PERIOD 1949 TO 2016


WEATHER ITEM   OBSERVED TIME   RECORD YEAR NORMAL DEPARTURE LAST
                VALUE   (LST)  VALUE       VALUE  FROM      YEAR
                                                  NORMAL
..................................................................
TEMPERATURE (F)
 YESTERDAY
  MAXIMUM         90    357 PM  97    2015  78     12       97
  MINIMUM         60    512 AM  38    1962  54      6       69
  AVERAGE         75                        66      9       83

PRECIPITATION (IN)
  YESTERDAY        T             2.01 2004   0.14  -0.14     0.00
  MONTH TO DATE    0.09                      1.08  -0.99     0.00
  SINCE SEP 1      0.09                      1.08  -0.99     0.00
  SINCE JAN 1     22.41                     31.86  -9.45    18.96

DEGREE DAYS
 HEATING
  YESTERDAY        0                         2     -2        0
  MONTH TO DATE    0                        13    -13        0
  SINCE SEP 1      0                        13    -13        0
  SINCE JUL 1      2                        30    -28        0

 COOLING
  YESTERDAY       10                         3      7       18
  MONTH TO DATE   39                        29     10       89
  SINCE SEP 1     39                        29     10       89
  SINCE JAN 1    981                       633    348      894
..................................................................


WIND (MPH)
  HIGHEST WIND SPEED    16   HIGHEST WIND DIRECTION    NW (300)
  HIGHEST GUST SPEED    23   HIGHEST GUST DIRECTION    NW (310)
  AVERAGE WIND SPEED     3.4


SKY COVER
  AVERAGE SKY COVER 0.2



RELATIVE HUMIDITY (PERCENT)
 HIGHEST   100           100 AM
 LOWEST     55           200 PM
 AVERAGE    78

..........................................................


THE POUGHKEEPSIE NY CLIMATE NORMALS FOR TODAY
                         NORMAL    RECORD    YEAR
 MAXIMUM TEMPERATURE (F)   78        95      2015
 MINIMUM TEMPERATURE (F)   54        39      1986


SUNRISE AND SUNSET
SEPTEMBER  9 2016.....SUNRISE   630 AM EDT   SUNSET   714 PM EDT
SEPTEMBER 10 2016.....SUNRISE   631 AM EDT   SUNSET   713 PM EDT


-  INDICATES NEGATIVE NUMBERS.
R  INDICATES RECORD WAS SET OR TIED.
MM INDICATES DATA IS MISSING.
T  INDICATES TRACE AMOUNT.




RECORDS FOR KPOU DATE BACK TO 1949...
HOWEVER...DATA IS MISSING FROM JANUARY 1993 - JULY 2000.
$$
