000
CDUS41 KALY 160623
CLIPOU


CLIMATE REPORT
NATIONAL WEATHER SERVICE ALBANY NY
122 AM EST FRI JAN 16 2015


...................................

...THE POUGHKEEPSIE NY CLIMATE SUMMARY FOR JANUARY 15 2015...

CLIMATE NORMAL PERIOD 1981 TO 2010
CLIMATE RECORD PERIOD 1949 TO 2015


WEATHER ITEM   OBSERVED TIME   RECORD YEAR NORMAL DEPARTURE LAST
                VALUE   (LST)  VALUE       VALUE  FROM      YEAR
                                                  NORMAL
..................................................................
TEMPERATURE (F)
 YESTERDAY
  MAXIMUM         33    410 PM  56    1962  35     -2       49
  MINIMUM         20    837 AM -18    1964  15      5       25
  AVERAGE         27                        25      2       37

PRECIPITATION (IN)
  YESTERDAY        0.00          0.56 1958   0.10  -0.10     0.00
  MONTH TO DATE    1.33                      1.53  -0.20     1.43
  SINCE DEC 1      4.33                      5.06  -0.73     4.76
  SINCE JAN 1      1.33                      1.53  -0.20     1.43

DEGREE DAYS
 HEATING
  YESTERDAY       38                        40     -2       28
  MONTH TO DATE  604                       592     12      577
  SINCE DEC 1   1504                      1643   -139     1612
  SINCE JUL 1   2655                      2921   -266     2855

 COOLING
  YESTERDAY        0                         0      0        0
  MONTH TO DATE    0                         0      0        0
  SINCE DEC 1      0                         0      0        0
  SINCE JAN 1      0                         0      0        0
..................................................................


WIND (MPH)
  HIGHEST WIND SPEED     8   HIGHEST WIND DIRECTION    NW (330)
  HIGHEST GUST SPEED    11   HIGHEST GUST DIRECTION    NW (330)
  AVERAGE WIND SPEED     1.5


SKY COVER
  AVERAGE SKY COVER 0.5



RELATIVE HUMIDITY (PERCENT)
 HIGHEST    77          1000 PM
 LOWEST     43           400 PM
 AVERAGE    60

..........................................................


THE POUGHKEEPSIE NY CLIMATE NORMALS FOR TODAY
                         NORMAL    RECORD    YEAR
 MAXIMUM TEMPERATURE (F)   35        51      1973
 MINIMUM TEMPERATURE (F)   15        -9      1957


SUNRISE AND SUNSET
JANUARY 16 2015.......SUNRISE   720 AM EST   SUNSET   451 PM EST
JANUARY 17 2015.......SUNRISE   719 AM EST   SUNSET   452 PM EST


-  INDICATES NEGATIVE NUMBERS.
R  INDICATES RECORD WAS SET OR TIED.
MM INDICATES DATA IS MISSING.
T  INDICATES TRACE AMOUNT.





RECORDS FOR KPOU DATE BACK TO 1949...
HOWEVER...DATA IS MISSING FROM JANUARY 1993 - JULY 2000.
$$
