000
CDUS41 KALY 120627
CLIPOU


CLIMATE REPORT
NATIONAL WEATHER SERVICE ALBANY NY
226 AM EDT MON SEP 12 2016


...................................

...THE POUGHKEEPSIE NY CLIMATE SUMMARY FOR SEPTEMBER 11 2016...

CLIMATE NORMAL PERIOD 1981 TO 2010
CLIMATE RECORD PERIOD 1949 TO 2016


WEATHER ITEM   OBSERVED TIME   RECORD YEAR NORMAL DEPARTURE LAST
                VALUE   (LST)  VALUE       VALUE  FROM      YEAR
                                                  NORMAL
..................................................................
TEMPERATURE (F)
 YESTERDAY
  MAXIMUM         82    258 PM  97    1983  77      5       82
  MINIMUM         51   1159 PM  37    1949  53     -2       60
  AVERAGE         67                        65      2       71

PRECIPITATION (IN)
  YESTERDAY        0.01          3.19 1954   0.14  -0.13     0.05
  MONTH TO DATE    0.24                      1.50  -1.26     0.87
  SINCE SEP 1      0.24                      1.50  -1.26     0.87
  SINCE JAN 1     22.56                     32.28  -9.72    19.83

DEGREE DAYS
 HEATING
  YESTERDAY        0                         3     -3        0
  MONTH TO DATE    0                        21    -21        0
  SINCE SEP 1      0                        21    -21        0
  SINCE JUL 1      2                        38    -36        0

 COOLING
  YESTERDAY        2                         3     -1        6
  MONTH TO DATE   71                        38     33      119
  SINCE SEP 1     71                        38     33      119
  SINCE JAN 1   1013                       642    371      924
..................................................................


WIND (MPH)
  HIGHEST WIND SPEED    26   HIGHEST WIND DIRECTION     W (280)
  HIGHEST GUST SPEED    36   HIGHEST GUST DIRECTION     W (280)
  AVERAGE WIND SPEED     7.4


SKY COVER
  AVERAGE SKY COVER 0.3



RELATIVE HUMIDITY (PERCENT)
 HIGHEST    83          1000 PM
 LOWEST     31           500 PM
 AVERAGE    57

..........................................................


THE POUGHKEEPSIE NY CLIMATE NORMALS FOR TODAY
                         NORMAL    RECORD    YEAR
 MAXIMUM TEMPERATURE (F)   77        94      2005
 MINIMUM TEMPERATURE (F)   53        36      1985


SUNRISE AND SUNSET
SEPTEMBER 12 2016.....SUNRISE   633 AM EDT   SUNSET   709 PM EDT
SEPTEMBER 13 2016.....SUNRISE   634 AM EDT   SUNSET   708 PM EDT


-  INDICATES NEGATIVE NUMBERS.
R  INDICATES RECORD WAS SET OR TIED.
MM INDICATES DATA IS MISSING.
T  INDICATES TRACE AMOUNT.




RECORDS FOR KPOU DATE BACK TO 1949...
HOWEVER...DATA IS MISSING FROM JANUARY 1993 - JULY 2000.
$$
