000
CDUS41 KALY 040701
CLIPOU


CLIMATE REPORT
NATIONAL WEATHER SERVICE ALBANY NY
300 AM EDT FRI APR 4 2014




THE POUGHKEEPSIE NY CLIMATE SUMMARY FOR APRIL 3 2014...

CLIMATE NORMAL PERIOD 1981 TO 2010
CLIMATE RECORD PERIOD 1949 TO 2014


WEATHER ITEM   OBSERVED TIME   RECORD YEAR NORMAL DEPARTURE LAST
                VALUE   (LST)  VALUE       VALUE  FROM      YEAR
                                                  NORMAL

TEMPERATURE (F)
 YESTERDAY
  MAXIMUM         62    348 PM  78    1981  55      7       46
  MINIMUM         29    559 AM  13    1954  32     -3       30
  AVERAGE         46                        44      2       38

PRECIPITATION (IN)
  YESTERDAY        T             1.05 1951   0.13  -0.13     0.00
  MONTH TO DATE    T                         0.39  -0.39      T
  SINCE MAR 1      2.75                      3.96  -1.21     1.48
  SINCE JAN 1      7.03                      9.70  -2.67     5.14

DEGREE DAYS
 HEATING
  YESTERDAY       19                        21     -2       27
  MONTH TO DATE   54                        65    -11       74
  SINCE MAR 1   1081                       939    142      942
  SINCE JUL 1   5784                      5510    274     5063

 COOLING
  YESTERDAY        0                         0      0        0
  MONTH TO DATE    0                         0      0        0
  SINCE MAR 1      0                         0      0        0
  SINCE JAN 1      0                         0      0        0



WIND (MPH)
  HIGHEST WIND SPEED    13   HIGHEST WIND DIRECTION    NE (30)
  HIGHEST GUST SPEED    19   HIGHEST GUST DIRECTION     N (360)
  AVERAGE WIND SPEED     3.8


SKY COVER
  AVERAGE SKY COVER 0.1



RELATIVE HUMIDITY (PERCENT)
 HIGHEST    92           100 AM
 LOWEST     19           100 PM
 AVERAGE    56




THE POUGHKEEPSIE NY CLIMATE NORMALS FOR TODAY
                         NORMAL    RECORD    YEAR
 MAXIMUM TEMPERATURE (F)   56        81      1950
 MINIMUM TEMPERATURE (F)   33        18      1965


SUNRISE AND SUNSET
APRIL  4 2014.........SUNRISE   634 AM EDT   SUNSET   724 PM EDT
APRIL  5 2014.........SUNRISE   632 AM EDT   SUNSET   725 PM EDT


-  INDICATES NEGATIVE NUMBERS.
R  INDICATES RECORD WAS SET OR TIED.
MM INDICATES DATA IS MISSING.
T  INDICATES TRACE AMOUNT.





RECORDS FOR KPOU DATE BACK TO 1949...
HOWEVER...DATA IS MISSING FROM JANUARY 1993 - JULY 2000.
$$
