000
CDUS41 KALY 130623
CLIPOU


CLIMATE REPORT
NATIONAL WEATHER SERVICE ALBANY NY
222 AM EDT WED AUG 13 2014




THE POUGHKEEPSIE NY CLIMATE SUMMARY FOR AUGUST 12 2014...

CLIMATE NORMAL PERIOD 1981 TO 2010
CLIMATE RECORD PERIOD 1949 TO 2014


WEATHER ITEM   OBSERVED TIME   RECORD YEAR NORMAL DEPARTURE LAST
                VALUE   (LST)  VALUE       VALUE  FROM      YEAR
                                                  NORMAL

TEMPERATURE (F)
 YESTERDAY
  MAXIMUM         79   1118 AM  96    2005  83     -4       82
  MINIMUM         62    220 AM  47    2006  61      1       59
  AVERAGE         71                        72     -1       71

PRECIPITATION (IN)
  YESTERDAY        0.01          2.03 2009   0.13  -0.12     0.00
  MONTH TO DATE    1.38                      1.79  -0.41     5.60
  SINCE JUN 1      8.64                     10.87  -2.23    18.56
  SINCE JAN 1     22.67                     28.37  -5.70    29.21

DEGREE DAYS
 HEATING
  YESTERDAY        0                         0      0        0
  MONTH TO DATE    0                         0      0        1
  SINCE JUN 1      7                        54    -47       32
  SINCE JUL 1      0                         5     -5        1

 COOLING
  YESTERDAY        6                         7     -1        6
  MONTH TO DATE   75                        91    -16       64
  SINCE JUN 1    478                       458     20      601
  SINCE JAN 1    511                       494     17      654



WIND (MPH)
  HIGHEST WIND SPEED    18   HIGHEST WIND DIRECTION    SE (130)
  HIGHEST GUST SPEED    25   HIGHEST GUST DIRECTION    SE (130)
  AVERAGE WIND SPEED     6.8


SKY COVER
  AVERAGE SKY COVER 0.5



RELATIVE HUMIDITY (PERCENT)
 HIGHEST    93           300 AM
 LOWEST     58          1100 AM
 AVERAGE    76




THE POUGHKEEPSIE NY CLIMATE NORMALS FOR TODAY
                         NORMAL    RECORD    YEAR
 MAXIMUM TEMPERATURE (F)   83        98      2005
 MINIMUM TEMPERATURE (F)   60        44      1950


SUNRISE AND SUNSET
AUGUST 13 2014........SUNRISE   602 AM EDT   SUNSET   758 PM EDT
AUGUST 14 2014........SUNRISE   603 AM EDT   SUNSET   757 PM EDT


-  INDICATES NEGATIVE NUMBERS.
R  INDICATES RECORD WAS SET OR TIED.
MM INDICATES DATA IS MISSING.
T  INDICATES TRACE AMOUNT.





RECORDS FOR KPOU DATE BACK TO 1949...
HOWEVER...DATA IS MISSING FROM JANUARY 1993 - JULY 2000.
$$
