000
CDUS41 KALY 212055
CLIPOU


CLIMATE REPORT
NATIONAL WEATHER SERVICE ALBANY NY
455 PM EDT MON JUL 21 2014




THE POUGHKEEPSIE NY CLIMATE SUMMARY FOR JULY 21 2014...
VALID TODAY AS OF 0400 PM LOCAL TIME.

CLIMATE NORMAL PERIOD 1981 TO 2010
CLIMATE RECORD PERIOD 1949 TO 2014


WEATHER ITEM   OBSERVED TIME   RECORD YEAR NORMAL DEPARTURE LAST
                VALUE   (LST)  VALUE       VALUE  FROM      YEAR
                                                  NORMAL

TEMPERATURE (F)
 TODAY
  MAXIMUM         84        MM 100    1977  85     -1       88
  MINIMUM         58        MM  45    1965  61     -3       68
  AVERAGE         71                        73     -2       78

PRECIPITATION (IN)
  TODAY            0.00          0.95 2009   0.15  -0.15     0.02
  MONTH TO DATE    4.15                      3.02   1.13     1.37
  SINCE JUN 1      6.44                      7.45  -1.01    11.19
  SINCE JAN 1     20.47                     24.95  -4.48    21.84

DEGREE DAYS
 HEATING
  TODAY            0                         0      0        0
  MONTH TO DATE    0                         0      0        0
  SINCE JUN 1      7                        49    -42       31
  SINCE JUL 1      0                         0      0        0

 COOLING
  TODAY            6                         8     -2       13
  MONTH TO DATE  193                       160     33      317
  SINCE JUN 1    331                       287     44      471
  SINCE JAN 1    364                       323     41      524



WIND (MPH)
  HIGHEST WIND SPEED     5   HIGHEST WIND DIRECTION     E (99)
  HIGHEST GUST SPEED    MM   HIGHEST GUST DIRECTION    MM
  AVERAGE WIND SPEED     1.7


SKY COVER
  AVERAGE SKY COVER 0.1



RELATIVE HUMIDITY (PERCENT)
 HIGHEST    93          1200 AM
 LOWEST     44           100 PM
 AVERAGE    69




THE POUGHKEEPSIE NY CLIMATE NORMALS FOR TOMORROW
                         NORMAL    RECORD    YEAR
 MAXIMUM TEMPERATURE (F)   85       102      2011
 MINIMUM TEMPERATURE (F)   61        48      1950


SUNRISE AND SUNSET
JULY 21 2014..........SUNRISE   539 AM EDT   SUNSET   824 PM EDT
JULY 22 2014..........SUNRISE   540 AM EDT   SUNSET   823 PM EDT


-  INDICATES NEGATIVE NUMBERS.
R  INDICATES RECORD WAS SET OR TIED.
MM INDICATES DATA IS MISSING.
T  INDICATES TRACE AMOUNT.





RECORDS FOR KPOU DATE BACK TO 1949...
HOWEVER...DATA IS MISSING FROM JANUARY 1993 - JULY 2000.
$$
