000
CDUS41 KALY 080627
CLIPOU


CLIMATE REPORT
NATIONAL WEATHER SERVICE ALBANY NY
125 AM EST THU FEB 8 2018


...................................

...THE POUGHKEEPSIE NY CLIMATE SUMMARY FOR FEBRUARY 7 2018...

CLIMATE NORMAL PERIOD 1981 TO 2010
CLIMATE RECORD PERIOD 1949 TO 2018


WEATHER ITEM   OBSERVED TIME   RECORD YEAR NORMAL DEPARTURE LAST
                VALUE   (LST)  VALUE       VALUE  FROM      YEAR
                                                  NORMAL
..................................................................
TEMPERATURE (F)
 YESTERDAY
  MAXIMUM         32    904 PM  53    2005  38     -6       32
  MINIMUM         15    303 AM -10    1966  17     -2       23
  AVERAGE         24                        27     -3       28

PRECIPITATION (IN)
  YESTERDAY        0.39          1.50 1951   0.09   0.30     0.08
  MONTH TO DATE    1.30                      0.65   0.65     0.08
  SINCE DEC 1      5.74                      7.26  -1.52     5.65
  SINCE JAN 1      4.18                      3.73   0.45     3.05

DEGREE DAYS
 HEATING
  YESTERDAY       41                        38      3       37
  MONTH TO DATE  273                       268      5      258
  SINCE DEC 1   2653                      2542    111     2308
  SINCE JUL 1   3736                      3820    -84     3454

 COOLING
  YESTERDAY        0                         0      0        0
  MONTH TO DATE    0                         0      0        0
  SINCE DEC 1      0                         0      0        0
  SINCE JAN 1      0                         0      0        0
..................................................................


WIND (MPH)
  HIGHEST WIND SPEED    12   HIGHEST WIND DIRECTION    NW (310)
  HIGHEST GUST SPEED    15   HIGHEST GUST DIRECTION     N (350)
  AVERAGE WIND SPEED     3.0


SKY COVER
  AVERAGE SKY COVER 0.7



RELATIVE HUMIDITY (PERCENT)
 HIGHEST    92          1000 AM
 LOWEST     77           700 AM
 AVERAGE    85

..........................................................


THE POUGHKEEPSIE NY CLIMATE NORMALS FOR TODAY
                         NORMAL    RECORD    YEAR
 MAXIMUM TEMPERATURE (F)   38        56      2017
                                             1965
 MINIMUM TEMPERATURE (F)   17       -23      1967


SUNRISE AND SUNSET
FEBRUARY  8 2018......SUNRISE   700 AM EST   SUNSET   520 PM EST
FEBRUARY  9 2018......SUNRISE   659 AM EST   SUNSET   521 PM EST


-  INDICATES NEGATIVE NUMBERS.
R  INDICATES RECORD WAS SET OR TIED.
MM INDICATES DATA IS MISSING.
T  INDICATES TRACE AMOUNT.




RECORDS FOR KPOU DATE BACK TO 1949...
HOWEVER...DATA IS MISSING FROM JANUARY 1993 - JULY 2000.
$$
