000
CDUS41 KALY 290625
CLIPOU


CLIMATE REPORT
NATIONAL WEATHER SERVICE ALBANY NY
224 AM EDT FRI SEP 29 2017


...................................

...THE POUGHKEEPSIE NY CLIMATE SUMMARY FOR SEPTEMBER 28 2017...

CLIMATE NORMAL PERIOD 1981 TO 2010
CLIMATE RECORD PERIOD 1949 TO 2017


WEATHER ITEM   OBSERVED TIME   RECORD YEAR NORMAL DEPARTURE LAST
                VALUE   (LST)  VALUE       VALUE  FROM      YEAR
                                                  NORMAL
..................................................................
TEMPERATURE (F)
 YESTERDAY
  MAXIMUM         75    317 PM  86    2014  70      5       68
  MINIMUM         49   1159 PM  28    1965  46      3       44
                                      1957
  AVERAGE         62                        58      4       56

PRECIPITATION (IN)
  YESTERDAY        0.00          2.37 2004   0.16  -0.16     0.00
  MONTH TO DATE    1.56                      3.97  -2.41     0.81
  SINCE SEP 1      1.56                      3.97  -2.41     0.81
  SINCE JAN 1     30.66                     34.75  -4.09    23.13

DEGREE DAYS
 HEATING
  YESTERDAY        3                         8     -5        9
  MONTH TO DATE   68                       108    -40       61
  SINCE SEP 1     68                       108    -40       61
  SINCE JUL 1     88                       125    -37       63

 COOLING
  YESTERDAY        0                         1     -1        0
  MONTH TO DATE  114                        64     50      107
  SINCE SEP 1    114                        64     50      107
  SINCE JAN 1    688                       668     20     1049
..................................................................


WIND (MPH)
  HIGHEST WIND SPEED    21   HIGHEST WIND DIRECTION     N (20)
  HIGHEST GUST SPEED    27   HIGHEST GUST DIRECTION     N (20)
  AVERAGE WIND SPEED     7.2


SKY COVER
  AVERAGE SKY COVER 0.0



RELATIVE HUMIDITY (PERCENT)
 HIGHEST    97           100 AM
 LOWEST     35           400 PM
 AVERAGE    66

..........................................................


THE POUGHKEEPSIE NY CLIMATE NORMALS FOR TODAY
                         NORMAL    RECORD    YEAR
 MAXIMUM TEMPERATURE (F)   70        84      1959
 MINIMUM TEMPERATURE (F)   46        27      1957


SUNRISE AND SUNSET
SEPTEMBER 29 2017.....SUNRISE   650 AM EDT   SUNSET   640 PM EDT
SEPTEMBER 30 2017.....SUNRISE   651 AM EDT   SUNSET   639 PM EDT


-  INDICATES NEGATIVE NUMBERS.
R  INDICATES RECORD WAS SET OR TIED.
MM INDICATES DATA IS MISSING.
T  INDICATES TRACE AMOUNT.




RECORDS FOR KPOU DATE BACK TO 1949...
HOWEVER...DATA IS MISSING FROM JANUARY 1993 - JULY 2000.
$$
