000
CDUS41 KALY 110624
CLIPOU


CLIMATE REPORT
NATIONAL WEATHER SERVICE ALBANY NY
122 AM EST THU DEC 11 2014


...................................

...THE POUGHKEEPSIE NY CLIMATE SUMMARY FOR DECEMBER 10 2014...

CLIMATE NORMAL PERIOD 1981 TO 2010
CLIMATE RECORD PERIOD 1949 TO 2014


WEATHER ITEM   OBSERVED TIME   RECORD YEAR NORMAL DEPARTURE LAST
                VALUE   (LST)  VALUE       VALUE  FROM      YEAR
                                                  NORMAL
..................................................................
TEMPERATURE (F)
 YESTERDAY
  MAXIMUM         40   1115 AM  63    1966  42     -2       37
  MINIMUM         32   1159 PM  -4    1949  24      8       26
  AVERAGE         36                        33      3       32

PRECIPITATION (IN)
  YESTERDAY        0.08          0.73 1953   0.12  -0.04     0.03
  MONTH TO DATE    2.38                      1.21   1.17     0.93
  SINCE DEC 1      2.38                      1.21   1.17     0.93
  SINCE JAN 1     33.52                     44.21 -10.69    37.51

DEGREE DAYS
 HEATING
  YESTERDAY       29                        32     -3       33
  MONTH TO DATE  304                       303      1      293
  SINCE DEC 1    304                       303      1      293
  SINCE JUL 1   1455                      1581   -126     1536

 COOLING
  YESTERDAY        0                         0      0        0
  MONTH TO DATE    0                         0      0        0
  SINCE DEC 1      0                         0      0        0
  SINCE JAN 1    696                       672     24      829
..................................................................


WIND (MPH)
  HIGHEST WIND SPEED    21   HIGHEST WIND DIRECTION     N (340)
  HIGHEST GUST SPEED    28   HIGHEST GUST DIRECTION     N (340)
  AVERAGE WIND SPEED     7.4


SKY COVER
  AVERAGE SKY COVER 1.0



RELATIVE HUMIDITY (PERCENT)
 HIGHEST    92           100 PM
 LOWEST     79          1200 AM
 AVERAGE    86

..........................................................


THE POUGHKEEPSIE NY CLIMATE NORMALS FOR TODAY
                         NORMAL    RECORD    YEAR
 MAXIMUM TEMPERATURE (F)   42        63      1966
 MINIMUM TEMPERATURE (F)   24        -5      1958


SUNRISE AND SUNSET
DECEMBER 11 2014......SUNRISE   712 AM EST   SUNSET   425 PM EST
DECEMBER 12 2014......SUNRISE   713 AM EST   SUNSET   425 PM EST


-  INDICATES NEGATIVE NUMBERS.
R  INDICATES RECORD WAS SET OR TIED.
MM INDICATES DATA IS MISSING.
T  INDICATES TRACE AMOUNT.





RECORDS FOR KPOU DATE BACK TO 1949...
HOWEVER...DATA IS MISSING FROM JANUARY 1993 - JULY 2000.
$$
