000
CDUS41 KALY 010631
CLIPOU


CLIMATE REPORT
NATIONAL WEATHER SERVICE ALBANY NY
230 AM EDT TUE APR 1 2014




THE POUGHKEEPSIE NY CLIMATE SUMMARY FOR MARCH 31 2014...

CLIMATE NORMAL PERIOD 1981 TO 2010
CLIMATE RECORD PERIOD 1949 TO 2014


WEATHER ITEM   OBSERVED TIME   RECORD YEAR NORMAL DEPARTURE LAST
                VALUE   (LST)  VALUE       VALUE  FROM      YEAR
                                                  NORMAL

TEMPERATURE (F)
 YESTERDAY
  MAXIMUM         55    404 PM  73    2006  54      1       57
  MINIMUM         35    553 AM  16    1950  31      4       26
  AVERAGE         45                        42      3       42

PRECIPITATION (IN)
  YESTERDAY        0.04          1.56 1987   0.12  -0.08     0.17
  MONTH TO DATE    2.75                      3.57  -0.82     1.48
  SINCE MAR 1      2.75                      3.57  -0.82     1.48
  SINCE JAN 1      7.03                      9.31  -2.28     5.14

DEGREE DAYS
 HEATING
  YESTERDAY       20                        22     -2       23
  MONTH TO DATE 1027                       873    154      868
  SINCE MAR 1   1027                       874    153      868
  SINCE JUL 1   5730                      5445    285     4989

 COOLING
  YESTERDAY        0                         0      0        0
  MONTH TO DATE    0                         0      0        0
  SINCE MAR 1      0                         0      0        0
  SINCE JAN 1      0                         0      0        0



WIND (MPH)
  HIGHEST WIND SPEED    25   HIGHEST WIND DIRECTION     N (10)
  HIGHEST GUST SPEED    34   HIGHEST GUST DIRECTION     N (20)
  AVERAGE WIND SPEED    14.5


SKY COVER
  AVERAGE SKY COVER 0.5



RELATIVE HUMIDITY (PERCENT)
 HIGHEST    82           500 AM
 LOWEST     41           400 PM
 AVERAGE    62




THE POUGHKEEPSIE NY CLIMATE NORMALS FOR TODAY
                         NORMAL    RECORD    YEAR
 MAXIMUM TEMPERATURE (F)   55        76      1978
 MINIMUM TEMPERATURE (F)   31        14      1964


SUNRISE AND SUNSET
APRIL  1 2014.........SUNRISE   639 AM EDT   SUNSET   721 PM EDT
APRIL  2 2014.........SUNRISE   637 AM EDT   SUNSET   722 PM EDT


-  INDICATES NEGATIVE NUMBERS.
R  INDICATES RECORD WAS SET OR TIED.
MM INDICATES DATA IS MISSING.
T  INDICATES TRACE AMOUNT.





RECORDS FOR KPOU DATE BACK TO 1949...
HOWEVER...DATA IS MISSING FROM JANUARY 1993 - JULY 2000.
$$
