000
CDUS41 KALY 150644
CLIPOU


CLIMATE REPORT
NATIONAL WEATHER SERVICE ALBANY NY
240 AM EDT SAT APR 15 2017


...................................

...THE POUGHKEEPSIE NY CLIMATE SUMMARY FOR APRIL 14 2017...

CLIMATE NORMAL PERIOD 1981 TO 2010
CLIMATE RECORD PERIOD 1949 TO 2017


WEATHER ITEM   OBSERVED TIME   RECORD YEAR NORMAL DEPARTURE LAST
                VALUE   (LST)  VALUE       VALUE  FROM      YEAR
                                                  NORMAL
..................................................................
TEMPERATURE (F)
 YESTERDAY
  MAXIMUM         65    346 PM  80    1960  60      5       62
  MINIMUM         34    138 AM  23    1973  36     -2       35
  AVERAGE         50                        48      2       49

PRECIPITATION (IN)
  YESTERDAY        0.00          1.00 1981   0.13  -0.13     0.00
  MONTH TO DATE    1.30                      1.81  -0.51     1.43
  SINCE MAR 1      6.61                      5.38   1.23     2.47
  SINCE JAN 1     11.48                     11.12   0.36     8.15

DEGREE DAYS
 HEATING
  YESTERDAY       15                        17     -2       16
  MONTH TO DATE  221                       272    -51      310
  SINCE MAR 1   1216                      1146     70      893
  SINCE JUL 1   5258                      5717   -459     4425

 COOLING
  YESTERDAY        0                         0      0        0
  MONTH TO DATE    2                         0      2        0
  SINCE MAR 1      2                         0      2        0
  SINCE JAN 1      2                         0      2        0
..................................................................


WIND (MPH)
  HIGHEST WIND SPEED    13   HIGHEST WIND DIRECTION     N (360)
  HIGHEST GUST SPEED    17   HIGHEST GUST DIRECTION     N (340)
  AVERAGE WIND SPEED     2.0


SKY COVER
  AVERAGE SKY COVER 0.1



RELATIVE HUMIDITY (PERCENT)
 HIGHEST    89           600 AM
 LOWEST     22           400 PM
 AVERAGE    56

..........................................................


THE POUGHKEEPSIE NY CLIMATE NORMALS FOR TODAY
                         NORMAL    RECORD    YEAR
 MAXIMUM TEMPERATURE (F)   61        84      2003
 MINIMUM TEMPERATURE (F)   37        22      1957


SUNRISE AND SUNSET
APRIL 15 2017.........SUNRISE   615 AM EDT   SUNSET   736 PM EDT
APRIL 16 2017.........SUNRISE   614 AM EDT   SUNSET   737 PM EDT


-  INDICATES NEGATIVE NUMBERS.
R  INDICATES RECORD WAS SET OR TIED.
MM INDICATES DATA IS MISSING.
T  INDICATES TRACE AMOUNT.




RECORDS FOR KPOU DATE BACK TO 1949...
HOWEVER...DATA IS MISSING FROM JANUARY 1993 - JULY 2000.
$$
