336
CDUS41 KALY 190629
CLIPOU


CLIMATE REPORT
NATIONAL WEATHER SERVICE ALBANY NY
229 AM EDT MON SEP 19 2016


...................................

...THE POUGHKEEPSIE NY CLIMATE SUMMARY FOR SEPTEMBER 18 2016...

CLIMATE NORMAL PERIOD 1981 TO 2010
CLIMATE RECORD PERIOD 1949 TO 2016


WEATHER ITEM   OBSERVED TIME   RECORD YEAR NORMAL DEPARTURE LAST
                VALUE   (LST)  VALUE       VALUE  FROM      YEAR
                                                  NORMAL
..................................................................
TEMPERATURE (F)
 YESTERDAY
  MAXIMUM         79    446 PM  87    1972  74      5       86
  MINIMUM         66    503 AM  33    1990  50     16       53
  AVERAGE         73                        62     11       70

PRECIPITATION (IN)
  YESTERDAY        0.01          2.35 2012   0.13  -0.12     0.00
  MONTH TO DATE    0.25                      2.50  -2.25     1.69
  SINCE SEP 1      0.25                      2.50  -2.25     1.69
  SINCE JAN 1     22.57                     33.28 -10.71    20.65

DEGREE DAYS
 HEATING
  YESTERDAY        0                         4     -4        0
  MONTH TO DATE   16                        46    -30        2
  SINCE SEP 1     16                        46    -30        2
  SINCE JUL 1     18                        63    -45        2

 COOLING
  YESTERDAY        8                         2      6        5
  MONTH TO DATE   88                        53     35      140
  SINCE SEP 1     88                        53     35      140
  SINCE JAN 1   1030                       657    373      945
..................................................................


WIND (MPH)
  HIGHEST WIND SPEED    12   HIGHEST WIND DIRECTION    SW (240)
  HIGHEST GUST SPEED    14   HIGHEST GUST DIRECTION    SW (240)
  AVERAGE WIND SPEED     3.5


SKY COVER
  AVERAGE SKY COVER 0.6



RELATIVE HUMIDITY (PERCENT)
 HIGHEST    93           500 AM
 LOWEST     67           100 PM
 AVERAGE    80

..........................................................


THE POUGHKEEPSIE NY CLIMATE NORMALS FOR TODAY
                         NORMAL    RECORD    YEAR
 MAXIMUM TEMPERATURE (F)   74        92      1983
 MINIMUM TEMPERATURE (F)   50        33      1990


SUNRISE AND SUNSET
SEPTEMBER 19 2016.....SUNRISE   640 AM EDT   SUNSET   657 PM EDT
SEPTEMBER 20 2016.....SUNRISE   641 AM EDT   SUNSET   655 PM EDT


-  INDICATES NEGATIVE NUMBERS.
R  INDICATES RECORD WAS SET OR TIED.
MM INDICATES DATA IS MISSING.
T  INDICATES TRACE AMOUNT.




RECORDS FOR KPOU DATE BACK TO 1949...
HOWEVER...DATA IS MISSING FROM JANUARY 1993 - JULY 2000.
$$
