000
CDUS41 KALY 302054
CLIPOU


CLIMATE REPORT
NATIONAL WEATHER SERVICE ALBANY NY
453 PM EDT SAT SEP 30 2017


...................................

...THE POUGHKEEPSIE NY CLIMATE SUMMARY FOR SEPTEMBER 30 2017...
VALID TODAY AS OF 0400 PM LOCAL TIME.

CLIMATE NORMAL PERIOD 1981 TO 2010
CLIMATE RECORD PERIOD 1949 TO 2017


WEATHER ITEM   OBSERVED TIME   RECORD YEAR NORMAL DEPARTURE LAST
                VALUE   (LST)  VALUE       VALUE  FROM      YEAR
                                                  NORMAL
..................................................................
TEMPERATURE (F)
 TODAY
  MAXIMUM         56   1228 PM  88    1986  69    -13       64
  MINIMUM         48    258 AM  28    1951  45      3       52
  AVERAGE         52                        57     -5       58

PRECIPITATION (IN)
  TODAY            0.19          2.41 2010   0.15   0.04     0.12
  MONTH TO DATE    1.76                      4.28  -2.52     0.93
  SINCE SEP 1      1.76                      4.28  -2.52     0.93
  SINCE JAN 1     30.86                     35.06  -4.20    23.25

DEGREE DAYS
 HEATING
  TODAY           13                         8      5        7
  MONTH TO DATE   92                       124    -32       71
  SINCE SEP 1     92                       123    -31       71
  SINCE JUL 1    112                       140    -28       73

 COOLING
  TODAY            0                         0      0        0
  MONTH TO DATE  114                        64     50      107
  SINCE SEP 1    114                        64     50      107
  SINCE JAN 1    688                       668     20     1049
..................................................................


WIND (MPH)
  HIGHEST WIND SPEED    13   HIGHEST WIND DIRECTION     N (10)
  HIGHEST GUST SPEED    21   HIGHEST GUST DIRECTION     N (350)
  AVERAGE WIND SPEED     5.7


SKY COVER
  AVERAGE SKY COVER 0.8



RELATIVE HUMIDITY (PERCENT)
 HIGHEST   100           200 AM
 LOWEST     77           200 PM
 AVERAGE    89

..........................................................


THE POUGHKEEPSIE NY CLIMATE NORMALS FOR TOMORROW
                         NORMAL    RECORD    YEAR
 MAXIMUM TEMPERATURE (F)   69        83      1954
 MINIMUM TEMPERATURE (F)   45        28      1992


SUNRISE AND SUNSET
SEPTEMBER 30 2017.....SUNRISE   651 AM EDT   SUNSET   639 PM EDT
OCTOBER  1 2017.......SUNRISE   653 AM EDT   SUNSET   637 PM EDT


-  INDICATES NEGATIVE NUMBERS.
R  INDICATES RECORD WAS SET OR TIED.
MM INDICATES DATA IS MISSING.
T  INDICATES TRACE AMOUNT.




RECORDS FOR KPOU DATE BACK TO 1949...
HOWEVER...DATA IS MISSING FROM JANUARY 1993 - JULY 2000.
$$
