000
CDUS41 KALY 232047
CLIPOU


CLIMATE REPORT
NATIONAL WEATHER SERVICE ALBANY NY
446 PM EDT THU JUL 23 2015


...................................

...THE POUGHKEEPSIE NY CLIMATE SUMMARY FOR JULY 23 2015...
VALID TODAY AS OF 0400 PM LOCAL TIME.

CLIMATE NORMAL PERIOD 1981 TO 2010
CLIMATE RECORD PERIOD 1949 TO 2015


WEATHER ITEM   OBSERVED TIME   RECORD YEAR NORMAL DEPARTURE LAST
                VALUE   (LST)  VALUE       VALUE  FROM      YEAR
                                                  NORMAL
..................................................................
TEMPERATURE (F)
 TODAY
  MAXIMUM         85    239 PM  98    1955  85      0       90
  MINIMUM         54    514 AM  48    1977  61     -7       70
  AVERAGE         70                        73     -3       80

PRECIPITATION (IN)
  TODAY            0.00          2.08 2004   0.16  -0.16     0.33
  MONTH TO DATE    1.32                      3.33  -2.01     4.48
  SINCE JUN 1      5.45                      7.76  -2.31     6.77
  SINCE JAN 1     16.12                     25.26  -9.14    20.80

DEGREE DAYS
 HEATING
  TODAY            0                         0      0        0
  MONTH TO DATE    0                         0      0        0
  SINCE JUN 1     46                        49     -3        7
  SINCE JUL 1      0                         0      0        0

 COOLING
  TODAY            5                         8     -3       15
  MONTH TO DATE  188                       176     12      220
  SINCE JUN 1    321                       303     18      358
  SINCE JAN 1    434                       339     95      391
..................................................................


WIND (MPH)
  HIGHEST WIND SPEED    10   HIGHEST WIND DIRECTION    NW (320)
  HIGHEST GUST SPEED    MM   HIGHEST GUST DIRECTION    MM
  AVERAGE WIND SPEED     2.9


SKY COVER
  AVERAGE SKY COVER 0.1



RELATIVE HUMIDITY (PERCENT)
 HIGHEST    93           300 AM
 LOWEST     31           300 PM
 AVERAGE    62

..........................................................


THE POUGHKEEPSIE NY CLIMATE NORMALS FOR TOMORROW
                         NORMAL    RECORD    YEAR
 MAXIMUM TEMPERATURE (F)   85        96      2001
 MINIMUM TEMPERATURE (F)   61        48      1985


SUNRISE AND SUNSET
JULY 23 2015..........SUNRISE   541 AM EDT   SUNSET   822 PM EDT
JULY 24 2015..........SUNRISE   542 AM EDT   SUNSET   822 PM EDT


-  INDICATES NEGATIVE NUMBERS.
R  INDICATES RECORD WAS SET OR TIED.
MM INDICATES DATA IS MISSING.
T  INDICATES TRACE AMOUNT.




RECORDS FOR KPOU DATE BACK TO 1949...
HOWEVER...DATA IS MISSING FROM JANUARY 1993 - JULY 2000.
$$
