051
CDUS41 KALY 092146
CLIPOU


CLIMATE REPORT
NATIONAL WEATHER SERVICE ALBANY NY
445 PM EST FRI FEB 9 2018


...................................

...THE POUGHKEEPSIE NY CLIMATE SUMMARY FOR FEBRUARY 9 2018...
VALID TODAY AS OF 0400 PM LOCAL TIME.

CLIMATE NORMAL PERIOD 1981 TO 2010
CLIMATE RECORD PERIOD 1949 TO 2018


WEATHER ITEM   OBSERVED TIME   RECORD YEAR NORMAL DEPARTURE LAST
                VALUE   (LST)  VALUE       VALUE  FROM      YEAR
                                                  NORMAL
..................................................................
TEMPERATURE (F)
 TODAY
  MAXIMUM         27    439 PM  57    1990  38    -11       33
  MINIMUM         12    745 AM -12    1963  17     -5       12
  AVERAGE         20                        27     -7       23

PRECIPITATION (IN)
  TODAY            0.02          1.14 1962   0.10  -0.08     0.70
  MONTH TO DATE    1.32                      0.84   0.48     0.86
  SINCE DEC 1      5.76                      7.45  -1.69     6.43
  SINCE JAN 1      4.20                      3.92   0.28     3.83

DEGREE DAYS
 HEATING
  TODAY           45                        38      7       42
  MONTH TO DATE  361                       344     17      321
  SINCE DEC 1   2741                      2618    123     2371
  SINCE JUL 1   3824                      3896    -72     3517

 COOLING
  TODAY            0                         0      0        0
  MONTH TO DATE    0                         0      0        0
  SINCE DEC 1      0                         0      0        0
  SINCE JAN 1      0                         0      0        0
..................................................................


WIND (MPH)
  HIGHEST WIND SPEED     9   HIGHEST WIND DIRECTION    SW (230)
  HIGHEST GUST SPEED    MM   HIGHEST GUST DIRECTION    MM
  AVERAGE WIND SPEED     1.7


SKY COVER
  AVERAGE SKY COVER 0.7



RELATIVE HUMIDITY (PERCENT)
 HIGHEST    88           200 AM
 LOWEST     63          1100 AM
 AVERAGE    76

..........................................................


THE POUGHKEEPSIE NY CLIMATE NORMALS FOR TOMORROW
                         NORMAL    RECORD    YEAR
 MAXIMUM TEMPERATURE (F)   38        56      2001
 MINIMUM TEMPERATURE (F)   17       -12      1979


SUNRISE AND SUNSET
FEBRUARY  9 2018......SUNRISE   659 AM EST   SUNSET   521 PM EST
FEBRUARY 10 2018......SUNRISE   657 AM EST   SUNSET   523 PM EST


-  INDICATES NEGATIVE NUMBERS.
R  INDICATES RECORD WAS SET OR TIED.
MM INDICATES DATA IS MISSING.
T  INDICATES TRACE AMOUNT.




RECORDS FOR KPOU DATE BACK TO 1949...
HOWEVER...DATA IS MISSING FROM JANUARY 1993 - JULY 2000.
$$
