000
CDUS41 KALY 190630
CLIPOU


CLIMATE REPORT
NATIONAL WEATHER SERVICE ALBANY NY
227 AM EDT THU MAR 19 2015


...................................

...THE POUGHKEEPSIE NY CLIMATE SUMMARY FOR MARCH 18 2015...

CLIMATE NORMAL PERIOD 1981 TO 2010
CLIMATE RECORD PERIOD 1949 TO 2015


WEATHER ITEM   OBSERVED TIME   RECORD YEAR NORMAL DEPARTURE LAST
                VALUE   (LST)  VALUE       VALUE  FROM      YEAR
                                                  NORMAL
..................................................................
TEMPERATURE (F)
 YESTERDAY
  MAXIMUM         36   1255 PM  73    2012  49    -13       45
  MINIMUM         22   1150 PM  -3    1967  26     -4       15
  AVERAGE         29                        37     -8       30

PRECIPITATION (IN)
  YESTERDAY        0.00          0.75 1968   0.12  -0.12     0.00
  MONTH TO DATE    1.39                      2.00  -0.61     0.25
  SINCE MAR 1      1.39                      2.00  -0.61     0.25
  SINCE JAN 1      5.69                      7.74  -2.05     4.53

DEGREE DAYS
 HEATING
  YESTERDAY       36                        28      8       35
  MONTH TO DATE  600                       549     51      652
  SINCE MAR 1    600                       549     51      652
  SINCE JUL 1   5285                      5120    165     5355

 COOLING
  YESTERDAY        0                         0      0        0
  MONTH TO DATE    0                         0      0        0
  SINCE MAR 1      0                         0      0        0
  SINCE JAN 1      0                         0      0        0
..................................................................


WIND (MPH)
  HIGHEST WIND SPEED    29   HIGHEST WIND DIRECTION    NW (300)
  HIGHEST GUST SPEED    40   HIGHEST GUST DIRECTION     W (290)
  AVERAGE WIND SPEED    11.6


SKY COVER
  AVERAGE SKY COVER 0.5



RELATIVE HUMIDITY (PERCENT)
 HIGHEST    69           300 AM
 LOWEST     30          1000 AM
 AVERAGE    50

..........................................................


THE POUGHKEEPSIE NY CLIMATE NORMALS FOR TODAY
                         NORMAL    RECORD    YEAR
 MAXIMUM TEMPERATURE (F)   49        79      2012
 MINIMUM TEMPERATURE (F)   26       -13      1967


SUNRISE AND SUNSET
MARCH 19 2015.........SUNRISE   701 AM EDT   SUNSET   706 PM EDT
MARCH 20 2015.........SUNRISE   659 AM EDT   SUNSET   707 PM EDT


-  INDICATES NEGATIVE NUMBERS.
R  INDICATES RECORD WAS SET OR TIED.
MM INDICATES DATA IS MISSING.
T  INDICATES TRACE AMOUNT.




RECORDS FOR KPOU DATE BACK TO 1949...
HOWEVER...DATA IS MISSING FROM JANUARY 1993 - JULY 2000.
$$
