000
CDUS41 KALY 302049
CLIPOU


CLIMATE REPORT
NATIONAL WEATHER SERVICE ALBANY NY
449 PM EDT SUN MAR 30 2014




THE POUGHKEEPSIE NY CLIMATE SUMMARY FOR MARCH 30 2014...
VALID TODAY AS OF 0400 PM LOCAL TIME.

CLIMATE NORMAL PERIOD 1981 TO 2010
CLIMATE RECORD PERIOD 1949 TO 2014


WEATHER ITEM   OBSERVED TIME   RECORD YEAR NORMAL DEPARTURE LAST
                VALUE   (LST)  VALUE       VALUE  FROM      YEAR
                                                  NORMAL

TEMPERATURE (F)
 TODAY
  MAXIMUM         44   1144 AM  84    1977  54    -10       59
  MINIMUM         41    828 AM  15    1970  31     10       27
  AVERAGE         43                        42      1       43

PRECIPITATION (IN)
  TODAY            0.37          1.63 2001   0.12   0.25     0.00
  MONTH TO DATE    2.67                      3.45  -0.78     1.31
  SINCE MAR 1      2.67                      3.45  -0.78     1.31
  SINCE JAN 1      6.95                      9.19  -2.24     4.97

DEGREE DAYS
 HEATING
  TODAY           22                        23     -1       22
  MONTH TO DATE 1005                       851    154      845
  SINCE MAR 1   1005                       851    154      845
  SINCE JUL 1   5708                      5422    286     4966

 COOLING
  TODAY            0                         0      0        0
  MONTH TO DATE    0                         0      0        0
  SINCE MAR 1      0                         0      0        0
  SINCE JAN 1      0                         0      0        0



WIND (MPH)
  HIGHEST WIND SPEED    23   HIGHEST WIND DIRECTION     N (20)
  HIGHEST GUST SPEED    32   HIGHEST GUST DIRECTION     N (10)
  AVERAGE WIND SPEED    11.9


SKY COVER
  AVERAGE SKY COVER 1.0



RELATIVE HUMIDITY (PERCENT)
 HIGHEST    96          1200 AM
 LOWEST     89           300 AM
 AVERAGE    93




THE POUGHKEEPSIE NY CLIMATE NORMALS FOR TOMORROW
                         NORMAL    RECORD    YEAR
 MAXIMUM TEMPERATURE (F)   54        73      2006
 MINIMUM TEMPERATURE (F)   31        16      1950


SUNRISE AND SUNSET
MARCH 30 2014.........SUNRISE   642 AM EDT   SUNSET   719 PM EDT
MARCH 31 2014.........SUNRISE   640 AM EDT   SUNSET   720 PM EDT


-  INDICATES NEGATIVE NUMBERS.
R  INDICATES RECORD WAS SET OR TIED.
MM INDICATES DATA IS MISSING.
T  INDICATES TRACE AMOUNT.






RECORDS FOR KPOU DATE BACK TO 1949...
HOWEVER...DATA IS MISSING FROM JANUARY 1993 - JULY 2000.
$$
