000
CDUS41 KALY 310623
CLIPOU


CLIMATE REPORT
NATIONAL WEATHER SERVICE ALBANY NY
122 AM EST SUN DEC 31 2017


...................................

...THE POUGHKEEPSIE NY CLIMATE SUMMARY FOR DECEMBER 30 2017...

CLIMATE NORMAL PERIOD 1981 TO 2010
CLIMATE RECORD PERIOD 1949 TO 2017


WEATHER ITEM   OBSERVED TIME   RECORD YEAR NORMAL DEPARTURE LAST
                VALUE   (LST)  VALUE       VALUE  FROM      YEAR
                                                  NORMAL
..................................................................
TEMPERATURE (F)
 YESTERDAY
  MAXIMUM         20    349 PM  58    1948  36    -16       38
  MINIMUM          2   1055 PM  -7    1963  18    -16       29
  AVERAGE         11                        27    -16       34

PRECIPITATION (IN)
  YESTERDAY        0.01          2.60 1948   0.09  -0.08      T
  MONTH TO DATE    1.56                      3.43  -1.87     2.60
  SINCE DEC 1      1.56                      3.43  -1.87     2.60
  SINCE JAN 1     37.10                     46.43  -9.33    33.12

DEGREE DAYS
 HEATING
  YESTERDAY       54                        38     16       31
  MONTH TO DATE 1087                      1011     76     1009
  SINCE DEC 1   1087                      1011     76     1009
  SINCE JUL 1   2170                      2289   -119     2155

 COOLING
  YESTERDAY        0                         0      0        0
  MONTH TO DATE    0                         0      0        0
  SINCE DEC 1      0                         0      0        0
  SINCE JAN 1    718                       672     46     1053
..................................................................


WIND (MPH)
  HIGHEST WIND SPEED     7   HIGHEST WIND DIRECTION    SW (220)
  HIGHEST GUST SPEED     9   HIGHEST GUST DIRECTION    SW (210)
  AVERAGE WIND SPEED     1.3


SKY COVER
  AVERAGE SKY COVER 0.6



RELATIVE HUMIDITY (PERCENT)
 HIGHEST    95          1100 PM
 LOWEST     73           300 PM
 AVERAGE    84

..........................................................


THE POUGHKEEPSIE NY CLIMATE NORMALS FOR TODAY
                         NORMAL    RECORD    YEAR
 MAXIMUM TEMPERATURE (F)   36        63      1965
 MINIMUM TEMPERATURE (F)   17       -13      1963


SUNRISE AND SUNSET
DECEMBER 31 2017......SUNRISE   722 AM EST   SUNSET   435 PM EST
JANUARY  1 2018.......SUNRISE   722 AM EST   SUNSET   436 PM EST


-  INDICATES NEGATIVE NUMBERS.
R  INDICATES RECORD WAS SET OR TIED.
MM INDICATES DATA IS MISSING.
T  INDICATES TRACE AMOUNT.




RECORDS FOR KPOU DATE BACK TO 1949...
HOWEVER...DATA IS MISSING FROM JANUARY 1993 - JULY 2000.
$$
