000
CDUS41 KALY 302050
CLIPOU


CLIMATE REPORT
NATIONAL WEATHER SERVICE ALBANY NY
449 PM EDT WED AUG 30 2017


...................................

...THE POUGHKEEPSIE NY CLIMATE SUMMARY FOR AUGUST 30 2017...
VALID TODAY AS OF 0400 PM LOCAL TIME.

CLIMATE NORMAL PERIOD 1981 TO 2010
CLIMATE RECORD PERIOD 1949 TO 2017


WEATHER ITEM   OBSERVED TIME   RECORD YEAR NORMAL DEPARTURE LAST
                VALUE   (LST)  VALUE       VALUE  FROM      YEAR
                                                  NORMAL
..................................................................
TEMPERATURE (F)
 TODAY
  MAXIMUM         77    314 PM  98    1953  80     -3       83
  MINIMUM         56    554 AM  38    1986  57     -1       54
  AVERAGE         67                        69     -2       69

PRECIPITATION (IN)
  TODAY            0.00          0.79 1970   0.12  -0.12     0.00
  MONTH TO DATE    5.06                      4.09   0.97     2.20
  SINCE JUN 1     12.04                     13.17  -1.13    10.16
  SINCE JAN 1     28.60                     30.67  -2.07    22.32

DEGREE DAYS
 HEATING
  TODAY            0                         1     -1        0
  MONTH TO DATE   17                         8      9        2
  SINCE JUN 1     70                        62      8       10
  SINCE JUL 1     20                        13      7        2

 COOLING
  TODAY            2                         5     -3        4
  MONTH TO DATE  156                       198    -42      321
  SINCE JUN 1    526                       565    -39      856
  SINCE JAN 1    574                       601    -27      937
..................................................................


WIND (MPH)
  HIGHEST WIND SPEED    13   HIGHEST WIND DIRECTION     N (350)
  HIGHEST GUST SPEED    16   HIGHEST GUST DIRECTION     N (360)
  AVERAGE WIND SPEED     4.7


SKY COVER
  AVERAGE SKY COVER 0.5



RELATIVE HUMIDITY (PERCENT)
 HIGHEST    93           200 AM
 LOWEST     46           100 PM
 AVERAGE    70

..........................................................


THE POUGHKEEPSIE NY CLIMATE NORMALS FOR TOMORROW
                         NORMAL    RECORD    YEAR
 MAXIMUM TEMPERATURE (F)   80       100      1953
 MINIMUM TEMPERATURE (F)   57        38      1965


SUNRISE AND SUNSET
AUGUST 30 2017........SUNRISE   620 AM EDT   SUNSET   732 PM EDT
AUGUST 31 2017........SUNRISE   621 AM EDT   SUNSET   730 PM EDT


-  INDICATES NEGATIVE NUMBERS.
R  INDICATES RECORD WAS SET OR TIED.
MM INDICATES DATA IS MISSING.
T  INDICATES TRACE AMOUNT.




RECORDS FOR KPOU DATE BACK TO 1949...
HOWEVER...DATA IS MISSING FROM JANUARY 1993 - JULY 2000.
$$
