000
CDUS41 KALY 190627
CLIPOU


CLIMATE REPORT
NATIONAL WEATHER SERVICE ALBANY NY
125 AM EST MON JAN 19 2015


...................................

...THE POUGHKEEPSIE NY CLIMATE SUMMARY FOR JANUARY 18 2015...

CLIMATE NORMAL PERIOD 1981 TO 2010
CLIMATE RECORD PERIOD 1949 TO 2015


WEATHER ITEM   OBSERVED TIME   RECORD YEAR NORMAL DEPARTURE LAST
                VALUE   (LST)  VALUE       VALUE  FROM      YEAR
                                                  NORMAL
..................................................................
TEMPERATURE (F)
 YESTERDAY
  MAXIMUM         35   1157 PM  62    2006  35      0       35
  MINIMUM         19    205 AM -22    1954  15      4       25
  AVERAGE         27                        25      2       30

PRECIPITATION (IN)
  YESTERDAY        1.08          1.16 2006   0.09   0.99     0.02
  MONTH TO DATE    2.41                      1.82   0.59     1.45
  SINCE DEC 1      5.41                      5.35   0.06     4.78
  SINCE JAN 1      2.41                      1.82   0.59     1.45

DEGREE DAYS
 HEATING
  YESTERDAY       38                        40     -2       35
  MONTH TO DATE  727                       712     15      676
  SINCE DEC 1   1627                      1763   -136     1711
  SINCE JUL 1   2778                      3041   -263     2954

 COOLING
  YESTERDAY        0                         0      0        0
  MONTH TO DATE    0                         0      0        0
  SINCE DEC 1      0                         0      0        0
  SINCE JAN 1      0                         0      0        0
..................................................................


WIND (MPH)
  HIGHEST WIND SPEED     7   HIGHEST WIND DIRECTION     W (270)
  HIGHEST GUST SPEED    10   HIGHEST GUST DIRECTION     S (160)
  AVERAGE WIND SPEED     0.5


SKY COVER
  AVERAGE SKY COVER 0.8



RELATIVE HUMIDITY (PERCENT)
 HIGHEST   100          1100 PM
 LOWEST     50          1200 AM
 AVERAGE    75

..........................................................


THE POUGHKEEPSIE NY CLIMATE NORMALS FOR TODAY
                         NORMAL    RECORD    YEAR
 MAXIMUM TEMPERATURE (F)   35        61      1949
 MINIMUM TEMPERATURE (F)   15       -18      1971


SUNRISE AND SUNSET
JANUARY 19 2015.......SUNRISE   718 AM EST   SUNSET   455 PM EST
JANUARY 20 2015.......SUNRISE   717 AM EST   SUNSET   456 PM EST


-  INDICATES NEGATIVE NUMBERS.
R  INDICATES RECORD WAS SET OR TIED.
MM INDICATES DATA IS MISSING.
T  INDICATES TRACE AMOUNT.





RECORDS FOR KPOU DATE BACK TO 1949...
HOWEVER...DATA IS MISSING FROM JANUARY 1993 - JULY 2000.
$$
