000
CDUS41 KALY 032049
CLIPOU


CLIMATE REPORT
NATIONAL WEATHER SERVICE ALBANY NY
448 PM EDT MON APR 3 2017


...................................

...THE POUGHKEEPSIE NY CLIMATE SUMMARY FOR APRIL 3 2017...
VALID TODAY AS OF 0400 PM LOCAL TIME.

CLIMATE NORMAL PERIOD 1981 TO 2010
CLIMATE RECORD PERIOD 1949 TO 2017


WEATHER ITEM   OBSERVED TIME   RECORD YEAR NORMAL DEPARTURE LAST
                VALUE   (LST)  VALUE       VALUE  FROM      YEAR
                                                  NORMAL
..................................................................
TEMPERATURE (F)
 TODAY
  MAXIMUM         65    337 PM  78    1981  55     10       41
  MINIMUM         31    535 AM  13    1954  32     -1       32
  AVERAGE         48                        44      4       37

PRECIPITATION (IN)
  TODAY            0.00          1.05 1951   0.13  -0.13     0.21
  MONTH TO DATE    0.01                      0.39  -0.38     0.40
  SINCE MAR 1      5.32                      3.96   1.36     1.44
  SINCE JAN 1     10.19                      9.70   0.49     7.12

DEGREE DAYS
 HEATING
  TODAY           17                        21     -4       28
  MONTH TO DATE   63                        65     -2       44
  SINCE MAR 1   1058                       939    119      627
  SINCE JUL 1   5100                      5510   -410     4159

 COOLING
  TODAY            0                         0      0        0
  MONTH TO DATE    0                         0      0        0
  SINCE MAR 1      0                         0      0        0
  SINCE JAN 1      0                         0      0        0
..................................................................


WIND (MPH)
  HIGHEST WIND SPEED    14   HIGHEST WIND DIRECTION     W (250)
  HIGHEST GUST SPEED    16   HIGHEST GUST DIRECTION     W (250)
  AVERAGE WIND SPEED     2.0


SKY COVER
  AVERAGE SKY COVER 0.2



RELATIVE HUMIDITY (PERCENT)
 HIGHEST    92           600 AM
 LOWEST     31           300 PM
 AVERAGE    62

..........................................................


THE POUGHKEEPSIE NY CLIMATE NORMALS FOR TOMORROW
                         NORMAL    RECORD    YEAR
 MAXIMUM TEMPERATURE (F)   56        81      1950
 MINIMUM TEMPERATURE (F)   33        18      1965


SUNRISE AND SUNSET
APRIL  3 2017.........SUNRISE   635 AM EDT   SUNSET   723 PM EDT
APRIL  4 2017.........SUNRISE   633 AM EDT   SUNSET   724 PM EDT


-  INDICATES NEGATIVE NUMBERS.
R  INDICATES RECORD WAS SET OR TIED.
MM INDICATES DATA IS MISSING.
T  INDICATES TRACE AMOUNT.




RECORDS FOR KPOU DATE BACK TO 1949...
HOWEVER...DATA IS MISSING FROM JANUARY 1993 - JULY 2000.
$$
