000
CDUS41 KALY 130624
CLIPOU


CLIMATE REPORT
NATIONAL WEATHER SERVICE ALBANY NY
123 AM EST SUN NOV 13 2016


...................................

...THE POUGHKEEPSIE NY CLIMATE SUMMARY FOR NOVEMBER 12 2016...

CLIMATE NORMAL PERIOD 1981 TO 2010
CLIMATE RECORD PERIOD 1949 TO 2016


WEATHER ITEM   OBSERVED TIME   RECORD YEAR NORMAL DEPARTURE LAST
                VALUE   (LST)  VALUE       VALUE  FROM      YEAR
                                                  NORMAL
..................................................................
TEMPERATURE (F)
 YESTERDAY
  MAXIMUM         49    346 PM  69    1964  54     -5       59
  MINIMUM         21    703 AM  19    2001  32    -11       49
  AVERAGE         35                        43     -8       54

PRECIPITATION (IN)
  YESTERDAY        0.00          1.23 1975   0.10  -0.10     0.21
  MONTH TO DATE    0.03                      1.36  -1.33     1.27
  SINCE SEP 1      3.50                     10.11  -6.61     6.41
  SINCE JAN 1     25.82                     40.89 -15.07    25.37

DEGREE DAYS
 HEATING
  YESTERDAY       30                        22      8       11
  MONTH TO DATE  248                       247      1      142
  SINCE SEP 1    708                       806    -98      576
  SINCE JUL 1    710                       823   -113      576

 COOLING
  YESTERDAY        0                         0      0        0
  MONTH TO DATE    0                         0      0        2
  SINCE SEP 1    111                        68     43      159
  SINCE JAN 1   1053                       672    381      964
..................................................................


WIND (MPH)
  HIGHEST WIND SPEED    13   HIGHEST WIND DIRECTION    SW (240)
  HIGHEST GUST SPEED    15   HIGHEST GUST DIRECTION    SW (230)
  AVERAGE WIND SPEED     4.4


SKY COVER
  AVERAGE SKY COVER 0.0



RELATIVE HUMIDITY (PERCENT)
 HIGHEST    84           700 AM
 LOWEST     31           300 PM
 AVERAGE    58

..........................................................


THE POUGHKEEPSIE NY CLIMATE NORMALS FOR TODAY
                         NORMAL    RECORD    YEAR
 MAXIMUM TEMPERATURE (F)   53        73      1964
 MINIMUM TEMPERATURE (F)   32        16      2013


SUNRISE AND SUNSET
NOVEMBER 13 2016......SUNRISE   643 AM EST   SUNSET   437 PM EST
NOVEMBER 14 2016......SUNRISE   644 AM EST   SUNSET   436 PM EST


-  INDICATES NEGATIVE NUMBERS.
R  INDICATES RECORD WAS SET OR TIED.
MM INDICATES DATA IS MISSING.
T  INDICATES TRACE AMOUNT.




RECORDS FOR KPOU DATE BACK TO 1949...
HOWEVER...DATA IS MISSING FROM JANUARY 1993 - JULY 2000.
$$
