000
CDUS41 KALY 010629
CLIPOU


CLIMATE REPORT
NATIONAL WEATHER SERVICE ALBANY NY
127 AM EST WED FEB 1 2017


...................................

...THE POUGHKEEPSIE NY CLIMATE SUMMARY FOR JANUARY 31 2017...

CLIMATE NORMAL PERIOD 1981 TO 2010
CLIMATE RECORD PERIOD 1949 TO 2017


WEATHER ITEM   OBSERVED TIME   RECORD YEAR NORMAL DEPARTURE LAST
                VALUE   (LST)  VALUE       VALUE  FROM      YEAR
                                                  NORMAL
..................................................................
TEMPERATURE (F)
 YESTERDAY
  MAXIMUM         27   1052 AM  62    2016  37    -10       62
                                      2013
  MINIMUM         16    313 AM -15    1965  16      0       30
  AVERAGE         22                        26     -4       46

PRECIPITATION (IN)
  YESTERDAY        0.05          0.94 2013   0.10  -0.05     0.00
  MONTH TO DATE    2.97                      3.08  -0.11     1.21
  SINCE DEC 1      5.57                      6.61  -1.04     5.11
  SINCE JAN 1      2.97                      3.08  -0.11     1.21

DEGREE DAYS
 HEATING
  YESTERDAY       43                        39      4       19
  MONTH TO DATE 1010                      1225   -215     1030
  SINCE DEC 1   2050                      2274   -224     1664
  SINCE JUL 1   3196                      3552   -356     2652

 COOLING
  YESTERDAY        0                         0      0        0
  MONTH TO DATE    0                         0      0        0
  SINCE DEC 1      0                         0      0        0
  SINCE JAN 1      0                         0      0        0
..................................................................


WIND (MPH)
  HIGHEST WIND SPEED    12   HIGHEST WIND DIRECTION    SE (150)
  HIGHEST GUST SPEED    15   HIGHEST GUST DIRECTION    SE (150)
  AVERAGE WIND SPEED     1.4


SKY COVER
  AVERAGE SKY COVER 0.8



RELATIVE HUMIDITY (PERCENT)
 HIGHEST    88           100 PM
 LOWEST     54          1200 AM
 AVERAGE    71

..........................................................


THE POUGHKEEPSIE NY CLIMATE NORMALS FOR TODAY
                         NORMAL    RECORD    YEAR
 MAXIMUM TEMPERATURE (F)   37        66      1989
 MINIMUM TEMPERATURE (F)   16        -8      1961


SUNRISE AND SUNSET
FEBRUARY  1 2017......SUNRISE   707 AM EST   SUNSET   512 PM EST
FEBRUARY  2 2017......SUNRISE   706 AM EST   SUNSET   513 PM EST


-  INDICATES NEGATIVE NUMBERS.
R  INDICATES RECORD WAS SET OR TIED.
MM INDICATES DATA IS MISSING.
T  INDICATES TRACE AMOUNT.




RECORDS FOR KPOU DATE BACK TO 1949...
HOWEVER...DATA IS MISSING FROM JANUARY 1993 - JULY 2000.
$$
