000
CDUS41 KALY 282047
CLIPOU


CLIMATE REPORT
NATIONAL WEATHER SERVICE ALBANY NY
447 PM EDT SAT JUN 28 2014




THE POUGHKEEPSIE NY CLIMATE SUMMARY FOR JUNE 28 2014...
VALID TODAY AS OF 0400 PM LOCAL TIME.

CLIMATE NORMAL PERIOD 1981 TO 2010
CLIMATE RECORD PERIOD 1949 TO 2014


WEATHER ITEM   OBSERVED TIME   RECORD YEAR NORMAL DEPARTURE LAST
                VALUE   (LST)  VALUE       VALUE  FROM      YEAR
                                                  NORMAL

TEMPERATURE (F)
 TODAY
  MAXIMUM         87    339 PM  95    1963  83      4       85
  MINIMUM         57    448 AM  42    1988  59     -2       68
  AVERAGE         72                        71      1       77

PRECIPITATION (IN)
  TODAY            0.00          1.41 1983   0.13  -0.13     0.34
  MONTH TO DATE    2.29                      4.17  -1.88     8.67
  SINCE JUN 1      2.29                      4.17  -1.88     8.67
  SINCE JAN 1     16.32                     21.67  -5.35    19.32

DEGREE DAYS
 HEATING
  TODAY            0                         0      0        0
  MONTH TO DATE    7                        48    -41       31
  SINCE JUN 1      7                        48    -41       31
  SINCE JUL 1   6351                      6210    141     5714

 COOLING
  TODAY            7                         6      1       12
  MONTH TO DATE  120                       114      6      134
  SINCE JUN 1    120                       114      6      134
  SINCE JAN 1    153                       150      3      187



WIND (MPH)
  HIGHEST WIND SPEED     9   HIGHEST WIND DIRECTION     N (340)
  HIGHEST GUST SPEED    14   HIGHEST GUST DIRECTION    NW (320)
  AVERAGE WIND SPEED     1.2


SKY COVER
  AVERAGE SKY COVER 0.1



RELATIVE HUMIDITY (PERCENT)
 HIGHEST    93           500 AM
 LOWEST     30           100 PM
 AVERAGE    62




THE POUGHKEEPSIE NY CLIMATE NORMALS FOR TOMORROW
                         NORMAL    RECORD    YEAR
 MAXIMUM TEMPERATURE (F)   83        97      1959
 MINIMUM TEMPERATURE (F)   59        40      1981


SUNRISE AND SUNSET
JUNE 28 2014..........SUNRISE   524 AM EDT   SUNSET   834 PM EDT
JUNE 29 2014..........SUNRISE   524 AM EDT   SUNSET   834 PM EDT


-  INDICATES NEGATIVE NUMBERS.
R  INDICATES RECORD WAS SET OR TIED.
MM INDICATES DATA IS MISSING.
T  INDICATES TRACE AMOUNT.






RECORDS FOR KPOU DATE BACK TO 1949...
HOWEVER...DATA IS MISSING FROM JANUARY 1993 - JULY 2000.
$$
