000
CDUS41 KALY 012043
CLIPOU


CLIMATE REPORT
NATIONAL WEATHER SERVICE ALBANY NY
442 PM EDT THU JUN 1 2017


...................................

...THE POUGHKEEPSIE NY CLIMATE SUMMARY FOR JUNE 1 2017...
VALID TODAY AS OF 0400 PM LOCAL TIME.

CLIMATE NORMAL PERIOD 1981 TO 2010
CLIMATE RECORD PERIOD 1949 TO 2017


WEATHER ITEM   OBSERVED TIME   RECORD YEAR NORMAL DEPARTURE LAST
                VALUE   (LST)  VALUE       VALUE  FROM      YEAR
                                                  NORMAL
..................................................................
TEMPERATURE (F)
 TODAY
  MAXIMUM         76    335 PM  98    1937  76      0       86
  MINIMUM         53    452 AM  35    2001  52      1       56
                                      1984
  AVERAGE         65                        64      1       71

PRECIPITATION (IN)
  TODAY            T             2.09 1952   0.16  -0.16     0.00
  MONTH TO DATE    T                         0.16  -0.16     0.00
  SINCE JUN 1      T                         0.16  -0.16     0.00
  SINCE JAN 1     16.56                     17.66  -1.10    12.16

DEGREE DAYS
 HEATING
  TODAY            0                         4     -4        0
  MONTH TO DATE    0                         4     -4        0
  SINCE JUN 1      0                         4     -4        0
  SINCE JUL 1   5664                      6166   -502     4769

 COOLING
  TODAY            0                         2     -2        6
  MONTH TO DATE    0                         2     -2        6
  SINCE JUN 1      0                         2     -2        6
  SINCE JAN 1     48                        38     10       87
..................................................................


WIND (MPH)
  HIGHEST WIND SPEED    16   HIGHEST WIND DIRECTION     W (290)
  HIGHEST GUST SPEED    23   HIGHEST GUST DIRECTION     W (290)
  AVERAGE WIND SPEED     6.1


SKY COVER
  AVERAGE SKY COVER 0.3



RELATIVE HUMIDITY (PERCENT)
 HIGHEST   100           200 AM
 LOWEST     36           300 PM
 AVERAGE    68

..........................................................


THE POUGHKEEPSIE NY CLIMATE NORMALS FOR TOMORROW
                         NORMAL    RECORD    YEAR
 MAXIMUM TEMPERATURE (F)   76        90      2007
                                             1944
                                             1934
 MINIMUM TEMPERATURE (F)   52        41      1933


SUNRISE AND SUNSET
JUNE  1 2017..........SUNRISE   524 AM EDT   SUNSET   824 PM EDT
JUNE  2 2017..........SUNRISE   523 AM EDT   SUNSET   824 PM EDT


-  INDICATES NEGATIVE NUMBERS.
R  INDICATES RECORD WAS SET OR TIED.
MM INDICATES DATA IS MISSING.
T  INDICATES TRACE AMOUNT.




RECORDS FOR KPOU DATE BACK TO 1949...
HOWEVER...DATA IS MISSING FROM JANUARY 1993 - JULY 2000.
$$
