000
CDUS41 KALY 142138
CLIPOU


CLIMATE REPORT
NATIONAL WEATHER SERVICE ALBANY NY
437 PM EST WED FEB 14 2018


...................................

...THE POUGHKEEPSIE NY CLIMATE SUMMARY FOR FEBRUARY 14 2018...
VALID TODAY AS OF 0400 PM LOCAL TIME.

CLIMATE NORMAL PERIOD 1981 TO 2010
CLIMATE RECORD PERIOD 1949 TO 2018


WEATHER ITEM   OBSERVED TIME   RECORD YEAR NORMAL DEPARTURE LAST
                VALUE   (LST)  VALUE       VALUE  FROM      YEAR
                                                  NORMAL
..................................................................
TEMPERATURE (F)
 TODAY
  MAXIMUM         45    400 PM  56    2011  39      6       39
  MINIMUM         27        MM -14    1979  18      9       15
  AVERAGE         36                        28      8       27

PRECIPITATION (IN)
  TODAY            0.00          0.97 1950   0.09  -0.09     0.00
  MONTH TO DATE    2.27                      1.30   0.97     1.41
  SINCE DEC 1      6.71                      7.91  -1.20     6.98
  SINCE JAN 1      5.15                      4.38   0.77     4.38

DEGREE DAYS
 HEATING
  TODAY           29                        37     -8       38
  MONTH TO DATE  519                       529    -10      505
  SINCE DEC 1   2899                      2803     96     2555
  SINCE JUL 1   3982                      4081    -99     3701

 COOLING
  TODAY            0                         0      0        0
  MONTH TO DATE    0                         0      0        0
  SINCE DEC 1      0                         0      0        0
  SINCE JAN 1      0                         0      0        0
..................................................................


WIND (MPH)
  HIGHEST WIND SPEED    13   HIGHEST WIND DIRECTION    SW (210)
  HIGHEST GUST SPEED    17   HIGHEST GUST DIRECTION    SW (240)
  AVERAGE WIND SPEED     4.4


SKY COVER
  AVERAGE SKY COVER 0.9



RELATIVE HUMIDITY (PERCENT)
 HIGHEST    85           600 AM
 LOWEST     58           300 PM
 AVERAGE    72

..........................................................


THE POUGHKEEPSIE NY CLIMATE NORMALS FOR TOMORROW
                         NORMAL    RECORD    YEAR
 MAXIMUM TEMPERATURE (F)   39        66      1954
 MINIMUM TEMPERATURE (F)   18        -4      1958


SUNRISE AND SUNSET
FEBRUARY 14 2018......SUNRISE   652 AM EST   SUNSET   528 PM EST
FEBRUARY 15 2018......SUNRISE   651 AM EST   SUNSET   529 PM EST


-  INDICATES NEGATIVE NUMBERS.
R  INDICATES RECORD WAS SET OR TIED.
MM INDICATES DATA IS MISSING.
T  INDICATES TRACE AMOUNT.




RECORDS FOR KPOU DATE BACK TO 1949...
HOWEVER...DATA IS MISSING FROM JANUARY 1993 - JULY 2000.
$$
