000
CDUS41 KALY 120625
CLIPOU


CLIMATE REPORT
NATIONAL WEATHER SERVICE ALBANY NY
123 AM EST FRI DEC 12 2014


...................................

...THE POUGHKEEPSIE NY CLIMATE SUMMARY FOR DECEMBER 11 2014...

CLIMATE NORMAL PERIOD 1981 TO 2010
CLIMATE RECORD PERIOD 1949 TO 2014


WEATHER ITEM   OBSERVED TIME   RECORD YEAR NORMAL DEPARTURE LAST
                VALUE   (LST)  VALUE       VALUE  FROM      YEAR
                                                  NORMAL
..................................................................
TEMPERATURE (F)
 YESTERDAY
  MAXIMUM         36    300 PM  63    1966  42     -6       31
  MINIMUM         29   1159 PM  -5    1958  24      5       24
  AVERAGE         33                        33      0       28

PRECIPITATION (IN)
  YESTERDAY        0.01          2.39 1952   0.12  -0.11     0.00
  MONTH TO DATE    2.39                      1.33   1.06     0.93
  SINCE DEC 1      2.39                      1.33   1.06     0.93
  SINCE JAN 1     33.53                     44.33 -10.80    37.51

DEGREE DAYS
 HEATING
  YESTERDAY       32                        32      0       37
  MONTH TO DATE  336                       335      1      330
  SINCE DEC 1    336                       335      1      330
  SINCE JUL 1   1487                      1613   -126     1573

 COOLING
  YESTERDAY        0                         0      0        0
  MONTH TO DATE    0                         0      0        0
  SINCE DEC 1      0                         0      0        0
  SINCE JAN 1    696                       672     24      829
..................................................................


WIND (MPH)
  HIGHEST WIND SPEED    17   HIGHEST WIND DIRECTION     W (250)
  HIGHEST GUST SPEED    26   HIGHEST GUST DIRECTION     W (250)
  AVERAGE WIND SPEED     7.1


SKY COVER
  AVERAGE SKY COVER 1.0



RELATIVE HUMIDITY (PERCENT)
 HIGHEST    78           100 AM
 LOWEST     56           100 PM
 AVERAGE    67

..........................................................


THE POUGHKEEPSIE NY CLIMATE NORMALS FOR TODAY
                         NORMAL    RECORD    YEAR
 MAXIMUM TEMPERATURE (F)   41        66      1979
 MINIMUM TEMPERATURE (F)   23        -3      1962


SUNRISE AND SUNSET
DECEMBER 12 2014......SUNRISE   713 AM EST   SUNSET   425 PM EST
DECEMBER 13 2014......SUNRISE   714 AM EST   SUNSET   426 PM EST


-  INDICATES NEGATIVE NUMBERS.
R  INDICATES RECORD WAS SET OR TIED.
MM INDICATES DATA IS MISSING.
T  INDICATES TRACE AMOUNT.





RECORDS FOR KPOU DATE BACK TO 1949...
HOWEVER...DATA IS MISSING FROM JANUARY 1993 - JULY 2000.
$$
