000
CDUS41 KALY 150623
CLIPOU


CLIMATE REPORT
NATIONAL WEATHER SERVICE ALBANY NY
222 AM EDT THU JUN 15 2017


...................................

...THE POUGHKEEPSIE NY CLIMATE SUMMARY FOR JUNE 14 2017...

CLIMATE NORMAL PERIOD 1981 TO 2010
CLIMATE RECORD PERIOD 1949 TO 2017


WEATHER ITEM   OBSERVED TIME   RECORD YEAR NORMAL DEPARTURE LAST
                VALUE   (LST)  VALUE       VALUE  FROM      YEAR
                                                  NORMAL
..................................................................
TEMPERATURE (F)
 YESTERDAY
  MAXIMUM         82    332 PM  95    1988  79      3       81
                                      1956
  MINIMUM         57   1159 PM  43    1979  56      1       48
                                      1978
  AVERAGE         70                        67      3       65

PRECIPITATION (IN)
  YESTERDAY        0.00          0.86 2008   0.15  -0.15     0.00
  MONTH TO DATE    1.17                      2.24  -1.07     1.23
  SINCE JUN 1      1.17                      2.24  -1.07     1.23
  SINCE JAN 1     17.73                     19.74  -2.01    13.39

DEGREE DAYS
 HEATING
  YESTERDAY        0                         2     -2        0
  MONTH TO DATE   49                        36     13        8
  SINCE JUN 1     49                        36     13        8
  SINCE JUL 1   5713                      6198   -485     4777

 COOLING
  YESTERDAY        5                         4      1        0
  MONTH TO DATE   43                        42      1       50
  SINCE JUN 1     43                        42      1       50
  SINCE JAN 1     91                        78     13      131
..................................................................


WIND (MPH)
  HIGHEST WIND SPEED    15   HIGHEST WIND DIRECTION     N (20)
  HIGHEST GUST SPEED    19   HIGHEST GUST DIRECTION     N (20)
  AVERAGE WIND SPEED     5.3


SKY COVER
  AVERAGE SKY COVER 0.0



RELATIVE HUMIDITY (PERCENT)
 HIGHEST    93           100 AM
 LOWEST     30           200 PM
 AVERAGE    62

..........................................................


THE POUGHKEEPSIE NY CLIMATE NORMALS FOR TODAY
                         NORMAL    RECORD    YEAR
 MAXIMUM TEMPERATURE (F)   80        95      1988
 MINIMUM TEMPERATURE (F)   56        39      1985


SUNRISE AND SUNSET
JUNE 15 2017..........SUNRISE   521 AM EDT   SUNSET   832 PM EDT
JUNE 16 2017..........SUNRISE   521 AM EDT   SUNSET   832 PM EDT


-  INDICATES NEGATIVE NUMBERS.
R  INDICATES RECORD WAS SET OR TIED.
MM INDICATES DATA IS MISSING.
T  INDICATES TRACE AMOUNT.




RECORDS FOR KPOU DATE BACK TO 1949...
HOWEVER...DATA IS MISSING FROM JANUARY 1993 - JULY 2000.
$$
