000
CDUS41 KALY 140624
CLIPOU


CLIMATE REPORT
NATIONAL WEATHER SERVICE ALBANY NY
123 AM EST SUN DEC 14 2014


...................................

...THE POUGHKEEPSIE NY CLIMATE SUMMARY FOR DECEMBER 13 2014...

CLIMATE NORMAL PERIOD 1981 TO 2010
CLIMATE RECORD PERIOD 1949 TO 2014


WEATHER ITEM   OBSERVED TIME   RECORD YEAR NORMAL DEPARTURE LAST
                VALUE   (LST)  VALUE       VALUE  FROM      YEAR
                                                  NORMAL
..................................................................
TEMPERATURE (F)
 YESTERDAY
  MAXIMUM         45    214 PM  61    1984  41      4       34
  MINIMUM         27    413 AM   1    1988  23      4       21
  AVERAGE         36                        32      4       28

PRECIPITATION (IN)
  YESTERDAY        0.00          2.74 1983   0.12  -0.12     0.00
  MONTH TO DATE    2.39                      1.56   0.83     0.93
  SINCE DEC 1      2.39                      1.56   0.83     0.93
  SINCE JAN 1     33.53                     44.56 -11.03    37.51

DEGREE DAYS
 HEATING
  YESTERDAY       29                        33     -4       37
  MONTH TO DATE  398                       401     -3      411
  SINCE DEC 1    398                       401     -3      411
  SINCE JUL 1   1549                      1679   -130     1654

 COOLING
  YESTERDAY        0                         0      0        0
  MONTH TO DATE    0                         0      0        0
  SINCE DEC 1      0                         0      0        0
  SINCE JAN 1    696                       672     24      829
..................................................................


WIND (MPH)
  HIGHEST WIND SPEED    16   HIGHEST WIND DIRECTION    NW (320)
  HIGHEST GUST SPEED    23   HIGHEST GUST DIRECTION    NW (300)
  AVERAGE WIND SPEED     2.7


SKY COVER
  AVERAGE SKY COVER 0.4



RELATIVE HUMIDITY (PERCENT)
 HIGHEST    92           600 AM
 LOWEST     45           100 PM
 AVERAGE    69

..........................................................


THE POUGHKEEPSIE NY CLIMATE NORMALS FOR TODAY
                         NORMAL    RECORD    YEAR
 MAXIMUM TEMPERATURE (F)   41        58      1991
 MINIMUM TEMPERATURE (F)   23        -6      1960


SUNRISE AND SUNSET
DECEMBER 14 2014......SUNRISE   715 AM EST   SUNSET   426 PM EST
DECEMBER 15 2014......SUNRISE   715 AM EST   SUNSET   426 PM EST


-  INDICATES NEGATIVE NUMBERS.
R  INDICATES RECORD WAS SET OR TIED.
MM INDICATES DATA IS MISSING.
T  INDICATES TRACE AMOUNT.





RECORDS FOR KPOU DATE BACK TO 1949...
HOWEVER...DATA IS MISSING FROM JANUARY 1993 - JULY 2000.
$$
