000
CDUS41 KALY 100624
CLIPOU


CLIMATE REPORT
NATIONAL WEATHER SERVICE ALBANY NY
123 AM EST TUE JAN 10 2017


...................................

...THE POUGHKEEPSIE NY CLIMATE SUMMARY FOR JANUARY 9 2017...

CLIMATE NORMAL PERIOD 1981 TO 2010
CLIMATE RECORD PERIOD 1949 TO 2017


WEATHER ITEM   OBSERVED TIME   RECORD YEAR NORMAL DEPARTURE LAST
                VALUE   (LST)  VALUE       VALUE  FROM      YEAR
                                                  NORMAL
..................................................................
TEMPERATURE (F)
 YESTERDAY
  MAXIMUM         22    342 PM  62    2008  35    -13       47
  MINIMUM         -1    700 AM -17    1968  16    -17       33
  AVERAGE         11                        25    -14       40

PRECIPITATION (IN)
  YESTERDAY        0.00          1.01 1978   0.10  -0.10     0.00
  MONTH TO DATE    0.50                      0.92  -0.42      T
  SINCE DEC 1      3.10                      4.45  -1.35     3.90
  SINCE JAN 1      0.50                      0.92  -0.42      T

DEGREE DAYS
 HEATING
  YESTERDAY       54                        40     14       25
  MONTH TO DATE  358                       352      6      309
  SINCE DEC 1   1398                      1403     -5      943
  SINCE JUL 1   2544                      2681   -137     1931

 COOLING
  YESTERDAY        0                         0      0        0
  MONTH TO DATE    0                         0      0        0
  SINCE DEC 1      0                         0      0        0
  SINCE JAN 1      0                         0      0        0
..................................................................


WIND (MPH)
  HIGHEST WIND SPEED    10   HIGHEST WIND DIRECTION    SW (230)
  HIGHEST GUST SPEED    12   HIGHEST GUST DIRECTION    SW (230)
  AVERAGE WIND SPEED     3.4


SKY COVER
  AVERAGE SKY COVER 0.1



RELATIVE HUMIDITY (PERCENT)
 HIGHEST    95           400 AM
 LOWEST     45           400 PM
 AVERAGE    70

..........................................................


THE POUGHKEEPSIE NY CLIMATE NORMALS FOR TODAY
                         NORMAL    RECORD    YEAR
 MAXIMUM TEMPERATURE (F)   35        65      2016
 MINIMUM TEMPERATURE (F)   16       -16      1968


SUNRISE AND SUNSET
JANUARY 10 2017.......SUNRISE   722 AM EST   SUNSET   445 PM EST
JANUARY 11 2017.......SUNRISE   721 AM EST   SUNSET   446 PM EST


-  INDICATES NEGATIVE NUMBERS.
R  INDICATES RECORD WAS SET OR TIED.
MM INDICATES DATA IS MISSING.
T  INDICATES TRACE AMOUNT.




RECORDS FOR KPOU DATE BACK TO 1949...
HOWEVER...DATA IS MISSING FROM JANUARY 1993 - JULY 2000.
$$
