000
CDUS41 KALY 100623
CLIPOU


CLIMATE REPORT
NATIONAL WEATHER SERVICE ALBANY NY
122 AM EST THU NOV 10 2016


...................................

...THE POUGHKEEPSIE NY CLIMATE SUMMARY FOR NOVEMBER 9 2016...

CLIMATE NORMAL PERIOD 1981 TO 2010
CLIMATE RECORD PERIOD 1949 TO 2016


WEATHER ITEM   OBSERVED TIME   RECORD YEAR NORMAL DEPARTURE LAST
                VALUE   (LST)  VALUE       VALUE  FROM      YEAR
                                                  NORMAL
..................................................................
TEMPERATURE (F)
 YESTERDAY
  MAXIMUM         49    323 PM  75    1975  55     -6       60
  MINIMUM         35    113 AM  14    1992  32      3       27
  AVERAGE         42                        44     -2       44

PRECIPITATION (IN)
  YESTERDAY        0.03          0.60 2005   0.11  -0.08     0.00
  MONTH TO DATE    0.03                      1.04  -1.01     0.00
  SINCE SEP 1      3.50                      9.79  -6.29     5.14
  SINCE JAN 1     25.82                     40.57 -14.75    24.10

DEGREE DAYS
 HEATING
  YESTERDAY       23                        21      2       21
  MONTH TO DATE  175                       181     -6       99
  SINCE SEP 1    635                       740   -105      533
  SINCE JUL 1    637                       757   -120      533

 COOLING
  YESTERDAY        0                         0      0        0
  MONTH TO DATE    0                         0      0        2
  SINCE SEP 1    111                        68     43      159
  SINCE JAN 1   1053                       672    381      964
..................................................................


WIND (MPH)
  HIGHEST WIND SPEED    15   HIGHEST WIND DIRECTION     N (10)
  HIGHEST GUST SPEED    21   HIGHEST GUST DIRECTION     N (10)
  AVERAGE WIND SPEED     2.5


SKY COVER
  AVERAGE SKY COVER 0.7



RELATIVE HUMIDITY (PERCENT)
 HIGHEST    93           500 PM
 LOWEST     82          1200 AM
 AVERAGE    88

..........................................................


THE POUGHKEEPSIE NY CLIMATE NORMALS FOR TODAY
                         NORMAL    RECORD    YEAR
 MAXIMUM TEMPERATURE (F)   55        69      1964
 MINIMUM TEMPERATURE (F)   32        16      1965


SUNRISE AND SUNSET
NOVEMBER 10 2016......SUNRISE   639 AM EST   SUNSET   440 PM EST
NOVEMBER 11 2016......SUNRISE   640 AM EST   SUNSET   439 PM EST


-  INDICATES NEGATIVE NUMBERS.
R  INDICATES RECORD WAS SET OR TIED.
MM INDICATES DATA IS MISSING.
T  INDICATES TRACE AMOUNT.




RECORDS FOR KPOU DATE BACK TO 1949...
HOWEVER...DATA IS MISSING FROM JANUARY 1993 - JULY 2000.
$$
