022
CDUS41 KALY 120622
CLIPOU


CLIMATE REPORT
NATIONAL WEATHER SERVICE ALBANY NY
221 AM EDT FRI MAY 12 2017


...................................

...THE POUGHKEEPSIE NY CLIMATE SUMMARY FOR MAY 11 2017...

CLIMATE NORMAL PERIOD 1981 TO 2010
CLIMATE RECORD PERIOD 1949 TO 2017


WEATHER ITEM   OBSERVED TIME   RECORD YEAR NORMAL DEPARTURE LAST
                VALUE   (LST)  VALUE       VALUE  FROM      YEAR
                                                  NORMAL
..................................................................
TEMPERATURE (F)
 YESTERDAY
  MAXIMUM         64    409 PM  91    1953  70     -6       78
  MINIMUM         32    429 AM  28    2010  45    -13       38
  AVERAGE         48                        57     -9       58

PRECIPITATION (IN)
  YESTERDAY        0.00          2.58 1981   0.13  -0.13     0.00
  MONTH TO DATE    1.47                      1.40   0.07     2.02
  SINCE MAR 1      9.16                      8.75   0.41     5.29
  SINCE JAN 1     14.03                     14.49  -0.46    10.97

DEGREE DAYS
 HEATING
  YESTERDAY       17                         8      9        7
  MONTH TO DATE  146                       106     40      122
  SINCE MAR 1   1508                      1474     34     1175
  SINCE JUL 1   5550                      6045   -495     4707

 COOLING
  YESTERDAY        0                         1     -1        0
  MONTH TO DATE    0                         5     -5        0
  SINCE MAR 1     17                        10      7        4
  SINCE JAN 1     17                        10      7        4
..................................................................


WIND (MPH)
  HIGHEST WIND SPEED    12   HIGHEST WIND DIRECTION     N (10)
  HIGHEST GUST SPEED    16   HIGHEST GUST DIRECTION     N (10)
  AVERAGE WIND SPEED     2.6


SKY COVER
  AVERAGE SKY COVER 0.2



RELATIVE HUMIDITY (PERCENT)
 HIGHEST    96           300 AM
 LOWEST     36           300 PM
 AVERAGE    66

..........................................................


THE POUGHKEEPSIE NY CLIMATE NORMALS FOR TODAY
                         NORMAL    RECORD    YEAR
 MAXIMUM TEMPERATURE (F)   70        94      1936
 MINIMUM TEMPERATURE (F)   45        30      1983


SUNRISE AND SUNSET
MAY 12 2017...........SUNRISE   539 AM EDT   SUNSET   805 PM EDT
MAY 13 2017...........SUNRISE   538 AM EDT   SUNSET   806 PM EDT


-  INDICATES NEGATIVE NUMBERS.
R  INDICATES RECORD WAS SET OR TIED.
MM INDICATES DATA IS MISSING.
T  INDICATES TRACE AMOUNT.




RECORDS FOR KPOU DATE BACK TO 1949...
HOWEVER...DATA IS MISSING FROM JANUARY 1993 - JULY 2000.
$$
