000
CDUS41 KALY 052149
CLIPOU


CLIMATE REPORT
NATIONAL WEATHER SERVICE ALBANY NY
448 PM EST WED NOV 5 2014


...................................

...THE POUGHKEEPSIE NY CLIMATE SUMMARY FOR NOVEMBER 5 2014...
VALID TODAY AS OF 0400 PM LOCAL TIME.

CLIMATE NORMAL PERIOD 1981 TO 2010
CLIMATE RECORD PERIOD 1949 TO 2014


WEATHER ITEM   OBSERVED TIME   RECORD YEAR NORMAL DEPARTURE LAST
                VALUE   (LST)  VALUE       VALUE  FROM      YEAR
                                                  NORMAL
..................................................................
TEMPERATURE (F)
 TODAY
  MAXIMUM         63   1141 AM  76    2005  56      7       54
  MINIMUM         46    520 AM  19    1952  33     13       26
  AVERAGE         55                        45     10       40

PRECIPITATION (IN)
  TODAY            0.00          2.18 1969   0.12  -0.12     0.00
  MONTH TO DATE    0.10                      0.60  -0.50     0.27
  SINCE SEP 1      4.38                      9.35  -4.97     4.20
  SINCE JAN 1     29.05                     40.13 -11.08    34.42

DEGREE DAYS
 HEATING
  TODAY           10                        20    -10       25
  MONTH TO DATE   80                        98    -18      102
  SINCE SEP 1    484                       657   -173      587
  SINCE JUL 1    489                       674   -185      590

 COOLING
  TODAY            0                         0      0        0
  MONTH TO DATE    0                         0      0        0
  SINCE SEP 1     99                        68     31       72
  SINCE JAN 1    696                       672     24      829
..................................................................


WIND (MPH)
  HIGHEST WIND SPEED    13   HIGHEST WIND DIRECTION    SW (240)
  HIGHEST GUST SPEED    21   HIGHEST GUST DIRECTION     W (270)
  AVERAGE WIND SPEED     4.1


SKY COVER
  AVERAGE SKY COVER 0.2



RELATIVE HUMIDITY (PERCENT)
 HIGHEST    77           700 AM
 LOWEST     29           300 PM
 AVERAGE    53

..........................................................


THE POUGHKEEPSIE NY CLIMATE NORMALS FOR TOMORROW
                         NORMAL    RECORD    YEAR
 MAXIMUM TEMPERATURE (F)   56        73      1978
 MINIMUM TEMPERATURE (F)   33        17      1951


SUNRISE AND SUNSET
NOVEMBER  5 2014......SUNRISE   632 AM EST   SUNSET   445 PM EST
NOVEMBER  6 2014......SUNRISE   633 AM EST   SUNSET   444 PM EST


-  INDICATES NEGATIVE NUMBERS.
R  INDICATES RECORD WAS SET OR TIED.
MM INDICATES DATA IS MISSING.
T  INDICATES TRACE AMOUNT.





RECORDS FOR KPOU DATE BACK TO 1949...
HOWEVER...DATA IS MISSING FROM JANUARY 1993 - JULY 2000.
$$
