000
CDUS41 KALY 080622
CLIPOU


CLIMATE REPORT
NATIONAL WEATHER SERVICE ALBANY NY
222 AM EDT WED OCT 8 2014


...................................

...THE POUGHKEEPSIE NY CLIMATE SUMMARY FOR OCTOBER 7 2014...

CLIMATE NORMAL PERIOD 1981 TO 2010
CLIMATE RECORD PERIOD 1949 TO 2014


WEATHER ITEM   OBSERVED TIME   RECORD YEAR NORMAL DEPARTURE LAST
                VALUE   (LST)  VALUE       VALUE  FROM      YEAR
                                                  NORMAL
..................................................................
TEMPERATURE (F)
 YESTERDAY
  MAXIMUM         76    207 PM  88    1963  66     10       76
  MINIMUM         52   1233 AM  24    1984  42     10       51
  AVERAGE         64                        54     10       64

PRECIPITATION (IN)
  YESTERDAY        0.03          2.51 1972   0.15  -0.12     0.64
  MONTH TO DATE    0.44                      1.03  -0.59     1.27
  SINCE SEP 1      0.96                      5.31  -4.35     3.59
  SINCE JAN 1     25.63                     36.09 -10.46    33.81

DEGREE DAYS
 HEATING
  YESTERDAY        1                        11    -10        1
  MONTH TO DATE   40                        70    -30       11
  SINCE SEP 1    129                       193    -64      151
  SINCE JUL 1    134                       210    -76      154

 COOLING
  YESTERDAY        0                         0      0        0
  MONTH TO DATE    0                         0      0        5
  SINCE SEP 1     86                        64     22       69
  SINCE JAN 1    683                       668     15      826
..................................................................


WIND (MPH)
  HIGHEST WIND SPEED    17   HIGHEST WIND DIRECTION    SW (230)
  HIGHEST GUST SPEED    23   HIGHEST GUST DIRECTION     S (170)
  AVERAGE WIND SPEED     7.3


SKY COVER
  AVERAGE SKY COVER 0.6



RELATIVE HUMIDITY (PERCENT)
 HIGHEST    89          1200 AM
 LOWEST     33           200 PM
 AVERAGE    61

..........................................................


THE POUGHKEEPSIE NY CLIMATE NORMALS FOR TODAY
                         NORMAL    RECORD    YEAR
 MAXIMUM TEMPERATURE (F)   66        89      2007
 MINIMUM TEMPERATURE (F)   42        21      1964


SUNRISE AND SUNSET
OCTOBER  8 2014.......SUNRISE   700 AM EDT   SUNSET   626 PM EDT
OCTOBER  9 2014.......SUNRISE   701 AM EDT   SUNSET   624 PM EDT


-  INDICATES NEGATIVE NUMBERS.
R  INDICATES RECORD WAS SET OR TIED.
MM INDICATES DATA IS MISSING.
T  INDICATES TRACE AMOUNT.






RECORDS FOR KPOU DATE BACK TO 1949...
HOWEVER...DATA IS MISSING FROM JANUARY 1993 - JULY 2000.
$$
