000
CDUS41 KALY 050627
CLIPOU


CLIMATE REPORT
NATIONAL WEATHER SERVICE ALBANY NY
125 AM EST SUN MAR 5 2017


...................................

...THE POUGHKEEPSIE NY CLIMATE SUMMARY FOR MARCH 4 2017...

CLIMATE NORMAL PERIOD 1981 TO 2010
CLIMATE RECORD PERIOD 1949 TO 2017


WEATHER ITEM   OBSERVED TIME   RECORD YEAR NORMAL DEPARTURE LAST
                VALUE   (LST)  VALUE       VALUE  FROM      YEAR
                                                  NORMAL
..................................................................
TEMPERATURE (F)
 YESTERDAY
  MAXIMUM         27   1249 PM  67    1974  44    -17       41
  MINIMUM         12   1159 PM  -7    1950  22    -10       24
  AVERAGE         20                        33    -13       33

PRECIPITATION (IN)
  YESTERDAY        0.00          1.04 1977   0.11  -0.11      T
  MONTH TO DATE    0.09                      0.43  -0.34     0.10
  SINCE MAR 1      0.09                      0.43  -0.34     0.10
  SINCE JAN 1      4.26                      6.17  -1.91     5.78

DEGREE DAYS
 HEATING
  YESTERDAY       45                        32     13       32
  MONTH TO DATE  109                       131    -22      117
  SINCE MAR 1    109                       131    -22      117
  SINCE JUL 1   4151                      4702   -551     3649

 COOLING
  YESTERDAY        0                         0      0        0
  MONTH TO DATE    0                         0      0        0
  SINCE MAR 1      0                         0      0        0
  SINCE JAN 1      0                         0      0        0
..................................................................


WIND (MPH)
  HIGHEST WIND SPEED    26   HIGHEST WIND DIRECTION    NW (320)
  HIGHEST GUST SPEED    36   HIGHEST GUST DIRECTION     W (280)
  AVERAGE WIND SPEED    11.6


SKY COVER
  AVERAGE SKY COVER 0.3



RELATIVE HUMIDITY (PERCENT)
 HIGHEST    59           500 AM
 LOWEST     22           300 PM
 AVERAGE    41

..........................................................


THE POUGHKEEPSIE NY CLIMATE NORMALS FOR TODAY
                         NORMAL    RECORD    YEAR
 MAXIMUM TEMPERATURE (F)   44        71      1964
 MINIMUM TEMPERATURE (F)   22        -1      1969


SUNRISE AND SUNSET
MARCH  5 2017.........SUNRISE   623 AM EST   SUNSET   551 PM EST
MARCH  6 2017.........SUNRISE   622 AM EST   SUNSET   552 PM EST


-  INDICATES NEGATIVE NUMBERS.
R  INDICATES RECORD WAS SET OR TIED.
MM INDICATES DATA IS MISSING.
T  INDICATES TRACE AMOUNT.




RECORDS FOR KPOU DATE BACK TO 1949...
HOWEVER...DATA IS MISSING FROM JANUARY 1993 - JULY 2000.
$$
