000
CDUS41 KALY 010622
CLIPOU


CLIMATE REPORT
NATIONAL WEATHER SERVICE ALBANY NY
221 AM EDT MON MAY 1 2017


...................................

...THE POUGHKEEPSIE NY CLIMATE SUMMARY FOR APRIL 30 2017...

CLIMATE NORMAL PERIOD 1981 TO 2010
CLIMATE RECORD PERIOD 1949 TO 2017


WEATHER ITEM   OBSERVED TIME   RECORD YEAR NORMAL DEPARTURE LAST
                VALUE   (LST)  VALUE       VALUE  FROM      YEAR
                                                  NORMAL
..................................................................
TEMPERATURE (F)
 YESTERDAY
  MAXIMUM         59   1227 AM  86    1985  67     -8       65
  MINIMUM         49    517 AM  28    2012  41      8       46
  AVERAGE         54                        54      0       56

PRECIPITATION (IN)
  YESTERDAY        0.01          1.70 2014   0.13  -0.12     0.00
  MONTH TO DATE    2.38                      3.78  -1.40     2.23
  SINCE MAR 1      7.69                      7.35   0.34     3.27
  SINCE JAN 1     12.56                     13.09  -0.53     8.95

DEGREE DAYS
 HEATING
  YESTERDAY       11                        11      0        9
  MONTH TO DATE  367                       493   -126      470
  SINCE MAR 1   1362                      1368     -6     1053
  SINCE JUL 1   5404                      5939   -535     4585

 COOLING
  YESTERDAY        0                         0      0        0
  MONTH TO DATE   17                         5     12        4
  SINCE MAR 1     17                         5     12        4
  SINCE JAN 1     17                         5     12        4
..................................................................


WIND (MPH)
  HIGHEST WIND SPEED    14   HIGHEST WIND DIRECTION     N (360)
  HIGHEST GUST SPEED    18   HIGHEST GUST DIRECTION    SE (150)
  AVERAGE WIND SPEED     6.4


SKY COVER
  AVERAGE SKY COVER 0.7



RELATIVE HUMIDITY (PERCENT)
 HIGHEST    71           400 PM
 LOWEST     46           900 AM
 AVERAGE    59

..........................................................


THE POUGHKEEPSIE NY CLIMATE NORMALS FOR TODAY
                         NORMAL    RECORD    YEAR
 MAXIMUM TEMPERATURE (F)   67        88      2010
 MINIMUM TEMPERATURE (F)   42        26      2008


SUNRISE AND SUNSET
MAY  1 2017...........SUNRISE   552 AM EDT   SUNSET   754 PM EDT
MAY  2 2017...........SUNRISE   551 AM EDT   SUNSET   755 PM EDT


-  INDICATES NEGATIVE NUMBERS.
R  INDICATES RECORD WAS SET OR TIED.
MM INDICATES DATA IS MISSING.
T  INDICATES TRACE AMOUNT.




RECORDS FOR KPOU DATE BACK TO 1949...
HOWEVER...DATA IS MISSING FROM JANUARY 1993 - JULY 2000.
$$
