000
CDUS41 KALY 042154
CLIPOU


CLIMATE REPORT
NATIONAL WEATHER SERVICE ALBANY NY
454 PM EST MON DEC 4 2017


...................................

...THE POUGHKEEPSIE NY CLIMATE SUMMARY FOR DECEMBER 4 2017...
VALID TODAY AS OF 0400 PM LOCAL TIME.

CLIMATE NORMAL PERIOD 1981 TO 2010
CLIMATE RECORD PERIOD 1949 TO 2017


WEATHER ITEM   OBSERVED TIME   RECORD YEAR NORMAL DEPARTURE LAST
                VALUE   (LST)  VALUE       VALUE  FROM      YEAR
                                                  NORMAL
..................................................................
TEMPERATURE (F)
 TODAY
  MAXIMUM         36    446 PM  69    1982  45     -9       40
  MINIMUM         25    143 AM   2    1949  26     -1       24
  AVERAGE         31                        35     -4       32

PRECIPITATION (IN)
  TODAY            0.00          1.34 1968   0.12  -0.12     0.00
  MONTH TO DATE    0.01                      0.49  -0.48     0.29
  SINCE DEC 1      0.01                      0.49  -0.48     0.29
  SINCE JAN 1     35.55                     43.49  -7.94    30.81

DEGREE DAYS
 HEATING
  TODAY           34                        30      4       33
  MONTH TO DATE  122                       117      5       99
  SINCE DEC 1    122                       117      5       99
  SINCE JUL 1   1205                      1395   -190     1245

 COOLING
  TODAY            0                         0      0        0
  MONTH TO DATE    0                         0      0        0
  SINCE DEC 1      0                         0      0        0
  SINCE JAN 1    718                       672     46     1053
..................................................................


WIND (MPH)
  HIGHEST WIND SPEED     5   HIGHEST WIND DIRECTION     S (180)
  HIGHEST GUST SPEED     6   HIGHEST GUST DIRECTION     S (190)
  AVERAGE WIND SPEED     0.2


SKY COVER
  AVERAGE SKY COVER 0.9



RELATIVE HUMIDITY (PERCENT)
 HIGHEST   100           300 AM
 LOWEST     88          1200 AM
 AVERAGE    94

..........................................................


THE POUGHKEEPSIE NY CLIMATE NORMALS FOR TOMORROW
                         NORMAL    RECORD    YEAR
 MAXIMUM TEMPERATURE (F)   44        66      2001
 MINIMUM TEMPERATURE (F)   26         7      1989
                                             1966


SUNRISE AND SUNSET
DECEMBER  4 2017......SUNRISE   706 AM EST   SUNSET   425 PM EST
DECEMBER  5 2017......SUNRISE   707 AM EST   SUNSET   425 PM EST


-  INDICATES NEGATIVE NUMBERS.
R  INDICATES RECORD WAS SET OR TIED.
MM INDICATES DATA IS MISSING.
T  INDICATES TRACE AMOUNT.




RECORDS FOR KPOU DATE BACK TO 1949...
HOWEVER...DATA IS MISSING FROM JANUARY 1993 - JULY 2000.
$$
