000
CDUS41 KALY 310626
CLIPOU


CLIMATE REPORT
NATIONAL WEATHER SERVICE ALBANY NY
225 AM EDT FRI MAR 31 2017


...................................

...THE POUGHKEEPSIE NY CLIMATE SUMMARY FOR MARCH 30 2017...

CLIMATE NORMAL PERIOD 1981 TO 2010
CLIMATE RECORD PERIOD 1949 TO 2017


WEATHER ITEM   OBSERVED TIME   RECORD YEAR NORMAL DEPARTURE LAST
                VALUE   (LST)  VALUE       VALUE  FROM      YEAR
                                                  NORMAL
..................................................................
TEMPERATURE (F)
 YESTERDAY
  MAXIMUM         50    227 PM  84    1977  54     -4       60
  MINIMUM         26    609 AM  15    1970  31     -5       24
  AVERAGE         38                        42     -4       42

PRECIPITATION (IN)
  YESTERDAY        0.01          1.63 2001   0.12  -0.11     0.00
  MONTH TO DATE    4.57                      3.45   1.12     1.04
  SINCE MAR 1      4.57                      3.45   1.12     1.04
  SINCE JAN 1      9.44                      9.19   0.25     6.72

DEGREE DAYS
 HEATING
  YESTERDAY       27                        23      4       23
  MONTH TO DATE  967                       851    116      577
  SINCE MAR 1    967                       851    116      577
  SINCE JUL 1   5009                      5422   -413     4109

 COOLING
  YESTERDAY        0                         0      0        0
  MONTH TO DATE    0                         0      0        0
  SINCE MAR 1      0                         0      0        0
  SINCE JAN 1      0                         0      0        0
..................................................................


WIND (MPH)
  HIGHEST WIND SPEED    15   HIGHEST WIND DIRECTION     N (20)
  HIGHEST GUST SPEED    22   HIGHEST GUST DIRECTION    NE (30)
  AVERAGE WIND SPEED     4.1


SKY COVER
  AVERAGE SKY COVER 0.3



RELATIVE HUMIDITY (PERCENT)
 HIGHEST    92           700 AM
 LOWEST     29           300 PM
 AVERAGE    61

..........................................................


THE POUGHKEEPSIE NY CLIMATE NORMALS FOR TODAY
                         NORMAL    RECORD    YEAR
 MAXIMUM TEMPERATURE (F)   54        74      2016
 MINIMUM TEMPERATURE (F)   31        16      1950


SUNRISE AND SUNSET
MARCH 31 2017.........SUNRISE   640 AM EDT   SUNSET   720 PM EDT
APRIL  1 2017.........SUNRISE   638 AM EDT   SUNSET   721 PM EDT


-  INDICATES NEGATIVE NUMBERS.
R  INDICATES RECORD WAS SET OR TIED.
MM INDICATES DATA IS MISSING.
T  INDICATES TRACE AMOUNT.




RECORDS FOR KPOU DATE BACK TO 1949...
HOWEVER...DATA IS MISSING FROM JANUARY 1993 - JULY 2000.
$$
