000
CDUS41 KALY 172203
CLIPOU


CLIMATE REPORT
NATIONAL WEATHER SERVICE ALBANY NY
502 PM EST SUN DEC 17 2017


...................................

...THE POUGHKEEPSIE NY CLIMATE SUMMARY FOR DECEMBER 17 2017...
VALID TODAY AS OF 0400 PM LOCAL TIME.

CLIMATE NORMAL PERIOD 1981 TO 2010
CLIMATE RECORD PERIOD 1949 TO 2017


WEATHER ITEM   OBSERVED TIME   RECORD YEAR NORMAL DEPARTURE LAST
                VALUE   (LST)  VALUE       VALUE  FROM      YEAR
                                                  NORMAL
..................................................................
TEMPERATURE (F)
 TODAY
  MAXIMUM         30    409 PM  63    2000  40    -10       34
  MINIMUM         15    752 AM   0    1980  21     -6       20
  AVERAGE         23                        30     -7       27

PRECIPITATION (IN)
  TODAY            0.00          1.76 2000   0.11  -0.11     0.62
  MONTH TO DATE    0.70                      2.00  -1.30     1.78
  SINCE DEC 1      0.70                      2.00  -1.30     1.78
  SINCE JAN 1     36.24                     45.00  -8.76    32.30

DEGREE DAYS
 HEATING
  TODAY           42                        34      8       38
  MONTH TO DATE  576                       536     40      561
  SINCE DEC 1    576                       536     40      561
  SINCE JUL 1   1659                      1814   -155     1707

 COOLING
  TODAY            0                         0      0        0
  MONTH TO DATE    0                         0      0        0
  SINCE DEC 1      0                         0      0        0
  SINCE JAN 1    718                       672     46     1053
..................................................................


WIND (MPH)
  HIGHEST WIND SPEED     7   HIGHEST WIND DIRECTION     N (340)
  HIGHEST GUST SPEED     9   HIGHEST GUST DIRECTION     N (340)
  AVERAGE WIND SPEED     1.1


SKY COVER
  AVERAGE SKY COVER 0.7



RELATIVE HUMIDITY (PERCENT)
 HIGHEST    84           200 AM
 LOWEST     53           300 PM
 AVERAGE    69

..........................................................


THE POUGHKEEPSIE NY CLIMATE NORMALS FOR TOMORROW
                         NORMAL    RECORD    YEAR
 MAXIMUM TEMPERATURE (F)   39        55      1954
 MINIMUM TEMPERATURE (F)   21        -2      1989


SUNRISE AND SUNSET
DECEMBER 17 2017......SUNRISE   717 AM EST   SUNSET   427 PM EST
DECEMBER 18 2017......SUNRISE   717 AM EST   SUNSET   427 PM EST


-  INDICATES NEGATIVE NUMBERS.
R  INDICATES RECORD WAS SET OR TIED.
MM INDICATES DATA IS MISSING.
T  INDICATES TRACE AMOUNT.




RECORDS FOR KPOU DATE BACK TO 1949...
HOWEVER...DATA IS MISSING FROM JANUARY 1993 - JULY 2000.
$$
