000
CDUS41 KALY 190633
CLIPOU


CLIMATE REPORT
NATIONAL WEATHER SERVICE ALBANY NY
233 AM EDT SAT AUG 19 2017


...................................

...THE POUGHKEEPSIE NY CLIMATE SUMMARY FOR AUGUST 18 2017...

CLIMATE NORMAL PERIOD 1981 TO 2010
CLIMATE RECORD PERIOD 1949 TO 2017


WEATHER ITEM   OBSERVED TIME   RECORD YEAR NORMAL DEPARTURE LAST
                VALUE   (LST)  VALUE       VALUE  FROM      YEAR
                                                  NORMAL
..................................................................
TEMPERATURE (F)
 YESTERDAY
  MAXIMUM         81    348 PM  94    2002  83     -2       88
  MINIMUM         70    115 AM  43    1954  60     10       69
  AVERAGE         76                        71      5       79

PRECIPITATION (IN)
  YESTERDAY        0.43          3.67 1955   0.13   0.30     0.07
  MONTH TO DATE    4.33                      2.59   1.74     1.49
  SINCE JUN 1     11.31                     11.67  -0.36     9.45
  SINCE JAN 1     27.87                     29.17  -1.30    21.61

DEGREE DAYS
 HEATING
  YESTERDAY        0                         0      0        0
  MONTH TO DATE    3                         0      3        0
  SINCE JUN 1     56                        54      2        8
  SINCE JUL 1      6                         5      1        0

 COOLING
  YESTERDAY       11                         6      5       14
  MONTH TO DATE  110                       132    -22      232
  SINCE JUN 1    480                       499    -19      767
  SINCE JAN 1    528                       535     -7      848
..................................................................


WIND (MPH)
  HIGHEST WIND SPEED    13   HIGHEST WIND DIRECTION    SW (210)
  HIGHEST GUST SPEED    20   HIGHEST GUST DIRECTION    SW (210)
  AVERAGE WIND SPEED     3.8


SKY COVER
  AVERAGE SKY COVER 0.6



RELATIVE HUMIDITY (PERCENT)
 HIGHEST    93           800 PM
 LOWEST     78          1200 AM
 AVERAGE    86

..........................................................


THE POUGHKEEPSIE NY CLIMATE NORMALS FOR TODAY
                         NORMAL    RECORD    YEAR
 MAXIMUM TEMPERATURE (F)   82        94      2003
 MINIMUM TEMPERATURE (F)   60        44      1953


SUNRISE AND SUNSET
AUGUST 19 2017........SUNRISE   608 AM EDT   SUNSET   749 PM EDT
AUGUST 20 2017........SUNRISE   609 AM EDT   SUNSET   747 PM EDT


-  INDICATES NEGATIVE NUMBERS.
R  INDICATES RECORD WAS SET OR TIED.
MM INDICATES DATA IS MISSING.
T  INDICATES TRACE AMOUNT.




RECORDS FOR KPOU DATE BACK TO 1949...
HOWEVER...DATA IS MISSING FROM JANUARY 1993 - JULY 2000.
$$
