000
CDUS41 KALY 180625
CLIPOU


CLIMATE REPORT
NATIONAL WEATHER SERVICE ALBANY NY
223 AM EDT WED OCT 18 2017


...................................

...THE POUGHKEEPSIE NY CLIMATE SUMMARY FOR OCTOBER 17 2017...

CLIMATE NORMAL PERIOD 1981 TO 2010
CLIMATE RECORD PERIOD 1949 TO 2017


WEATHER ITEM   OBSERVED TIME   RECORD YEAR NORMAL DEPARTURE LAST
                VALUE   (LST)  VALUE       VALUE  FROM      YEAR
                                                  NORMAL
..................................................................
TEMPERATURE (F)
 YESTERDAY
  MAXIMUM         58    430 PM  82    1956  63     -5       76
  MINIMUM         30    635 AM  25    1978  38     -8       56
  AVERAGE         44                        50     -6       66

PRECIPITATION (IN)
  YESTERDAY        0.00          0.84 1977   0.14  -0.14     0.01
  MONTH TO DATE    1.23                      2.54  -1.31     0.04
  SINCE SEP 1      2.98                      6.82  -3.84     0.97
  SINCE JAN 1     32.08                     37.60  -5.52    23.29

DEGREE DAYS
 HEATING
  YESTERDAY       21                        15      6        0
  MONTH TO DATE   99                       201   -102      182
  SINCE SEP 1    192                       324   -132      253
  SINCE JUL 1    212                       341   -129      255

 COOLING
  YESTERDAY        0                         0      0        1
  MONTH TO DATE   27                         0     27        1
  SINCE SEP 1    141                        64     77      108
  SINCE JAN 1    715                       668     47     1050
..................................................................


WIND (MPH)
  HIGHEST WIND SPEED     8   HIGHEST WIND DIRECTION     S (170)
  HIGHEST GUST SPEED    12   HIGHEST GUST DIRECTION     S (160)
  AVERAGE WIND SPEED     1.6


SKY COVER
  AVERAGE SKY COVER 0.0



RELATIVE HUMIDITY (PERCENT)
 HIGHEST    96           200 AM
 LOWEST     36           300 PM
 AVERAGE    66

..........................................................


THE POUGHKEEPSIE NY CLIMATE NORMALS FOR TODAY
                         NORMAL    RECORD    YEAR
 MAXIMUM TEMPERATURE (F)   62        84      2016
 MINIMUM TEMPERATURE (F)   38        21      1978


SUNRISE AND SUNSET
OCTOBER 18 2017.......SUNRISE   711 AM EDT   SUNSET   609 PM EDT
OCTOBER 19 2017.......SUNRISE   712 AM EDT   SUNSET   608 PM EDT


-  INDICATES NEGATIVE NUMBERS.
R  INDICATES RECORD WAS SET OR TIED.
MM INDICATES DATA IS MISSING.
T  INDICATES TRACE AMOUNT.




RECORDS FOR KPOU DATE BACK TO 1949...
HOWEVER...DATA IS MISSING FROM JANUARY 1993 - JULY 2000.
$$
