000
CDUS41 KALY 020628
CLIPOU


CLIMATE REPORT
NATIONAL WEATHER SERVICE ALBANY NY
225 AM EDT WED APR 2 2014




THE POUGHKEEPSIE NY CLIMATE SUMMARY FOR APRIL 1 2014...

CLIMATE NORMAL PERIOD 1981 TO 2010
CLIMATE RECORD PERIOD 1949 TO 2014


WEATHER ITEM   OBSERVED TIME   RECORD YEAR NORMAL DEPARTURE LAST
                VALUE   (LST)  VALUE       VALUE  FROM      YEAR
                                                  NORMAL

TEMPERATURE (F)
 YESTERDAY
  MAXIMUM         59    420 PM  76    1978  55      4       60
  MINIMUM         30    554 AM  14    1964  31     -1       33
  AVERAGE         45                        43      2       47

PRECIPITATION (IN)
  YESTERDAY        0.00          2.18 1973   0.12  -0.12      T
  MONTH TO DATE    0.00                      0.12  -0.12      T
  SINCE MAR 1      2.75                      3.69  -0.94     1.48
  SINCE JAN 1      7.03                      9.43  -2.40     5.14

DEGREE DAYS
 HEATING
  YESTERDAY       20                        22     -2       18
  MONTH TO DATE   20                        22     -2       18
  SINCE MAR 1   1047                       896    151      886
  SINCE JUL 1   5750                      5467    283     5007

 COOLING
  YESTERDAY        0                         0      0        0
  MONTH TO DATE    0                         0      0        0
  SINCE MAR 1      0                         0      0        0
  SINCE JAN 1      0                         0      0        0



WIND (MPH)
  HIGHEST WIND SPEED    14   HIGHEST WIND DIRECTION     N (10)
  HIGHEST GUST SPEED    19   HIGHEST GUST DIRECTION     N (20)
  AVERAGE WIND SPEED     4.0


SKY COVER
  AVERAGE SKY COVER 0.0



RELATIVE HUMIDITY (PERCENT)
 HIGHEST    78           600 AM
 LOWEST     33           200 PM
 AVERAGE    56




THE POUGHKEEPSIE NY CLIMATE NORMALS FOR TODAY
                         NORMAL    RECORD    YEAR
 MAXIMUM TEMPERATURE (F)   55        79      1963
 MINIMUM TEMPERATURE (F)   32        14      1964


SUNRISE AND SUNSET
APRIL  2 2014.........SUNRISE   637 AM EDT   SUNSET   722 PM EDT
APRIL  3 2014.........SUNRISE   635 AM EDT   SUNSET   723 PM EDT


-  INDICATES NEGATIVE NUMBERS.
R  INDICATES RECORD WAS SET OR TIED.
MM INDICATES DATA IS MISSING.
T  INDICATES TRACE AMOUNT.





RECORDS FOR KPOU DATE BACK TO 1949...
HOWEVER...DATA IS MISSING FROM JANUARY 1993 - JULY 2000.
$$
