000
CDUS41 KALY 032044
CLIPOU


CLIMATE REPORT
NATIONAL WEATHER SERVICE ALBANY NY
444 PM EDT WED SEP 3 2014




THE POUGHKEEPSIE NY CLIMATE SUMMARY FOR SEPTEMBER 3 2014...
VALID TODAY AS OF 0400 PM LOCAL TIME.

CLIMATE NORMAL PERIOD 1981 TO 2010
CLIMATE RECORD PERIOD 1949 TO 2014


WEATHER ITEM   OBSERVED TIME   RECORD YEAR NORMAL DEPARTURE LAST
                VALUE   (LST)  VALUE       VALUE  FROM      YEAR
                                                  NORMAL

TEMPERATURE (F)
 TODAY
  MAXIMUM         85    332 PM  98    1953  79      6       79
  MINIMUM         63    549 AM  40    1967  56      7       58
  AVERAGE         74                        68      6       69

PRECIPITATION (IN)
  TODAY            0.00          1.34 1974   0.12  -0.12      T
  MONTH TO DATE    T                         0.39  -0.39     1.19
  SINCE SEP 1      T                         0.39  -0.39     1.19
  SINCE JAN 1     24.67                     31.17  -6.50    31.41

DEGREE DAYS
 HEATING
  TODAY            0                         1     -1        0
  MONTH TO DATE    0                         3     -3        0
  SINCE SEP 1      0                         3     -3        0
  SINCE JUL 1      5                        20    -15        3

 COOLING
  TODAY            9                         4      5        4
  MONTH TO DATE   37                        12     25       25
  SINCE SEP 1     37                        12     25       25
  SINCE JAN 1    634                       616     18      782



WIND (MPH)
  HIGHEST WIND SPEED    12   HIGHEST WIND DIRECTION    NW (300)
  HIGHEST GUST SPEED    15   HIGHEST GUST DIRECTION     W (260)
  AVERAGE WIND SPEED     4.3


SKY COVER
  AVERAGE SKY COVER 0.1



RELATIVE HUMIDITY (PERCENT)
 HIGHEST    87           500 AM
 LOWEST     32           300 PM
 AVERAGE    60




THE POUGHKEEPSIE NY CLIMATE NORMALS FOR TOMORROW
                         NORMAL    RECORD    YEAR
 MAXIMUM TEMPERATURE (F)   79        96      1973
 MINIMUM TEMPERATURE (F)   56        38      1987


SUNRISE AND SUNSET
SEPTEMBER  3 2014.....SUNRISE   623 AM EDT   SUNSET   725 PM EDT
SEPTEMBER  4 2014.....SUNRISE   624 AM EDT   SUNSET   724 PM EDT


-  INDICATES NEGATIVE NUMBERS.
R  INDICATES RECORD WAS SET OR TIED.
MM INDICATES DATA IS MISSING.
T  INDICATES TRACE AMOUNT.






RECORDS FOR KPOU DATE BACK TO 1949...
HOWEVER...DATA IS MISSING FROM JANUARY 1993 - JULY 2000.
$$
