000
CDUS41 KALY 190623
CLIPOU


CLIMATE REPORT
NATIONAL WEATHER SERVICE ALBANY NY
221 AM EDT WED JUL 19 2017


...................................

...THE POUGHKEEPSIE NY CLIMATE SUMMARY FOR JULY 18 2017...

CLIMATE NORMAL PERIOD 1981 TO 2010
CLIMATE RECORD PERIOD 1949 TO 2017


WEATHER ITEM   OBSERVED TIME   RECORD YEAR NORMAL DEPARTURE LAST
                VALUE   (LST)  VALUE       VALUE  FROM      YEAR
                                                  NORMAL
..................................................................
TEMPERATURE (F)
 YESTERDAY
  MAXIMUM         88    502 PM 100    1991  85      3       94
  MINIMUM         69    546 AM  50    1976  61      8       65
  AVERAGE         79                        73      6       80

PRECIPITATION (IN)
  YESTERDAY        0.00          0.88 1984   0.15  -0.15     0.54
  MONTH TO DATE    2.31                      2.57  -0.26     2.78
  SINCE JUN 1      5.69                      7.00  -1.31     4.81
  SINCE JAN 1     22.25                     24.50  -2.25    16.97

DEGREE DAYS
 HEATING
  YESTERDAY        0                         0      0        0
  MONTH TO DATE    0                         0      0        0
  SINCE JUN 1     50                        49      1        8
  SINCE JUL 1      0                         0      0        0

 COOLING
  YESTERDAY       14                         8      6       15
  MONTH TO DATE  150                       136     14      197
  SINCE JUN 1    289                       263     26      368
  SINCE JAN 1    337                       299     38      449
..................................................................


WIND (MPH)
  HIGHEST WIND SPEED    13   HIGHEST WIND DIRECTION    SW (230)
  HIGHEST GUST SPEED    16   HIGHEST GUST DIRECTION     S (200)
  AVERAGE WIND SPEED     3.7


SKY COVER
  AVERAGE SKY COVER 0.4



RELATIVE HUMIDITY (PERCENT)
 HIGHEST    90           400 AM
 LOWEST     53           400 PM
 AVERAGE    72

..........................................................


THE POUGHKEEPSIE NY CLIMATE NORMALS FOR TODAY
                         NORMAL    RECORD    YEAR
 MAXIMUM TEMPERATURE (F)   85       102      1991
 MINIMUM TEMPERATURE (F)   61        51      1956


SUNRISE AND SUNSET
JULY 19 2017..........SUNRISE   538 AM EDT   SUNSET   825 PM EDT
JULY 20 2017..........SUNRISE   539 AM EDT   SUNSET   824 PM EDT


-  INDICATES NEGATIVE NUMBERS.
R  INDICATES RECORD WAS SET OR TIED.
MM INDICATES DATA IS MISSING.
T  INDICATES TRACE AMOUNT.




RECORDS FOR KPOU DATE BACK TO 1949...
HOWEVER...DATA IS MISSING FROM JANUARY 1993 - JULY 2000.
$$
