124
CDUS41 KALY 180623
CLIPOU


CLIMATE REPORT
NATIONAL WEATHER SERVICE ALBANY NY
123 AM EST SUN FEB 18 2018


...................................

...THE POUGHKEEPSIE NY CLIMATE SUMMARY FOR FEBRUARY 17 2018...

CLIMATE NORMAL PERIOD 1981 TO 2010
CLIMATE RECORD PERIOD 1949 TO 2018


WEATHER ITEM   OBSERVED TIME   RECORD YEAR NORMAL DEPARTURE LAST
                VALUE   (LST)  VALUE       VALUE  FROM      YEAR
                                                  NORMAL
..................................................................
TEMPERATURE (F)
 YESTERDAY
  MAXIMUM         39    215 PM  60    1981  40     -1       40
  MINIMUM         21    440 AM -12    1963  18      3       17
  AVERAGE         30                        29      1       29

PRECIPITATION (IN)
  YESTERDAY        0.30          0.83 1954   0.09   0.21     0.00
  MONTH TO DATE    2.88                      1.58   1.30     1.46
  SINCE DEC 1      7.32                      8.19  -0.87     7.03
  SINCE JAN 1      5.76                      4.66   1.10     4.43

DEGREE DAYS
 HEATING
  YESTERDAY       35                        36     -1       36
  MONTH TO DATE  593                       637    -44      609
  SINCE DEC 1   2973                      2911     62     2659
  SINCE JUL 1   4056                      4189   -133     3805

 COOLING
  YESTERDAY        0                         0      0        0
  MONTH TO DATE    0                         0      0        0
  SINCE DEC 1      0                         0      0        0
  SINCE JAN 1      0                         0      0        0
..................................................................


WIND (MPH)
  HIGHEST WIND SPEED    15   HIGHEST WIND DIRECTION     S (160)
  HIGHEST GUST SPEED    22   HIGHEST GUST DIRECTION    SW (210)
  AVERAGE WIND SPEED     3.1


SKY COVER
  AVERAGE SKY COVER 0.3



RELATIVE HUMIDITY (PERCENT)
 HIGHEST    92           700 PM
 LOWEST     35           100 PM
 AVERAGE    64

..........................................................


THE POUGHKEEPSIE NY CLIMATE NORMALS FOR TODAY
                         NORMAL    RECORD    YEAR
 MAXIMUM TEMPERATURE (F)   40        65      1981
 MINIMUM TEMPERATURE (F)   18       -14      1979


SUNRISE AND SUNSET
FEBRUARY 18 2018......SUNRISE   647 AM EST   SUNSET   533 PM EST
FEBRUARY 19 2018......SUNRISE   645 AM EST   SUNSET   534 PM EST


-  INDICATES NEGATIVE NUMBERS.
R  INDICATES RECORD WAS SET OR TIED.
MM INDICATES DATA IS MISSING.
T  INDICATES TRACE AMOUNT.




RECORDS FOR KPOU DATE BACK TO 1949...
HOWEVER...DATA IS MISSING FROM JANUARY 1993 - JULY 2000.
$$
