290
CDUS41 KALY 120621
CLIPOU


CLIMATE REPORT
NATIONAL WEATHER SERVICE ALBANY NY
121 AM EST FRI FEB 12 2016


...................................

...THE POUGHKEEPSIE NY CLIMATE SUMMARY FOR FEBRUARY 11 2016...

CLIMATE NORMAL PERIOD 1981 TO 2010
CLIMATE RECORD PERIOD 1949 TO 2016


WEATHER ITEM   OBSERVED TIME   RECORD YEAR NORMAL DEPARTURE LAST
                VALUE   (LST)  VALUE       VALUE  FROM      YEAR
                                                  NORMAL
..................................................................
TEMPERATURE (F)
 YESTERDAY
  MAXIMUM         32   1249 AM  63    1981  39     -7       32
  MINIMUM         16   1159 PM -15    1979  17     -1       12
  AVERAGE         24                        28     -4       22

PRECIPITATION (IN)
  YESTERDAY        0.00          0.93 1981   0.09  -0.09     0.00
  MONTH TO DATE    0.68                      1.02  -0.34     0.97
  SINCE DEC 1      5.79                      7.63  -1.84     6.91
  SINCE JAN 1      1.89                      4.10  -2.21     3.91

DEGREE DAYS
 HEATING
  YESTERDAY       41                        37      4       43
  MONTH TO DATE  317                       418   -101      502
  SINCE DEC 1   1981                      2692   -711     2662
  SINCE JUL 1   2969                      3970  -1001     3813

 COOLING
  YESTERDAY        0                         0      0        0
  MONTH TO DATE    0                         0      0        0
  SINCE DEC 1      0                         0      0        0
  SINCE JAN 1      0                         0      0        0
..................................................................


WIND (MPH)
  HIGHEST WIND SPEED    29   HIGHEST WIND DIRECTION     W (290)
  HIGHEST GUST SPEED    37   HIGHEST GUST DIRECTION     W (290)
  AVERAGE WIND SPEED    15.7


SKY COVER
  AVERAGE SKY COVER 0.6



RELATIVE HUMIDITY (PERCENT)
 HIGHEST    58           100 AM
 LOWEST     31           400 PM
 AVERAGE    45

..........................................................


THE POUGHKEEPSIE NY CLIMATE NORMALS FOR TODAY
                         NORMAL    RECORD    YEAR
 MAXIMUM TEMPERATURE (F)   39        51      1966
 MINIMUM TEMPERATURE (F)   17       -15      1979


SUNRISE AND SUNSET
FEBRUARY 12 2016......SUNRISE   655 AM EST   SUNSET   525 PM EST
FEBRUARY 13 2016......SUNRISE   654 AM EST   SUNSET   526 PM EST


-  INDICATES NEGATIVE NUMBERS.
R  INDICATES RECORD WAS SET OR TIED.
MM INDICATES DATA IS MISSING.
T  INDICATES TRACE AMOUNT.




RECORDS FOR KPOU DATE BACK TO 1949...
HOWEVER...DATA IS MISSING FROM JANUARY 1993 - JULY 2000.
$$
