000
CDUS41 KALY 270621
CLIPOU


CLIMATE REPORT
NATIONAL WEATHER SERVICE ALBANY NY
221 AM EDT FRI MAR 27 2015


...................................

...THE POUGHKEEPSIE NY CLIMATE SUMMARY FOR MARCH 26 2015...

CLIMATE NORMAL PERIOD 1981 TO 2010
CLIMATE RECORD PERIOD 1949 TO 2015


WEATHER ITEM   OBSERVED TIME   RECORD YEAR NORMAL DEPARTURE LAST
                VALUE   (LST)  VALUE       VALUE  FROM      YEAR
                                                  NORMAL
..................................................................
TEMPERATURE (F)
 YESTERDAY
  MAXIMUM         50    200 PM  73    1963  52     -2       35
  MINIMUM         35    535 AM  14    1960  29      6       21
  AVERAGE         43                        40      3       28

PRECIPITATION (IN)
  YESTERDAY        0.32          0.92 1973   0.12   0.20     0.00
  MONTH TO DATE    1.95                      2.98  -1.03     0.86
  SINCE MAR 1      1.95                      2.98  -1.03     0.86
  SINCE JAN 1      6.25                      8.72  -2.47     5.14

DEGREE DAYS
 HEATING
  YESTERDAY       22                        25     -3       37
  MONTH TO DATE  860                       757    103      903
  SINCE MAR 1    860                       757    103      903
  SINCE JUL 1   5545                      5328    217     5606

 COOLING
  YESTERDAY        0                         0      0        0
  MONTH TO DATE    0                         0      0        0
  SINCE MAR 1      0                         0      0        0
  SINCE JAN 1      0                         0      0        0
..................................................................


WIND (MPH)
  HIGHEST WIND SPEED    14   HIGHEST WIND DIRECTION     N (20)
  HIGHEST GUST SPEED    18   HIGHEST GUST DIRECTION     N (360)
  AVERAGE WIND SPEED     3.5


SKY COVER
  AVERAGE SKY COVER 0.9



RELATIVE HUMIDITY (PERCENT)
 HIGHEST    93           400 PM
 LOWEST     82          1000 PM
 AVERAGE    88

..........................................................


THE POUGHKEEPSIE NY CLIMATE NORMALS FOR TODAY
                         NORMAL    RECORD    YEAR
 MAXIMUM TEMPERATURE (F)   52        77      1949
 MINIMUM TEMPERATURE (F)   30        12      2001


SUNRISE AND SUNSET
MARCH 27 2015.........SUNRISE   647 AM EDT   SUNSET   715 PM EDT
MARCH 28 2015.........SUNRISE   646 AM EDT   SUNSET   716 PM EDT


-  INDICATES NEGATIVE NUMBERS.
R  INDICATES RECORD WAS SET OR TIED.
MM INDICATES DATA IS MISSING.
T  INDICATES TRACE AMOUNT.




RECORDS FOR KPOU DATE BACK TO 1949...
HOWEVER...DATA IS MISSING FROM JANUARY 1993 - JULY 2000.
$$
