000
CDUS41 KALY 090624
CLIPOU


CLIMATE REPORT
NATIONAL WEATHER SERVICE ALBANY NY
123 AM EST SAT DEC 9 2017


...................................

...THE POUGHKEEPSIE NY CLIMATE SUMMARY FOR DECEMBER 8 2017...

CLIMATE NORMAL PERIOD 1981 TO 2010
CLIMATE RECORD PERIOD 1949 TO 2017


WEATHER ITEM   OBSERVED TIME   RECORD YEAR NORMAL DEPARTURE LAST
                VALUE   (LST)  VALUE       VALUE  FROM      YEAR
                                                  NORMAL
..................................................................
TEMPERATURE (F)
 YESTERDAY
  MAXIMUM         35    505 PM  61    1980  43     -8       43
                                      1966
  MINIMUM         21    701 AM   7    1964  25     -4       28
                                      1949
  AVERAGE         28                        34     -6       36

PRECIPITATION (IN)
  YESTERDAY        0.00          0.82 1972   0.11  -0.11     0.00
  MONTH TO DATE    0.33                      0.97  -0.64     0.73
  SINCE DEC 1      0.33                      0.97  -0.64     0.73
  SINCE JAN 1     35.87                     43.97  -8.10    31.25

DEGREE DAYS
 HEATING
  YESTERDAY       37                        31      6       29
  MONTH TO DATE  222                       239    -17      217
  SINCE DEC 1    222                       239    -17      217
  SINCE JUL 1   1305                      1517   -212     1363

 COOLING
  YESTERDAY        0                         0      0        0
  MONTH TO DATE    0                         0      0        0
  SINCE DEC 1      0                         0      0        0
  SINCE JAN 1    718                       672     46     1053
..................................................................


WIND (MPH)
  HIGHEST WIND SPEED    10   HIGHEST WIND DIRECTION    SW (240)
  HIGHEST GUST SPEED    15   HIGHEST GUST DIRECTION    SW (210)
  AVERAGE WIND SPEED     4.0


SKY COVER
  AVERAGE SKY COVER 0.0



RELATIVE HUMIDITY (PERCENT)
 HIGHEST    84           700 AM
 LOWEST     40           300 PM
 AVERAGE    62

..........................................................


THE POUGHKEEPSIE NY CLIMATE NORMALS FOR TODAY
                         NORMAL    RECORD    YEAR
 MAXIMUM TEMPERATURE (F)   43        61      1966
 MINIMUM TEMPERATURE (F)   24         3      1989
                                             1949


SUNRISE AND SUNSET
DECEMBER  9 2017......SUNRISE   711 AM EST   SUNSET   425 PM EST
DECEMBER 10 2017......SUNRISE   712 AM EST   SUNSET   425 PM EST


-  INDICATES NEGATIVE NUMBERS.
R  INDICATES RECORD WAS SET OR TIED.
MM INDICATES DATA IS MISSING.
T  INDICATES TRACE AMOUNT.




RECORDS FOR KPOU DATE BACK TO 1949...
HOWEVER...DATA IS MISSING FROM JANUARY 1993 - JULY 2000.
$$
