000
CDUS41 KALY 062144
CLIPOU


CLIMATE REPORT
NATIONAL WEATHER SERVICE ALBANY NY
443 PM EST SAT FEB 6 2016


...................................

...THE POUGHKEEPSIE NY CLIMATE SUMMARY FOR FEBRUARY 6 2016...
VALID TODAY AS OF 0400 PM LOCAL TIME.

CLIMATE NORMAL PERIOD 1981 TO 2010
CLIMATE RECORD PERIOD 1949 TO 2016


WEATHER ITEM   OBSERVED TIME   RECORD YEAR NORMAL DEPARTURE LAST
                VALUE   (LST)  VALUE       VALUE  FROM      YEAR
                                                  NORMAL
..................................................................
TEMPERATURE (F)
 TODAY
  MAXIMUM         44    228 PM  54    2012  38      6       24
  MINIMUM         19    618 AM -10    2015  16      3      -10
  AVERAGE         32                        27      5        7

PRECIPITATION (IN)
  TODAY            0.00          1.35 1978   0.10  -0.10      T
  MONTH TO DATE    0.62                      0.56   0.06     0.55
  SINCE DEC 1      5.73                      7.17  -1.44     6.49
  SINCE JAN 1      1.83                      3.64  -1.81     3.49

DEGREE DAYS
 HEATING
  TODAY           33                        38     -5       58
  MONTH TO DATE  144                       230    -86      301
  SINCE DEC 1   1808                      2504   -696     2461
  SINCE JUL 1   2796                      3782   -986     3612

 COOLING
  TODAY            0                         0      0        0
  MONTH TO DATE    0                         0      0        0
  SINCE DEC 1      0                         0      0        0
  SINCE JAN 1      0                         0      0        0
..................................................................


WIND (MPH)
  HIGHEST WIND SPEED    15   HIGHEST WIND DIRECTION    SW (210)
  HIGHEST GUST SPEED    20   HIGHEST GUST DIRECTION    SW (220)
  AVERAGE WIND SPEED     3.9


SKY COVER
  AVERAGE SKY COVER 0.0



RELATIVE HUMIDITY (PERCENT)
 HIGHEST    84           600 AM
 LOWEST     33           200 PM
 AVERAGE    59

..........................................................


THE POUGHKEEPSIE NY CLIMATE NORMALS FOR TOMORROW
                         NORMAL    RECORD    YEAR
 MAXIMUM TEMPERATURE (F)   38        53      2005
 MINIMUM TEMPERATURE (F)   17       -10      1966


SUNRISE AND SUNSET
FEBRUARY  6 2016......SUNRISE   703 AM EST   SUNSET   517 PM EST
FEBRUARY  7 2016......SUNRISE   702 AM EST   SUNSET   518 PM EST


-  INDICATES NEGATIVE NUMBERS.
R  INDICATES RECORD WAS SET OR TIED.
MM INDICATES DATA IS MISSING.
T  INDICATES TRACE AMOUNT.




RECORDS FOR KPOU DATE BACK TO 1949...
HOWEVER...DATA IS MISSING FROM JANUARY 1993 - JULY 2000.
$$
