000
CDUS41 KALY 210622
CLIPOU


CLIMATE REPORT
NATIONAL WEATHER SERVICE ALBANY NY
221 AM EDT THU SEP 21 2017


...................................

...THE POUGHKEEPSIE NY CLIMATE SUMMARY FOR SEPTEMBER 20 2017...

CLIMATE NORMAL PERIOD 1981 TO 2010
CLIMATE RECORD PERIOD 1949 TO 2017


WEATHER ITEM   OBSERVED TIME   RECORD YEAR NORMAL DEPARTURE LAST
                VALUE   (LST)  VALUE       VALUE  FROM      YEAR
                                                  NORMAL
..................................................................
TEMPERATURE (F)
 YESTERDAY
  MAXIMUM         79    333 PM  92    1983  74      5       81
  MINIMUM         67   1104 PM  34    1979  49     18       61
  AVERAGE         73                        61     12       71

PRECIPITATION (IN)
  YESTERDAY        0.00          1.16 1963   0.14  -0.14     0.00
  MONTH TO DATE    1.56                      2.78  -1.22     0.46
  SINCE SEP 1      1.56                      2.78  -1.22     0.46
  SINCE JAN 1     30.66                     33.56  -2.90    22.78

DEGREE DAYS
 HEATING
  YESTERDAY        0                         5     -5        0
  MONTH TO DATE   65                        56      9       16
  SINCE SEP 1     65                        56      9       16
  SINCE JUL 1     85                        73     12       18

 COOLING
  YESTERDAY        8                         1      7        6
  MONTH TO DATE   58                        56      2      100
  SINCE SEP 1     58                        56      2      100
  SINCE JAN 1    632                       660    -28     1042
..................................................................


WIND (MPH)
  HIGHEST WIND SPEED    17   HIGHEST WIND DIRECTION     N (360)
  HIGHEST GUST SPEED    23   HIGHEST GUST DIRECTION     N (10)
  AVERAGE WIND SPEED     6.6


SKY COVER
  AVERAGE SKY COVER 0.7



RELATIVE HUMIDITY (PERCENT)
 HIGHEST    81           400 AM
 LOWEST     62           300 PM
 AVERAGE    72

..........................................................


THE POUGHKEEPSIE NY CLIMATE NORMALS FOR TODAY
                         NORMAL    RECORD    YEAR
 MAXIMUM TEMPERATURE (F)   73        89      1965
 MINIMUM TEMPERATURE (F)   49        30      1962


SUNRISE AND SUNSET
SEPTEMBER 21 2017.....SUNRISE   642 AM EDT   SUNSET   654 PM EDT
SEPTEMBER 22 2017.....SUNRISE   643 AM EDT   SUNSET   652 PM EDT


-  INDICATES NEGATIVE NUMBERS.
R  INDICATES RECORD WAS SET OR TIED.
MM INDICATES DATA IS MISSING.
T  INDICATES TRACE AMOUNT.




RECORDS FOR KPOU DATE BACK TO 1949...
HOWEVER...DATA IS MISSING FROM JANUARY 1993 - JULY 2000.
$$
