000
CDUS41 KALY 242052
CLIPOU


CLIMATE REPORT
NATIONAL WEATHER SERVICE ALBANY NY
452 PM EDT WED MAY 24 2017


...................................

...THE POUGHKEEPSIE NY CLIMATE SUMMARY FOR MAY 24 2017...
VALID TODAY AS OF 0400 PM LOCAL TIME.

CLIMATE NORMAL PERIOD 1981 TO 2010
CLIMATE RECORD PERIOD 1949 TO 2017


WEATHER ITEM   OBSERVED TIME   RECORD YEAR NORMAL DEPARTURE LAST
                VALUE   (LST)  VALUE       VALUE  FROM      YEAR
                                                  NORMAL
..................................................................
TEMPERATURE (F)
 TODAY
  MAXIMUM         74    255 PM  92    1975  74      0       74
  MINIMUM         52    452 AM  27    1963  49      3       56
  AVERAGE         63                        61      2       65

PRECIPITATION (IN)
  TODAY            0.00          2.11 1979   0.17  -0.17     0.22
  MONTH TO DATE    1.57                      3.30  -1.73     2.76
  SINCE MAR 1      9.26                     10.65  -1.39     6.03
  SINCE JAN 1     14.13                     16.39  -2.26    11.71

DEGREE DAYS
 HEATING
  TODAY            2                         5     -3        0
  MONTH TO DATE  232                       192     40      184
  SINCE MAR 1   1594                      1560     34     1237
  SINCE JUL 1   5636                      6131   -495     4769

 COOLING
  TODAY            0                         1     -1        0
  MONTH TO DATE   29                        18     11        0
  SINCE MAR 1     46                        23     23        4
  SINCE JAN 1     46                        23     23        4
..................................................................


WIND (MPH)
  HIGHEST WIND SPEED    14   HIGHEST WIND DIRECTION     E (110)
  HIGHEST GUST SPEED    22   HIGHEST GUST DIRECTION    SE (120)
  AVERAGE WIND SPEED     1.8


SKY COVER
  AVERAGE SKY COVER 0.2



RELATIVE HUMIDITY (PERCENT)
 HIGHEST    93          1200 AM
 LOWEST     41           300 PM
 AVERAGE    67

..........................................................


THE POUGHKEEPSIE NY CLIMATE NORMALS FOR TOMORROW
                         NORMAL    RECORD    YEAR
 MAXIMUM TEMPERATURE (F)   74        91      1981
 MINIMUM TEMPERATURE (F)   49        27      1956


SUNRISE AND SUNSET
MAY 24 2017...........SUNRISE   528 AM EDT   SUNSET   817 PM EDT
MAY 25 2017...........SUNRISE   528 AM EDT   SUNSET   818 PM EDT


-  INDICATES NEGATIVE NUMBERS.
R  INDICATES RECORD WAS SET OR TIED.
MM INDICATES DATA IS MISSING.
T  INDICATES TRACE AMOUNT.




RECORDS FOR KPOU DATE BACK TO 1949...
HOWEVER...DATA IS MISSING FROM JANUARY 1993 - JULY 2000.
$$
