618
CDUS41 KALY 090626
CLIPOU


CLIMATE REPORT
NATIONAL WEATHER SERVICE ALBANY NY
124 AM EST TUE FEB 9 2016


...................................

...THE POUGHKEEPSIE NY CLIMATE SUMMARY FOR FEBRUARY 8 2016...

CLIMATE NORMAL PERIOD 1981 TO 2010
CLIMATE RECORD PERIOD 1949 TO 2016


WEATHER ITEM   OBSERVED TIME   RECORD YEAR NORMAL DEPARTURE LAST
                VALUE   (LST)  VALUE       VALUE  FROM      YEAR
                                                  NORMAL
..................................................................
TEMPERATURE (F)
 YESTERDAY
  MAXIMUM         37    655 AM  56    1965  38     -1       32
  MINIMUM         26   1159 PM -23    1967  17      9       25
  AVERAGE         32                        27      5       29

PRECIPITATION (IN)
  YESTERDAY        0.03          0.95 1965   0.09  -0.06     0.09
  MONTH TO DATE    0.65                      0.74  -0.09     0.64
  SINCE DEC 1      5.76                      7.35  -1.59     6.58
  SINCE JAN 1      1.86                      3.82  -1.96     3.58

DEGREE DAYS
 HEATING
  YESTERDAY       33                        38     -5       36
  MONTH TO DATE  207                       306    -99      382
  SINCE DEC 1   1871                      2580   -709     2542
  SINCE JUL 1   2859                      3858   -999     3693

 COOLING
  YESTERDAY        0                         0      0        0
  MONTH TO DATE    0                         0      0        0
  SINCE DEC 1      0                         0      0        0
  SINCE JAN 1      0                         0      0        0
..................................................................


WIND (MPH)
  HIGHEST WIND SPEED    20   HIGHEST WIND DIRECTION    NE (30)
  HIGHEST GUST SPEED    24   HIGHEST GUST DIRECTION    NE (40)
  AVERAGE WIND SPEED     8.1


SKY COVER
  AVERAGE SKY COVER 0.7



RELATIVE HUMIDITY (PERCENT)
 HIGHEST    81          1000 PM
 LOWEST     38          1000 AM
 AVERAGE    60

..........................................................


THE POUGHKEEPSIE NY CLIMATE NORMALS FOR TODAY
                         NORMAL    RECORD    YEAR
 MAXIMUM TEMPERATURE (F)   38        57      1990
 MINIMUM TEMPERATURE (F)   17       -12      1963


SUNRISE AND SUNSET
FEBRUARY  9 2016......SUNRISE   659 AM EST   SUNSET   521 PM EST
FEBRUARY 10 2016......SUNRISE   658 AM EST   SUNSET   522 PM EST


-  INDICATES NEGATIVE NUMBERS.
R  INDICATES RECORD WAS SET OR TIED.
MM INDICATES DATA IS MISSING.
T  INDICATES TRACE AMOUNT.




RECORDS FOR KPOU DATE BACK TO 1949...
HOWEVER...DATA IS MISSING FROM JANUARY 1993 - JULY 2000.
$$
