000
CDUS41 KALY 300622
CLIPOU


CLIMATE REPORT
NATIONAL WEATHER SERVICE ALBANY NY
122 AM EST WED NOV 30 2016


...................................

...THE POUGHKEEPSIE NY CLIMATE SUMMARY FOR NOVEMBER 29 2016...

CLIMATE NORMAL PERIOD 1981 TO 2010
CLIMATE RECORD PERIOD 1949 TO 2016


WEATHER ITEM   OBSERVED TIME   RECORD YEAR NORMAL DEPARTURE LAST
                VALUE   (LST)  VALUE       VALUE  FROM      YEAR
                                                  NORMAL
..................................................................
TEMPERATURE (F)
 YESTERDAY
  MAXIMUM         55    936 PM  66    2011  47      8       45
  MINIMUM         36   1221 AM  10    2014  28      8       24
  AVERAGE         46                        37      9       35

PRECIPITATION (IN)
  YESTERDAY        1.05R         1.05 1971   0.12   0.93     0.00
  MONTH TO DATE    3.88                      3.35   0.53     1.82
  SINCE SEP 1      7.35                     12.10  -4.75     6.96
  SINCE JAN 1     29.67                     42.88 -13.21    25.92

DEGREE DAYS
 HEATING
  YESTERDAY       19                        28     -9       30
  MONTH TO DATE  666                       672     -6      521
  SINCE SEP 1   1126                      1231   -105      955
  SINCE JUL 1   1128                      1248   -120      955

 COOLING
  YESTERDAY        0                         0      0        0
  MONTH TO DATE    0                         0      0        2
  SINCE SEP 1    111                        68     43      159
  SINCE JAN 1   1053                       672    381      964
..................................................................


WIND (MPH)
  HIGHEST WIND SPEED    13   HIGHEST WIND DIRECTION    SE (120)
  HIGHEST GUST SPEED    18   HIGHEST GUST DIRECTION    SE (120)
  AVERAGE WIND SPEED     2.9


SKY COVER
  AVERAGE SKY COVER 0.9



RELATIVE HUMIDITY (PERCENT)
 HIGHEST   100          1100 AM
 LOWEST     70           100 AM
 AVERAGE    85

..........................................................


THE POUGHKEEPSIE NY CLIMATE NORMALS FOR TODAY
                         NORMAL    RECORD    YEAR
 MAXIMUM TEMPERATURE (F)   46        67      2006
 MINIMUM TEMPERATURE (F)   27        14      2013
                                             1967


SUNRISE AND SUNSET
NOVEMBER 30 2016......SUNRISE   702 AM EST   SUNSET   426 PM EST
DECEMBER  1 2016......SUNRISE   703 AM EST   SUNSET   426 PM EST


-  INDICATES NEGATIVE NUMBERS.
R  INDICATES RECORD WAS SET OR TIED.
MM INDICATES DATA IS MISSING.
T  INDICATES TRACE AMOUNT.




RECORDS FOR KPOU DATE BACK TO 1949...
HOWEVER...DATA IS MISSING FROM JANUARY 1993 - JULY 2000.
$$
