000
CDUS41 KALY 290622
CLIPOU


CLIMATE REPORT
NATIONAL WEATHER SERVICE ALBANY NY
222 AM EDT MON JUN 29 2015


...................................

...THE POUGHKEEPSIE NY CLIMATE SUMMARY FOR JUNE 28 2015...

CLIMATE NORMAL PERIOD 1981 TO 2010
CLIMATE RECORD PERIOD 1949 TO 2015


WEATHER ITEM   OBSERVED TIME   RECORD YEAR NORMAL DEPARTURE LAST
                VALUE   (LST)  VALUE       VALUE  FROM      YEAR
                                                  NORMAL
..................................................................
TEMPERATURE (F)
 YESTERDAY
  MAXIMUM         65   1159 PM  95    1963  83    -18       87
  MINIMUM         56    402 AM  42    1988  59     -3       57
  AVERAGE         61                        71    -10       72

PRECIPITATION (IN)
  YESTERDAY        0.36          1.41 1983   0.13   0.23     0.00
  MONTH TO DATE    4.03                      4.17  -0.14     2.29
  SINCE JUN 1      4.03                      4.17  -0.14     2.29
  SINCE JAN 1     14.70                     21.67  -6.97    16.32

DEGREE DAYS
 HEATING
  YESTERDAY        4                         0      4        0
  MONTH TO DATE   46                        48     -2        7
  SINCE JUN 1     46                        48     -2        7
  SINCE JUL 1   6291                      6210     81     6351

 COOLING
  YESTERDAY        0                         6     -6        7
  MONTH TO DATE  126                       114     12      120
  SINCE JUN 1    126                       114     12      120
  SINCE JAN 1    239                       150     89      153
..................................................................


WIND (MPH)
  HIGHEST WIND SPEED    12   HIGHEST WIND DIRECTION     N (10)
  HIGHEST GUST SPEED    15   HIGHEST GUST DIRECTION     N (360)
  AVERAGE WIND SPEED     5.0


SKY COVER
  AVERAGE SKY COVER 1.0



RELATIVE HUMIDITY (PERCENT)
 HIGHEST    93          1200 AM
 LOWEST     87           800 AM
 AVERAGE    90

..........................................................


THE POUGHKEEPSIE NY CLIMATE NORMALS FOR TODAY
                         NORMAL    RECORD    YEAR
 MAXIMUM TEMPERATURE (F)   83        97      1959
 MINIMUM TEMPERATURE (F)   59        40      1981


SUNRISE AND SUNSET
JUNE 29 2015..........SUNRISE   524 AM EDT   SUNSET   834 PM EDT
JUNE 30 2015..........SUNRISE   524 AM EDT   SUNSET   834 PM EDT


-  INDICATES NEGATIVE NUMBERS.
R  INDICATES RECORD WAS SET OR TIED.
MM INDICATES DATA IS MISSING.
T  INDICATES TRACE AMOUNT.




RECORDS FOR KPOU DATE BACK TO 1949...
HOWEVER...DATA IS MISSING FROM JANUARY 1993 - JULY 2000.
$$
