000
CDUS41 KALY 310624
CLIPOU


CLIMATE REPORT
NATIONAL WEATHER SERVICE ALBANY NY
123 AM EST SAT JAN 31 2015


...................................

...THE POUGHKEEPSIE NY CLIMATE SUMMARY FOR JANUARY 30 2015...

CLIMATE NORMAL PERIOD 1981 TO 2010
CLIMATE RECORD PERIOD 1949 TO 2015


WEATHER ITEM   OBSERVED TIME   RECORD YEAR NORMAL DEPARTURE LAST
                VALUE   (LST)  VALUE       VALUE  FROM      YEAR
                                                  NORMAL
..................................................................
TEMPERATURE (F)
 YESTERDAY
  MAXIMUM         37    211 PM  60    2006  36      1       30
  MINIMUM         18   1159 PM -15    1961  16      2        3
  AVERAGE         28                        26      2       17

PRECIPITATION (IN)
  YESTERDAY        0.14          0.69 1966   0.09   0.05     0.00
  MONTH TO DATE    2.94                      2.98  -0.04     1.50
  SINCE DEC 1      5.94                      6.51  -0.57     4.83
  SINCE JAN 1      2.94                      2.98  -0.04     1.50

DEGREE DAYS
 HEATING
  YESTERDAY       37                        39     -2       48
  MONTH TO DATE 1211                      1186     25     1222
  SINCE DEC 1   2111                      2237   -126     2257
  SINCE JUL 1   3262                      3515   -253     3500

 COOLING
  YESTERDAY        0                         0      0        0
  MONTH TO DATE    0                         0      0        0
  SINCE DEC 1      0                         0      0        0
  SINCE JAN 1      0                         0      0        0
..................................................................


WIND (MPH)
  HIGHEST WIND SPEED    23   HIGHEST WIND DIRECTION    NW (330)
  HIGHEST GUST SPEED    36   HIGHEST GUST DIRECTION    NW (330)
  AVERAGE WIND SPEED     8.6


SKY COVER
  AVERAGE SKY COVER 0.7



RELATIVE HUMIDITY (PERCENT)
 HIGHEST    92           500 AM
 LOWEST     43           500 PM
 AVERAGE    68

..........................................................


THE POUGHKEEPSIE NY CLIMATE NORMALS FOR TODAY
                         NORMAL    RECORD    YEAR
 MAXIMUM TEMPERATURE (F)   37        62      2013
 MINIMUM TEMPERATURE (F)   16       -15      1965


SUNRISE AND SUNSET
JANUARY 31 2015.......SUNRISE   709 AM EST   SUNSET   510 PM EST
FEBRUARY  1 2015......SUNRISE   708 AM EST   SUNSET   511 PM EST


-  INDICATES NEGATIVE NUMBERS.
R  INDICATES RECORD WAS SET OR TIED.
MM INDICATES DATA IS MISSING.
T  INDICATES TRACE AMOUNT.






RECORDS FOR KPOU DATE BACK TO 1949...
HOWEVER...DATA IS MISSING FROM JANUARY 1993 - JULY 2000.
$$
