000
CDUS41 KALY 301229
CLIPOU


CLIMATE REPORT
NATIONAL WEATHER SERVICE ALBANY NY
829 AM EDT THU JUL 30 2015


...................................

...THE POUGHKEEPSIE NY CLIMATE SUMMARY FOR JULY 29 2015...

CLIMATE NORMAL PERIOD 1981 TO 2010
CLIMATE RECORD PERIOD 1949 TO 2015


WEATHER ITEM   OBSERVED TIME   RECORD YEAR NORMAL DEPARTURE LAST
                VALUE   (LST)  VALUE       VALUE  FROM      YEAR
                                                  NORMAL
..................................................................
TEMPERATURE (F)
 YESTERDAY
  MAXIMUM         96R   346 PM  96    2015  85     11       75
  MINIMUM         67    521 AM  49    1987  61      6       59
  AVERAGE         82                        73      9       67

PRECIPITATION (IN)
  YESTERDAY        0.00          1.86 1971   0.17  -0.17     0.00
  MONTH TO DATE    1.74                      4.31  -2.57     4.96
  SINCE JUN 1      5.87                      8.74  -2.87     7.25
  SINCE JAN 1     16.54                     26.24  -9.70    21.28

DEGREE DAYS
 HEATING
  YESTERDAY        0                         0      0        0
  MONTH TO DATE    0                         0      0        0
  SINCE JUN 1     46                        49     -3        7
  SINCE JUL 1      0                         0      0        0

 COOLING
  YESTERDAY       17                         8      9        2
  MONTH TO DATE  260                       224     36      257
  SINCE JUN 1    393                       351     42      395
  SINCE JAN 1    506                       387    119      428
..................................................................


WIND (MPH)
  HIGHEST WIND SPEED    12   HIGHEST WIND DIRECTION     W (250)
  HIGHEST GUST SPEED    15   HIGHEST GUST DIRECTION    SW (240)
  AVERAGE WIND SPEED     2.0


SKY COVER
  AVERAGE SKY COVER 0.0



RELATIVE HUMIDITY (PERCENT)
 HIGHEST    93           400 AM
 LOWEST     28           400 PM
 AVERAGE    61

..........................................................


THE POUGHKEEPSIE NY CLIMATE NORMALS FOR TODAY
                         NORMAL    RECORD    YEAR
 MAXIMUM TEMPERATURE (F)   84        96      1949
 MINIMUM TEMPERATURE (F)   61        46      1956


SUNRISE AND SUNSET
JULY 30 2015..........SUNRISE   548 AM EDT   SUNSET   816 PM EDT
JULY 31 2015..........SUNRISE   549 AM EDT   SUNSET   815 PM EDT


-  INDICATES NEGATIVE NUMBERS.
R  INDICATES RECORD WAS SET OR TIED.
MM INDICATES DATA IS MISSING.
T  INDICATES TRACE AMOUNT.




RECORDS FOR KPOU DATE BACK TO 1949...
HOWEVER...DATA IS MISSING FROM JANUARY 1993 - JULY 2000.
$$
