000
CDUS41 KALY 060626
CLIPOU


CLIMATE REPORT
NATIONAL WEATHER SERVICE ALBANY NY
124 AM EST FRI MAR 6 2015


...................................

...THE POUGHKEEPSIE NY CLIMATE SUMMARY FOR MARCH 5 2015...

CLIMATE NORMAL PERIOD 1981 TO 2010
CLIMATE RECORD PERIOD 1949 TO 2015


WEATHER ITEM   OBSERVED TIME   RECORD YEAR NORMAL DEPARTURE LAST
                VALUE   (LST)  VALUE       VALUE  FROM      YEAR
                                                  NORMAL
..................................................................
TEMPERATURE (F)
 YESTERDAY
  MAXIMUM         37   1206 AM  71    1964  44     -7       31
  MINIMUM         16   1159 PM  -1    1969  22     -6       16
  AVERAGE         27                        33     -6       24

PRECIPITATION (IN)
  YESTERDAY        0.02          1.05 2008   0.11  -0.09     0.00
  MONTH TO DATE    0.84                      0.54   0.30     0.00
  SINCE MAR 1      0.84                      0.54   0.30     0.00
  SINCE JAN 1      5.14                      6.28  -1.14     4.28

DEGREE DAYS
 HEATING
  YESTERDAY       38                        32      6       41
  MONTH TO DATE  198                       163     35      226
  SINCE MAR 1    198                       163     35      226
  SINCE JUL 1   4883                      4734    149     4929

 COOLING
  YESTERDAY        0                         0      0        0
  MONTH TO DATE    0                         0      0        0
  SINCE MAR 1      0                         0      0        0
  SINCE JAN 1      0                         0      0        0
..................................................................


WIND (MPH)
  HIGHEST WIND SPEED    21   HIGHEST WIND DIRECTION     N (20)
  HIGHEST GUST SPEED    26   HIGHEST GUST DIRECTION     N (360)
  AVERAGE WIND SPEED     7.8


SKY COVER
  AVERAGE SKY COVER 0.8



RELATIVE HUMIDITY (PERCENT)
 HIGHEST    89           200 AM
 LOWEST     37          1200 PM
 AVERAGE    63

..........................................................


THE POUGHKEEPSIE NY CLIMATE NORMALS FOR TODAY
                         NORMAL    RECORD    YEAR
 MAXIMUM TEMPERATURE (F)   44        59      2004
 MINIMUM TEMPERATURE (F)   22         2      1978


SUNRISE AND SUNSET
MARCH  6 2015.........SUNRISE   623 AM EST   SUNSET   552 PM EST
MARCH  7 2015.........SUNRISE   621 AM EST   SUNSET   553 PM EST


-  INDICATES NEGATIVE NUMBERS.
R  INDICATES RECORD WAS SET OR TIED.
MM INDICATES DATA IS MISSING.
T  INDICATES TRACE AMOUNT.




RECORDS FOR KPOU DATE BACK TO 1949...
HOWEVER...DATA IS MISSING FROM JANUARY 1993 - JULY 2000.
$$
