108
CDUS41 KALY 270625
CLIPOU


CLIMATE REPORT
NATIONAL WEATHER SERVICE ALBANY NY
225 AM EDT THU APR 27 2017


...................................

...THE POUGHKEEPSIE NY CLIMATE SUMMARY FOR APRIL 26 2017...

CLIMATE NORMAL PERIOD 1981 TO 2010
CLIMATE RECORD PERIOD 1949 TO 2017


WEATHER ITEM   OBSERVED TIME   RECORD YEAR NORMAL DEPARTURE LAST
                VALUE   (LST)  VALUE       VALUE  FROM      YEAR
                                                  NORMAL
..................................................................
TEMPERATURE (F)
 YESTERDAY
  MAXIMUM         61    510 PM  90    2009  65     -4       53
  MINIMUM         50    435 AM  26    1963  40     10       45
  AVERAGE         56                        53      3       49

PRECIPITATION (IN)
  YESTERDAY        0.02          1.18 1982   0.12  -0.10     0.42
  MONTH TO DATE    2.37                      3.25  -0.88     1.94
  SINCE MAR 1      7.68                      6.82   0.86     2.98
  SINCE JAN 1     12.55                     12.56  -0.01     8.66

DEGREE DAYS
 HEATING
  YESTERDAY        9                        13     -4       16
  MONTH TO DATE  354                       446    -92      422
  SINCE MAR 1   1349                      1320     29     1005
  SINCE JUL 1   5391                      5891   -500     4537

 COOLING
  YESTERDAY        0                         0      0        0
  MONTH TO DATE    4                         0      4        4
  SINCE MAR 1      4                         0      4        4
  SINCE JAN 1      4                         0      4        4
..................................................................


WIND (MPH)
  HIGHEST WIND SPEED    10   HIGHEST WIND DIRECTION     N (360)
  HIGHEST GUST SPEED    17   HIGHEST GUST DIRECTION    NW (320)
  AVERAGE WIND SPEED     4.6


SKY COVER
  AVERAGE SKY COVER 1.0



RELATIVE HUMIDITY (PERCENT)
 HIGHEST    96           700 AM
 LOWEST     84           200 PM
 AVERAGE    90

..........................................................


THE POUGHKEEPSIE NY CLIMATE NORMALS FOR TODAY
                         NORMAL    RECORD    YEAR
 MAXIMUM TEMPERATURE (F)   66        91      1990
 MINIMUM TEMPERATURE (F)   40        25      2002


SUNRISE AND SUNSET
APRIL 27 2017.........SUNRISE   557 AM EDT   SUNSET   749 PM EDT
APRIL 28 2017.........SUNRISE   556 AM EDT   SUNSET   751 PM EDT


-  INDICATES NEGATIVE NUMBERS.
R  INDICATES RECORD WAS SET OR TIED.
MM INDICATES DATA IS MISSING.
T  INDICATES TRACE AMOUNT.




RECORDS FOR KPOU DATE BACK TO 1949...
HOWEVER...DATA IS MISSING FROM JANUARY 1993 - JULY 2000.
$$
