000
CDUS41 KALY 290625
CLIPOU


CLIMATE REPORT
NATIONAL WEATHER SERVICE ALBANY NY
224 AM EDT THU JUN 29 2017


...................................

...THE POUGHKEEPSIE NY CLIMATE SUMMARY FOR JUNE 28 2017...

CLIMATE NORMAL PERIOD 1981 TO 2010
CLIMATE RECORD PERIOD 1949 TO 2017


WEATHER ITEM   OBSERVED TIME   RECORD YEAR NORMAL DEPARTURE LAST
                VALUE   (LST)  VALUE       VALUE  FROM      YEAR
                                                  NORMAL
..................................................................
TEMPERATURE (F)
 YESTERDAY
  MAXIMUM         79    518 PM  95    1963  83     -4       80
  MINIMUM         50    430 AM  42    1988  59     -9       67
  AVERAGE         65                        71     -6       74

PRECIPITATION (IN)
  YESTERDAY        0.00          1.41 1983   0.13  -0.13     0.61
  MONTH TO DATE    2.82                      4.17  -1.35     2.03
  SINCE JUN 1      2.82                      4.17  -1.35     2.03
  SINCE JAN 1     19.38                     21.67  -2.29    14.19

DEGREE DAYS
 HEATING
  YESTERDAY        0                         0      0        0
  MONTH TO DATE   50                        48      2        8
  SINCE JUN 1     50                        48      2        8
  SINCE JUL 1   5714                      6210   -496     4777

 COOLING
  YESTERDAY        0                         6     -6        9
  MONTH TO DATE  118                       114      4      154
  SINCE JUN 1    118                       114      4      154
  SINCE JAN 1    166                       150     16      235
..................................................................


WIND (MPH)
  HIGHEST WIND SPEED    18   HIGHEST WIND DIRECTION     W (270)
  HIGHEST GUST SPEED    24   HIGHEST GUST DIRECTION     W (270)
  AVERAGE WIND SPEED     4.8


SKY COVER
  AVERAGE SKY COVER 0.1



RELATIVE HUMIDITY (PERCENT)
 HIGHEST    96           500 AM
 LOWEST     32           300 PM
 AVERAGE    64

..........................................................


THE POUGHKEEPSIE NY CLIMATE NORMALS FOR TODAY
                         NORMAL    RECORD    YEAR
 MAXIMUM TEMPERATURE (F)   83        97      1959
 MINIMUM TEMPERATURE (F)   59        40      1981


SUNRISE AND SUNSET
JUNE 29 2017..........SUNRISE   524 AM EDT   SUNSET   834 PM EDT
JUNE 30 2017..........SUNRISE   525 AM EDT   SUNSET   834 PM EDT


-  INDICATES NEGATIVE NUMBERS.
R  INDICATES RECORD WAS SET OR TIED.
MM INDICATES DATA IS MISSING.
T  INDICATES TRACE AMOUNT.




RECORDS FOR KPOU DATE BACK TO 1949...
HOWEVER...DATA IS MISSING FROM JANUARY 1993 - JULY 2000.
$$
