000
CDUS41 KALY 062147
CLIPOU


CLIMATE REPORT
NATIONAL WEATHER SERVICE ALBANY NY
445 PM EST FRI MAR 6 2015


...................................

...THE POUGHKEEPSIE NY CLIMATE SUMMARY FOR MARCH 6 2015...
VALID TODAY AS OF 0400 PM LOCAL TIME.

CLIMATE NORMAL PERIOD 1981 TO 2010
CLIMATE RECORD PERIOD 1949 TO 2015


WEATHER ITEM   OBSERVED TIME   RECORD YEAR NORMAL DEPARTURE LAST
                VALUE   (LST)  VALUE       VALUE  FROM      YEAR
                                                  NORMAL
..................................................................
TEMPERATURE (F)
 TODAY
  MAXIMUM         27    438 PM  59    2004  44    -17       30
  MINIMUM         -2R   642 AM   2    1978  22    -24        8
  AVERAGE         13                        33    -20       19

PRECIPITATION (IN)
  TODAY            0.00          2.11 2011   0.11  -0.11     0.00
  MONTH TO DATE    0.84                      0.65   0.19     0.00
  SINCE MAR 1      0.84                      0.65   0.19     0.00
  SINCE JAN 1      5.14                      6.39  -1.25     4.28

DEGREE DAYS
 HEATING
  TODAY           52                        32     20       46
  MONTH TO DATE  250                       195     55      272
  SINCE MAR 1    250                       195     55      272
  SINCE JUL 1   4935                      4766    169     4975

 COOLING
  TODAY            0                         0      0        0
  MONTH TO DATE    0                         0      0        0
  SINCE MAR 1      0                         0      0        0
  SINCE JAN 1      0                         0      0        0
..................................................................


WIND (MPH)
  HIGHEST WIND SPEED    10   HIGHEST WIND DIRECTION    NW (330)
  HIGHEST GUST SPEED    14   HIGHEST GUST DIRECTION    NW (300)
  AVERAGE WIND SPEED     2.2


SKY COVER
  AVERAGE SKY COVER 0.0



RELATIVE HUMIDITY (PERCENT)
 HIGHEST    87           800 AM
 LOWEST     25           400 PM
 AVERAGE    56

..........................................................


THE POUGHKEEPSIE NY CLIMATE NORMALS FOR TOMORROW
                         NORMAL    RECORD    YEAR
 MAXIMUM TEMPERATURE (F)   45        66      1974
 MINIMUM TEMPERATURE (F)   22        -9      2003


SUNRISE AND SUNSET
MARCH  6 2015.........SUNRISE   623 AM EST   SUNSET   552 PM EST
MARCH  7 2015.........SUNRISE   621 AM EST   SUNSET   553 PM EST


-  INDICATES NEGATIVE NUMBERS.
R  INDICATES RECORD WAS SET OR TIED.
MM INDICATES DATA IS MISSING.
T  INDICATES TRACE AMOUNT.




RECORDS FOR KPOU DATE BACK TO 1949...
HOWEVER...DATA IS MISSING FROM JANUARY 1993 - JULY 2000.
$$
