691
CDUS41 KALY 222149
CLIPOU


CLIMATE REPORT
NATIONAL WEATHER SERVICE ALBANY NY
448 PM EST THU FEB 22 2018


...................................

...THE POUGHKEEPSIE NY CLIMATE SUMMARY FOR FEBRUARY 22 2018...
VALID TODAY AS OF 0400 PM LOCAL TIME.

CLIMATE NORMAL PERIOD 1981 TO 2010
CLIMATE RECORD PERIOD 1949 TO 2018


WEATHER ITEM   OBSERVED TIME   RECORD YEAR NORMAL DEPARTURE LAST
                VALUE   (LST)  VALUE       VALUE  FROM      YEAR
                                                  NORMAL
..................................................................
TEMPERATURE (F)
 TODAY
  MAXIMUM         50   1202 AM  61    1976  41      9       53
  MINIMUM         33    439 PM  -5    1978  19     14       35
  AVERAGE         42                        30     12       44

PRECIPITATION (IN)
  TODAY            0.22          0.87 2003   0.09   0.13      T
  MONTH TO DATE    3.30                      2.04   1.26     1.46
  SINCE DEC 1      7.74                      8.65  -0.91     7.03
  SINCE JAN 1      6.18                      5.12   1.06     4.43

DEGREE DAYS
 HEATING
  TODAY           23                        35    -12       21
  MONTH TO DATE  701                       814   -113      737
  SINCE DEC 1   3081                      3088     -7     2787
  SINCE JUL 1   4164                      4366   -202     3933

 COOLING
  TODAY            0                         0      0        0
  MONTH TO DATE    0                         0      0        0
  SINCE DEC 1      0                         0      0        0
  SINCE JAN 1      0                         0      0        0
..................................................................


WIND (MPH)
  HIGHEST WIND SPEED    21   HIGHEST WIND DIRECTION     N (10)
  HIGHEST GUST SPEED    28   HIGHEST GUST DIRECTION     N (10)
  AVERAGE WIND SPEED    11.1


SKY COVER
  AVERAGE SKY COVER 1.0



RELATIVE HUMIDITY (PERCENT)
 HIGHEST    89           300 PM
 LOWEST     52          1200 AM
 AVERAGE    71

..........................................................


THE POUGHKEEPSIE NY CLIMATE NORMALS FOR TOMORROW
                         NORMAL    RECORD    YEAR
 MAXIMUM TEMPERATURE (F)   41        68      2017
 MINIMUM TEMPERATURE (F)   19       -10      1972


SUNRISE AND SUNSET
FEBRUARY 22 2018......SUNRISE   641 AM EST   SUNSET   538 PM EST
FEBRUARY 23 2018......SUNRISE   639 AM EST   SUNSET   539 PM EST


-  INDICATES NEGATIVE NUMBERS.
R  INDICATES RECORD WAS SET OR TIED.
MM INDICATES DATA IS MISSING.
T  INDICATES TRACE AMOUNT.




RECORDS FOR KPOU DATE BACK TO 1949...
HOWEVER...DATA IS MISSING FROM JANUARY 1993 - JULY 2000.
$$
