000
CDUS41 KALY 150624
CLIPOU


CLIMATE REPORT
NATIONAL WEATHER SERVICE ALBANY NY
223 AM EDT FRI SEP 15 2017


...................................

...THE POUGHKEEPSIE NY CLIMATE SUMMARY FOR SEPTEMBER 14 2017...

CLIMATE NORMAL PERIOD 1981 TO 2010
CLIMATE RECORD PERIOD 1949 TO 2017


WEATHER ITEM   OBSERVED TIME   RECORD YEAR NORMAL DEPARTURE LAST
                VALUE   (LST)  VALUE       VALUE  FROM      YEAR
                                                  NORMAL
..................................................................
TEMPERATURE (F)
 YESTERDAY
  MAXIMUM         77    412 PM  89    2016  76      1       89
                                      2005
  MINIMUM         66   1159 PM  33    1963  52     14       57
  AVERAGE         72                        64      8       73

PRECIPITATION (IN)
  YESTERDAY        0.20          1.59 1989   0.14   0.06     0.00
  MONTH TO DATE    1.56                      1.93  -0.37     0.24
  SINCE SEP 1      1.56                      1.93  -0.37     0.24
  SINCE JAN 1     30.66                     32.71  -2.05    22.56

DEGREE DAYS
 HEATING
  YESTERDAY        0                         3     -3        0
  MONTH TO DATE   65                        30     35        4
  SINCE SEP 1     65                        30     35        4
  SINCE JUL 1     85                        47     38        6

 COOLING
  YESTERDAY        7                         2      5        8
  MONTH TO DATE   18                        45    -27       80
  SINCE SEP 1     18                        45    -27       80
  SINCE JAN 1    592                       649    -57     1022
..................................................................


WIND (MPH)
  HIGHEST WIND SPEED    12   HIGHEST WIND DIRECTION     W (290)
  HIGHEST GUST SPEED    16   HIGHEST GUST DIRECTION     S (170)
  AVERAGE WIND SPEED     2.3


SKY COVER
  AVERAGE SKY COVER 0.8



RELATIVE HUMIDITY (PERCENT)
 HIGHEST    93           300 AM
 LOWEST     68          1200 PM
 AVERAGE    81

..........................................................


THE POUGHKEEPSIE NY CLIMATE NORMALS FOR TODAY
                         NORMAL    RECORD    YEAR
 MAXIMUM TEMPERATURE (F)   75        86      2005
 MINIMUM TEMPERATURE (F)   52        32      1963


SUNRISE AND SUNSET
SEPTEMBER 15 2017.....SUNRISE   636 AM EDT   SUNSET   704 PM EDT
SEPTEMBER 16 2017.....SUNRISE   637 AM EDT   SUNSET   703 PM EDT


-  INDICATES NEGATIVE NUMBERS.
R  INDICATES RECORD WAS SET OR TIED.
MM INDICATES DATA IS MISSING.
T  INDICATES TRACE AMOUNT.




RECORDS FOR KPOU DATE BACK TO 1949...
HOWEVER...DATA IS MISSING FROM JANUARY 1993 - JULY 2000.
$$
