000
CDUS41 KALY 191117
CLIPOU


CLIMATE REPORT
NATIONAL WEATHER SERVICE ALBANY NY
717 AM EDT SAT APR 19 2014




THE POUGHKEEPSIE NY CLIMATE SUMMARY FOR APRIL 18 2014...

CLIMATE NORMAL PERIOD 1981 TO 2010
CLIMATE RECORD PERIOD 1949 TO 2014


WEATHER ITEM   OBSERVED TIME   RECORD YEAR NORMAL DEPARTURE LAST
                VALUE   (LST)  VALUE       VALUE  FROM      YEAR
                                                  NORMAL

TEMPERATURE (F)
 YESTERDAY
  MAXIMUM         50    536 PM  94    1976  62    -12       62
  MINIMUM         29    522 AM  24    1962  38     -9       36
  AVERAGE         40                        50    -10       49

PRECIPITATION (IN)
  YESTERDAY        0.00          0.36 1969   0.12  -0.12     0.01
  MONTH TO DATE    1.72                      2.30  -0.58     0.67
  SINCE MAR 1      4.47                      5.87  -1.40     2.15
  SINCE JAN 1      8.75                     11.61  -2.86     5.81

DEGREE DAYS
 HEATING
  YESTERDAY       25                        15     10       16
  MONTH TO DATE  298                       335    -37      312
  SINCE MAR 1   1325                      1209    116     1180
  SINCE JUL 1   6028                      5780    248     5301

 COOLING
  YESTERDAY        0                         0      0        0
  MONTH TO DATE    6                         0      6        0
  SINCE MAR 1      6                         0      6        0
  SINCE JAN 1      6                         0      6        0



WIND (MPH)
  HIGHEST WIND SPEED    10   HIGHEST WIND DIRECTION    SW (240)
  HIGHEST GUST SPEED    14   HIGHEST GUST DIRECTION    SW (230)
  AVERAGE WIND SPEED     3.8


SKY COVER
  AVERAGE SKY COVER 0.1



RELATIVE HUMIDITY (PERCENT)
 HIGHEST    85           300 AM
 LOWEST     32           500 PM
 AVERAGE    59




THE POUGHKEEPSIE NY CLIMATE NORMALS FOR TODAY
                         NORMAL    RECORD    YEAR
 MAXIMUM TEMPERATURE (F)   62        93      1976
 MINIMUM TEMPERATURE (F)   38        24      2001


SUNRISE AND SUNSET
APRIL 19 2014.........SUNRISE   610 AM EDT   SUNSET   740 PM EDT
APRIL 20 2014.........SUNRISE   608 AM EDT   SUNSET   742 PM EDT


-  INDICATES NEGATIVE NUMBERS.
R  INDICATES RECORD WAS SET OR TIED.
MM INDICATES DATA IS MISSING.
T  INDICATES TRACE AMOUNT.





RECORDS FOR KPOU DATE BACK TO 1949...
HOWEVER...DATA IS MISSING FROM JANUARY 1993 - JULY 2000.
$$
