000
CDUS41 KALY 210626
CLIPOU


CLIMATE REPORT
NATIONAL WEATHER SERVICE ALBANY NY
226 AM EDT TUE OCT 21 2014


...................................

...THE POUGHKEEPSIE NY CLIMATE SUMMARY FOR OCTOBER 20 2014...

CLIMATE NORMAL PERIOD 1981 TO 2010
CLIMATE RECORD PERIOD 1949 TO 2014


WEATHER ITEM   OBSERVED TIME   RECORD YEAR NORMAL DEPARTURE LAST
                VALUE   (LST)  VALUE       VALUE  FROM      YEAR
                                                  NORMAL
..................................................................
TEMPERATURE (F)
 YESTERDAY
  MAXIMUM         61    233 PM  79    1965  62     -1       62
  MINIMUM         30    436 AM  18    1974  37     -7       39
  AVERAGE         46                        50     -4       51

PRECIPITATION (IN)
  YESTERDAY        0.00          2.82 1989   0.15  -0.15     0.01
  MONTH TO DATE    2.37                      2.98  -0.61     1.37
  SINCE SEP 1      2.89                      7.26  -4.37     3.69
  SINCE JAN 1     27.56                     38.04 -10.48    33.91

DEGREE DAYS
 HEATING
  YESTERDAY       19                        16      3       14
  MONTH TO DATE  160                       247    -87      127
  SINCE SEP 1    249                       370   -121      267
  SINCE JUL 1    254                       387   -133      270

 COOLING
  YESTERDAY        0                         0      0        0
  MONTH TO DATE   13                         0     13        8
  SINCE SEP 1     99                        64     35       72
  SINCE JAN 1    696                       668     28      829
..................................................................


WIND (MPH)
  HIGHEST WIND SPEED    12   HIGHEST WIND DIRECTION    SW (220)
  HIGHEST GUST SPEED    18   HIGHEST GUST DIRECTION    SE (150)
  AVERAGE WIND SPEED     3.1


SKY COVER
  AVERAGE SKY COVER 0.1



RELATIVE HUMIDITY (PERCENT)
 HIGHEST    92           400 AM
 LOWEST     40           200 PM
 AVERAGE    66

..........................................................


THE POUGHKEEPSIE NY CLIMATE NORMALS FOR TODAY
                         NORMAL    RECORD    YEAR
 MAXIMUM TEMPERATURE (F)   61        81      1979
 MINIMUM TEMPERATURE (F)   37        18      1952


SUNRISE AND SUNSET
OCTOBER 21 2014.......SUNRISE   714 AM EDT   SUNSET   605 PM EDT
OCTOBER 22 2014.......SUNRISE   716 AM EDT   SUNSET   604 PM EDT


-  INDICATES NEGATIVE NUMBERS.
R  INDICATES RECORD WAS SET OR TIED.
MM INDICATES DATA IS MISSING.
T  INDICATES TRACE AMOUNT.





RECORDS FOR KPOU DATE BACK TO 1949...
HOWEVER...DATA IS MISSING FROM JANUARY 1993 - JULY 2000.
$$
