000
CDUS41 KALY 110622
CLIPOU


CLIMATE REPORT
NATIONAL WEATHER SERVICE ALBANY NY
221 AM EDT FRI APR 11 2014




THE POUGHKEEPSIE NY CLIMATE SUMMARY FOR APRIL 10 2014...

CLIMATE NORMAL PERIOD 1981 TO 2010
CLIMATE RECORD PERIOD 1949 TO 2014


WEATHER ITEM   OBSERVED TIME   RECORD YEAR NORMAL DEPARTURE LAST
                VALUE   (LST)  VALUE       VALUE  FROM      YEAR
                                                  NORMAL

TEMPERATURE (F)
 YESTERDAY
  MAXIMUM         65    240 PM  79    1955  59      6       65
  MINIMUM         27    543 AM  20    1950  35     -8       49
  AVERAGE         46                        47     -1       57

PRECIPITATION (IN)
  YESTERDAY        0.00          1.32 1983   0.13  -0.13     0.26
  MONTH TO DATE    0.22                      1.28  -1.06     0.26
  SINCE MAR 1      2.97                      4.85  -1.88     1.74
  SINCE JAN 1      7.25                     10.59  -3.34     5.40

DEGREE DAYS
 HEATING
  YESTERDAY       19                        18      1        8
  MONTH TO DATE  190                       202    -12      178
  SINCE MAR 1   1217                      1076    141     1046
  SINCE JUL 1   5920                      5647    273     5167

 COOLING
  YESTERDAY        0                         0      0        0
  MONTH TO DATE    0                         0      0        0
  SINCE MAR 1      0                         0      0        0
  SINCE JAN 1      0                         0      0        0



WIND (MPH)
  HIGHEST WIND SPEED    18   HIGHEST WIND DIRECTION     S (170)
  HIGHEST GUST SPEED    27   HIGHEST GUST DIRECTION    SE (150)
  AVERAGE WIND SPEED     7.7


SKY COVER
  AVERAGE SKY COVER 0.1



RELATIVE HUMIDITY (PERCENT)
 HIGHEST    75           500 AM
 LOWEST     24           200 PM
 AVERAGE    50




THE POUGHKEEPSIE NY CLIMATE NORMALS FOR TODAY
                         NORMAL    RECORD    YEAR
 MAXIMUM TEMPERATURE (F)   59        83      2011
 MINIMUM TEMPERATURE (F)   35        21      2007


SUNRISE AND SUNSET
APRIL 11 2014.........SUNRISE   622 AM EDT   SUNSET   732 PM EDT
APRIL 12 2014.........SUNRISE   620 AM EDT   SUNSET   733 PM EDT


-  INDICATES NEGATIVE NUMBERS.
R  INDICATES RECORD WAS SET OR TIED.
MM INDICATES DATA IS MISSING.
T  INDICATES TRACE AMOUNT.





RECORDS FOR KPOU DATE BACK TO 1949...
HOWEVER...DATA IS MISSING FROM JANUARY 1993 - JULY 2000.
$$
