000
CDUS41 KALY 240622
CLIPOU


CLIMATE REPORT
NATIONAL WEATHER SERVICE ALBANY NY
121 AM EST SAT JAN 24 2015


...................................

...THE POUGHKEEPSIE NY CLIMATE SUMMARY FOR JANUARY 23 2015...

CLIMATE NORMAL PERIOD 1981 TO 2010
CLIMATE RECORD PERIOD 1949 TO 2015


WEATHER ITEM   OBSERVED TIME   RECORD YEAR NORMAL DEPARTURE LAST
                VALUE   (LST)  VALUE       VALUE  FROM      YEAR
                                                  NORMAL
..................................................................
TEMPERATURE (F)
 YESTERDAY
  MAXIMUM         37    346 PM  60    1957  36      1       21
  MINIMUM         12    747 AM -16    1961  15     -3        2
  AVERAGE         25                        25      0       12

PRECIPITATION (IN)
  YESTERDAY        0.00          0.99 1983   0.09  -0.09     0.00
  MONTH TO DATE    2.43                      2.30   0.13     1.45
  SINCE DEC 1      5.43                      5.83  -0.40     4.78
  SINCE JAN 1      2.43                      2.30   0.13     1.45

DEGREE DAYS
 HEATING
  YESTERDAY       40                        40      0       53
  MONTH TO DATE  911                       912     -1      897
  SINCE DEC 1   1811                      1963   -152     1932
  SINCE JUL 1   2962                      3241   -279     3175

 COOLING
  YESTERDAY        0                         0      0        0
  MONTH TO DATE    0                         0      0        0
  SINCE DEC 1      0                         0      0        0
  SINCE JAN 1      0                         0      0        0
..................................................................


WIND (MPH)
  HIGHEST WIND SPEED    13   HIGHEST WIND DIRECTION    SW (230)
  HIGHEST GUST SPEED    14   HIGHEST GUST DIRECTION    SW (230)
  AVERAGE WIND SPEED     2.8


SKY COVER
  AVERAGE SKY COVER 0.0



RELATIVE HUMIDITY (PERCENT)
 HIGHEST    88           200 AM
 LOWEST     47           100 PM
 AVERAGE    68

..........................................................


THE POUGHKEEPSIE NY CLIMATE NORMALS FOR TODAY
                         NORMAL    RECORD    YEAR
 MAXIMUM TEMPERATURE (F)   36        63      1967
 MINIMUM TEMPERATURE (F)   15       -15      1961


SUNRISE AND SUNSET
JANUARY 24 2015.......SUNRISE   715 AM EST   SUNSET   501 PM EST
JANUARY 25 2015.......SUNRISE   714 AM EST   SUNSET   502 PM EST


-  INDICATES NEGATIVE NUMBERS.
R  INDICATES RECORD WAS SET OR TIED.
MM INDICATES DATA IS MISSING.
T  INDICATES TRACE AMOUNT.





RECORDS FOR KPOU DATE BACK TO 1949...
HOWEVER...DATA IS MISSING FROM JANUARY 1993 - JULY 2000.
$$
