000
CDUS41 KALY 190641
CLIPOU


CLIMATE REPORT
NATIONAL WEATHER SERVICE ALBANY NY
138 AM EST MON FEB 19 2018


...................................

...THE POUGHKEEPSIE NY CLIMATE SUMMARY FOR FEBRUARY 18 2018...

CLIMATE NORMAL PERIOD 1981 TO 2010
CLIMATE RECORD PERIOD 1949 TO 2018


WEATHER ITEM   OBSERVED TIME   RECORD YEAR NORMAL DEPARTURE LAST
                VALUE   (LST)  VALUE       VALUE  FROM      YEAR
                                                  NORMAL
..................................................................
TEMPERATURE (F)
 YESTERDAY
  MAXIMUM         44    242 PM  65    1981  40      4       56
  MINIMUM         24   1159 PM -14    1979  18      6       19
  AVERAGE         34                        29      5       38

PRECIPITATION (IN)
  YESTERDAY        0.03          0.80 1986   0.09  -0.06     0.00
  MONTH TO DATE    2.91                      1.67   1.24     1.46
  SINCE DEC 1      7.35                      8.28  -0.93     7.03
  SINCE JAN 1      5.79                      4.75   1.04     4.43

DEGREE DAYS
 HEATING
  YESTERDAY       31                        36     -5       27
  MONTH TO DATE  624                       673    -49      636
  SINCE DEC 1   3004                      2947     57     2686
  SINCE JUL 1   4087                      4225   -138     3832

 COOLING
  YESTERDAY        0                         0      0        0
  MONTH TO DATE    0                         0      0        0
  SINCE DEC 1      0                         0      0        0
  SINCE JAN 1      0                         0      0        0
..................................................................


WIND (MPH)
  HIGHEST WIND SPEED    17   HIGHEST WIND DIRECTION     N (340)
  HIGHEST GUST SPEED    24   HIGHEST GUST DIRECTION     N (340)
  AVERAGE WIND SPEED     4.3


SKY COVER
  AVERAGE SKY COVER 0.4



RELATIVE HUMIDITY (PERCENT)
 HIGHEST    92          1200 AM
 LOWEST     39           100 PM
 AVERAGE    66

..........................................................


THE POUGHKEEPSIE NY CLIMATE NORMALS FOR TODAY
                         NORMAL    RECORD    YEAR
 MAXIMUM TEMPERATURE (F)   40        61      2017
                                             1981
 MINIMUM TEMPERATURE (F)   18         0      1958


SUNRISE AND SUNSET
FEBRUARY 19 2018......SUNRISE   645 AM EST   SUNSET   534 PM EST
FEBRUARY 20 2018......SUNRISE   644 AM EST   SUNSET   535 PM EST


-  INDICATES NEGATIVE NUMBERS.
R  INDICATES RECORD WAS SET OR TIED.
MM INDICATES DATA IS MISSING.
T  INDICATES TRACE AMOUNT.




RECORDS FOR KPOU DATE BACK TO 1949...
HOWEVER...DATA IS MISSING FROM JANUARY 1993 - JULY 2000.
$$
