000
CDUS41 KALY 010630
CLIPOU


CLIMATE REPORT
NATIONAL WEATHER SERVICE ALBANY NY
129 AM EST THU DEC 1 2016


...................................

...THE POUGHKEEPSIE NY CLIMATE SUMMARY FOR NOVEMBER 30 2016...

CLIMATE NORMAL PERIOD 1981 TO 2010
CLIMATE RECORD PERIOD 1949 TO 2016


WEATHER ITEM   OBSERVED TIME   RECORD YEAR NORMAL DEPARTURE LAST
                VALUE   (LST)  VALUE       VALUE  FROM      YEAR
                                                  NORMAL
..................................................................
TEMPERATURE (F)
 YESTERDAY
  MAXIMUM         53    114 PM  67    2006  46      7       42
  MINIMUM         41    337 AM  14    2013  27     14       21
                                      1967
  AVERAGE         47                        37     10       32

PRECIPITATION (IN)
  YESTERDAY        0.85          1.22 2005   0.12   0.73     0.00
  MONTH TO DATE    4.73                      3.47   1.26     1.82
  SINCE SEP 1      8.20                     12.22  -4.02     6.96
  SINCE JAN 1     30.52                     43.00 -12.48    25.92

DEGREE DAYS
 HEATING
  YESTERDAY       18                        28    -10       33
  MONTH TO DATE  684                       700    -16      554
  SINCE SEP 1   1144                      1261   -117      988
  SINCE JUL 1   1146                      1278   -132      988

 COOLING
  YESTERDAY        0                         0      0        0
  MONTH TO DATE    0                         0      0        2
  SINCE SEP 1    111                        68     43      159
  SINCE JAN 1   1053                       672    381      964
..................................................................


WIND (MPH)
  HIGHEST WIND SPEED    12   HIGHEST WIND DIRECTION     W (290)
  HIGHEST GUST SPEED    14   HIGHEST GUST DIRECTION     W (290)
  AVERAGE WIND SPEED     3.0


SKY COVER
  AVERAGE SKY COVER 0.5



RELATIVE HUMIDITY (PERCENT)
 HIGHEST   100          1200 AM
 LOWEST     89           900 PM
 AVERAGE    95

..........................................................


THE POUGHKEEPSIE NY CLIMATE NORMALS FOR TODAY
                         NORMAL    RECORD    YEAR
 MAXIMUM TEMPERATURE (F)   46        69      2006
 MINIMUM TEMPERATURE (F)   27         9      1967


SUNRISE AND SUNSET
DECEMBER  1 2016......SUNRISE   703 AM EST   SUNSET   426 PM EST
DECEMBER  2 2016......SUNRISE   704 AM EST   SUNSET   426 PM EST


-  INDICATES NEGATIVE NUMBERS.
R  INDICATES RECORD WAS SET OR TIED.
MM INDICATES DATA IS MISSING.
T  INDICATES TRACE AMOUNT.




RECORDS FOR KPOU DATE BACK TO 1949...
HOWEVER...DATA IS MISSING FROM JANUARY 1993 - JULY 2000.
$$
