071
CDUS41 KALY 220623
CLIPOU


CLIMATE REPORT
NATIONAL WEATHER SERVICE ALBANY NY
221 AM EDT THU SEP 22 2016


...................................

...THE POUGHKEEPSIE NY CLIMATE SUMMARY FOR SEPTEMBER 21 2016...

CLIMATE NORMAL PERIOD 1981 TO 2010
CLIMATE RECORD PERIOD 1949 TO 2016


WEATHER ITEM   OBSERVED TIME   RECORD YEAR NORMAL DEPARTURE LAST
                VALUE   (LST)  VALUE       VALUE  FROM      YEAR
                                                  NORMAL
..................................................................
TEMPERATURE (F)
 YESTERDAY
  MAXIMUM         82    204 PM  89    1965  73      9       73
  MINIMUM         54   1143 PM  30    1962  49      5       47
  AVERAGE         68                        61      7       60

PRECIPITATION (IN)
  YESTERDAY        0.00          3.77 1966   0.14  -0.14     0.00
  MONTH TO DATE    0.46                      2.92  -2.46     1.69
  SINCE SEP 1      0.46                      2.92  -2.46     1.69
  SINCE JAN 1     22.78                     33.70 -10.92    20.65

DEGREE DAYS
 HEATING
  YESTERDAY        0                         5     -5        5
  MONTH TO DATE   16                        61    -45       11
  SINCE SEP 1     16                        61    -45       11
  SINCE JUL 1     18                        78    -60       11

 COOLING
  YESTERDAY        3                         1      2        0
  MONTH TO DATE  103                        57     46      145
  SINCE SEP 1    103                        57     46      145
  SINCE JAN 1   1045                       661    384      950
..................................................................


WIND (MPH)
  HIGHEST WIND SPEED    13   HIGHEST WIND DIRECTION     N (350)
  HIGHEST GUST SPEED    17   HIGHEST GUST DIRECTION     N (350)
  AVERAGE WIND SPEED     2.9


SKY COVER
  AVERAGE SKY COVER 0.1



RELATIVE HUMIDITY (PERCENT)
 HIGHEST   100           200 AM
 LOWEST     26           200 PM
 AVERAGE    63

..........................................................


THE POUGHKEEPSIE NY CLIMATE NORMALS FOR TODAY
                         NORMAL    RECORD    YEAR
 MAXIMUM TEMPERATURE (F)   73        91      1980
 MINIMUM TEMPERATURE (F)   49        29      1962


SUNRISE AND SUNSET
SEPTEMBER 22 2016.....SUNRISE   643 AM EDT   SUNSET   652 PM EDT
SEPTEMBER 23 2016.....SUNRISE   644 AM EDT   SUNSET   650 PM EDT


-  INDICATES NEGATIVE NUMBERS.
R  INDICATES RECORD WAS SET OR TIED.
MM INDICATES DATA IS MISSING.
T  INDICATES TRACE AMOUNT.




RECORDS FOR KPOU DATE BACK TO 1949...
HOWEVER...DATA IS MISSING FROM JANUARY 1993 - JULY 2000.
$$
