747
CDUS41 KALY 220622
CLIPOU


CLIMATE REPORT
NATIONAL WEATHER SERVICE ALBANY NY
222 AM EDT WED MAR 22 2017


...................................

...THE POUGHKEEPSIE NY CLIMATE SUMMARY FOR MARCH 21 2017...

CLIMATE NORMAL PERIOD 1981 TO 2010
CLIMATE RECORD PERIOD 1949 TO 2017


WEATHER ITEM   OBSERVED TIME   RECORD YEAR NORMAL DEPARTURE LAST
                VALUE   (LST)  VALUE       VALUE  FROM      YEAR
                                                  NORMAL
..................................................................
TEMPERATURE (F)
 YESTERDAY
  MAXIMUM         56    425 PM  72    2012  50      6       51
  MINIMUM         30   1159 PM  -2    1956  27      3       32
  AVERAGE         43                        38      5       42

PRECIPITATION (IN)
  YESTERDAY        0.00          1.95 1980   0.13  -0.13      T
  MONTH TO DATE    1.06                      2.37  -1.31     0.71
  SINCE MAR 1      1.06                      2.37  -1.31     0.71
  SINCE JAN 1      5.93                      8.11  -2.18     6.39

DEGREE DAYS
 HEATING
  YESTERDAY       22                        27     -5       23
  MONTH TO DATE  708                       630     78      424
  SINCE MAR 1    708                       630     78      424
  SINCE JUL 1   4750                      5201   -451     3956

 COOLING
  YESTERDAY        0                         0      0        0
  MONTH TO DATE    0                         0      0        0
  SINCE MAR 1      0                         0      0        0
  SINCE JAN 1      0                         0      0        0
..................................................................


WIND (MPH)
  HIGHEST WIND SPEED    16   HIGHEST WIND DIRECTION     W (260)
  HIGHEST GUST SPEED    21   HIGHEST GUST DIRECTION     W (270)
  AVERAGE WIND SPEED     2.1


SKY COVER
  AVERAGE SKY COVER 0.4



RELATIVE HUMIDITY (PERCENT)
 HIGHEST    75           200 AM
 LOWEST     26           800 PM
 AVERAGE    51

..........................................................


THE POUGHKEEPSIE NY CLIMATE NORMALS FOR TODAY
                         NORMAL    RECORD    YEAR
 MAXIMUM TEMPERATURE (F)   50        79      2012
 MINIMUM TEMPERATURE (F)   28         5      1956


SUNRISE AND SUNSET
MARCH 22 2017.........SUNRISE   655 AM EDT   SUNSET   710 PM EDT
MARCH 23 2017.........SUNRISE   653 AM EDT   SUNSET   711 PM EDT


-  INDICATES NEGATIVE NUMBERS.
R  INDICATES RECORD WAS SET OR TIED.
MM INDICATES DATA IS MISSING.
T  INDICATES TRACE AMOUNT.




RECORDS FOR KPOU DATE BACK TO 1949...
HOWEVER...DATA IS MISSING FROM JANUARY 1993 - JULY 2000.
$$
