000
CDUS41 KALY 250626
CLIPOU


CLIMATE REPORT
NATIONAL WEATHER SERVICE ALBANY NY
125 AM EST FRI NOV 25 2016


...................................

...THE POUGHKEEPSIE NY CLIMATE SUMMARY FOR NOVEMBER 24 2016...

CLIMATE NORMAL PERIOD 1981 TO 2010
CLIMATE RECORD PERIOD 1949 TO 2016


WEATHER ITEM   OBSERVED TIME   RECORD YEAR NORMAL DEPARTURE LAST
                VALUE   (LST)  VALUE       VALUE  FROM      YEAR
                                                  NORMAL
..................................................................
TEMPERATURE (F)
 YESTERDAY
  MAXIMUM         41   1224 PM  71    2014  49     -8       46
  MINIMUM         29    638 AM   3    1989  29      0       19
  AVERAGE         35                        39     -4       33

PRECIPITATION (IN)
  YESTERDAY        0.10          1.13 1980   0.12  -0.02     0.00
  MONTH TO DATE    2.81                      2.77   0.04     1.78
  SINCE SEP 1      6.28                     11.52  -5.24     6.92
  SINCE JAN 1     28.60                     42.30 -13.70    25.88

DEGREE DAYS
 HEATING
  YESTERDAY       30                        26      4       32
  MONTH TO DATE  538                       537      1      404
  SINCE SEP 1    998                      1096    -98      838
  SINCE JUL 1   1000                      1113   -113      838

 COOLING
  YESTERDAY        0                         0      0        0
  MONTH TO DATE    0                         0      0        2
  SINCE SEP 1    111                        68     43      159
  SINCE JAN 1   1053                       672    381      964
..................................................................


WIND (MPH)
  HIGHEST WIND SPEED     8   HIGHEST WIND DIRECTION    SW (230)
  HIGHEST GUST SPEED    10   HIGHEST GUST DIRECTION    NW (320)
  AVERAGE WIND SPEED     1.0


SKY COVER
  AVERAGE SKY COVER 0.9



RELATIVE HUMIDITY (PERCENT)
 HIGHEST   100           600 PM
 LOWEST     59          1100 AM
 AVERAGE    80

..........................................................


THE POUGHKEEPSIE NY CLIMATE NORMALS FOR TODAY
                         NORMAL    RECORD    YEAR
 MAXIMUM TEMPERATURE (F)   49        66      2014
                                             2001
 MINIMUM TEMPERATURE (F)   29        12      2013


SUNRISE AND SUNSET
NOVEMBER 25 2016......SUNRISE   657 AM EST   SUNSET   428 PM EST
NOVEMBER 26 2016......SUNRISE   658 AM EST   SUNSET   428 PM EST


-  INDICATES NEGATIVE NUMBERS.
R  INDICATES RECORD WAS SET OR TIED.
MM INDICATES DATA IS MISSING.
T  INDICATES TRACE AMOUNT.




RECORDS FOR KPOU DATE BACK TO 1949...
HOWEVER...DATA IS MISSING FROM JANUARY 1993 - JULY 2000.
$$
