000
CDUS41 KALY 080625
CLIPOU


CLIMATE REPORT
NATIONAL WEATHER SERVICE ALBANY NY
125 AM EST MON FEB 8 2016


...................................

...THE POUGHKEEPSIE NY CLIMATE SUMMARY FOR FEBRUARY 7 2016...

CLIMATE NORMAL PERIOD 1981 TO 2010
CLIMATE RECORD PERIOD 1949 TO 2016


WEATHER ITEM   OBSERVED TIME   RECORD YEAR NORMAL DEPARTURE LAST
                VALUE   (LST)  VALUE       VALUE  FROM      YEAR
                                                  NORMAL
..................................................................
TEMPERATURE (F)
 YESTERDAY
  MAXIMUM         50    329 PM  53    2005  38     12       32
  MINIMUM         20    721 AM -10    1966  17      3        8
  AVERAGE         35                        27      8       20

PRECIPITATION (IN)
  YESTERDAY        0.00          1.50 1951   0.09  -0.09      T
  MONTH TO DATE    0.62                      0.65  -0.03     0.55
  SINCE DEC 1      5.73                      7.26  -1.53     6.49
  SINCE JAN 1      1.83                      3.73  -1.90     3.49

DEGREE DAYS
 HEATING
  YESTERDAY       30                        38     -8       45
  MONTH TO DATE  174                       268    -94      346
  SINCE DEC 1   1838                      2542   -704     2506
  SINCE JUL 1   2826                      3820   -994     3657

 COOLING
  YESTERDAY        0                         0      0        0
  MONTH TO DATE    0                         0      0        0
  SINCE DEC 1      0                         0      0        0
  SINCE JAN 1      0                         0      0        0
..................................................................


WIND (MPH)
  HIGHEST WIND SPEED     7   HIGHEST WIND DIRECTION     E (110)
  HIGHEST GUST SPEED    10   HIGHEST GUST DIRECTION    SE (120)
  AVERAGE WIND SPEED     1.6


SKY COVER
  AVERAGE SKY COVER 0.0



RELATIVE HUMIDITY (PERCENT)
 HIGHEST    84           600 AM
 LOWEST     29           300 PM
 AVERAGE    57

..........................................................


THE POUGHKEEPSIE NY CLIMATE NORMALS FOR TODAY
                         NORMAL    RECORD    YEAR
 MAXIMUM TEMPERATURE (F)   38        56      1965
 MINIMUM TEMPERATURE (F)   17       -23      1967


SUNRISE AND SUNSET
FEBRUARY  8 2016......SUNRISE   700 AM EST   SUNSET   520 PM EST
FEBRUARY  9 2016......SUNRISE   659 AM EST   SUNSET   521 PM EST


-  INDICATES NEGATIVE NUMBERS.
R  INDICATES RECORD WAS SET OR TIED.
MM INDICATES DATA IS MISSING.
T  INDICATES TRACE AMOUNT.




RECORDS FOR KPOU DATE BACK TO 1949...
HOWEVER...DATA IS MISSING FROM JANUARY 1993 - JULY 2000.
$$
