000
CDUS41 KALY 250705
CLIPOU


CLIMATE REPORT
NATIONAL WEATHER SERVICE ALBANY NY
304 AM EDT WED MAR 25 2015


...................................

...THE POUGHKEEPSIE NY CLIMATE SUMMARY FOR MARCH 24 2015...

CLIMATE NORMAL PERIOD 1981 TO 2010
CLIMATE RECORD PERIOD 1949 TO 2015


WEATHER ITEM   OBSERVED TIME   RECORD YEAR NORMAL DEPARTURE LAST
                VALUE   (LST)  VALUE       VALUE  FROM      YEAR
                                                  NORMAL
..................................................................
TEMPERATURE (F)
 YESTERDAY
  MAXIMUM         42    421 PM  73    1988  51     -9       35
  MINIMUM         19    611 AM  10    1992  28     -9       17
  AVERAGE         31                        40     -9       26

PRECIPITATION (IN)
  YESTERDAY        0.00          1.26 1989   0.12  -0.12     0.00
  MONTH TO DATE    1.52                      2.74  -1.22     0.86
  SINCE MAR 1      1.52                      2.74  -1.22     0.86
  SINCE JAN 1      5.82                      8.48  -2.66     5.14

DEGREE DAYS
 HEATING
  YESTERDAY       34                        25      9       39
  MONTH TO DATE  807                       707    100      828
  SINCE MAR 1    807                       707    100      828
  SINCE JUL 1   5492                      5278    214     5531

 COOLING
  YESTERDAY        0                         0      0        0
  MONTH TO DATE    0                         0      0        0
  SINCE MAR 1      0                         0      0        0
  SINCE JAN 1      0                         0      0        0
..................................................................


WIND (MPH)
  HIGHEST WIND SPEED    13   HIGHEST WIND DIRECTION     N (20)
  HIGHEST GUST SPEED    17   HIGHEST GUST DIRECTION     N (350)
  AVERAGE WIND SPEED     5.0


SKY COVER
  AVERAGE SKY COVER 0.0



RELATIVE HUMIDITY (PERCENT)
 HIGHEST    68          1000 PM
 LOWEST     30           400 PM
 AVERAGE    49

..........................................................


THE POUGHKEEPSIE NY CLIMATE NORMALS FOR TODAY
                         NORMAL    RECORD    YEAR
 MAXIMUM TEMPERATURE (F)   51        76      1963
 MINIMUM TEMPERATURE (F)   29        13      1956


SUNRISE AND SUNSET
MARCH 25 2015.........SUNRISE   651 AM EDT   SUNSET   713 PM EDT
MARCH 26 2015.........SUNRISE   649 AM EDT   SUNSET   714 PM EDT


-  INDICATES NEGATIVE NUMBERS.
R  INDICATES RECORD WAS SET OR TIED.
MM INDICATES DATA IS MISSING.
T  INDICATES TRACE AMOUNT.




RECORDS FOR KPOU DATE BACK TO 1949...
HOWEVER...DATA IS MISSING FROM JANUARY 1993 - JULY 2000.
$$
