169
CDUS41 KALY 211334
CLIPOU


CLIMATE REPORT...CORRECTED
NATIONAL WEATHER SERVICE ALBANY NY
933 AM EDT SAT MAY 21 2016


...................................

...THE POUGHKEEPSIE NY CLIMATE SUMMARY FOR MAY 20 2016...

CLIMATE NORMAL PERIOD 1981 TO 2010
CLIMATE RECORD PERIOD 1949 TO 2016


WEATHER ITEM   OBSERVED TIME   RECORD YEAR NORMAL DEPARTURE LAST
                VALUE   (LST)  VALUE       VALUE  FROM      YEAR
                                                  NORMAL
..................................................................
TEMPERATURE (F)
 YESTERDAY
  MAXIMUM         77    426 PM  91    1975  72      5       60
  MINIMUM         42    447 AM  29    2002  48     -6       43
  AVERAGE         60                        60      0       52

PRECIPITATION (IN)
  YESTERDAY        0.00          1.39 1949   0.15  -0.15     0.00
  MONTH TO DATE    2.53                      2.67  -0.14     1.05
  SINCE MAR 1      5.80                     10.02  -4.22     5.45
  SINCE JAN 1     11.48                     15.76  -4.28     9.75

DEGREE DAYS
 HEATING
  YESTERDAY        5                         6     -1       13
  MONTH TO DATE  179                       170      9       66
  SINCE MAR 1   1232                      1538   -306     1532
  SINCE JUL 1   4764                      6109  -1345     6217

 COOLING
  YESTERDAY        0                         1     -1        0
  MONTH TO DATE    0                        14    -14       62
  SINCE MAR 1      4                        19    -15       62
  SINCE JAN 1      4                        19    -15       62
..................................................................


WIND (MPH)
  HIGHEST WIND SPEED    12   HIGHEST WIND DIRECTION     N (10)
  HIGHEST GUST SPEED    17   HIGHEST GUST DIRECTION     N (10)
  AVERAGE WIND SPEED     1.5


SKY COVER
  AVERAGE SKY COVER 0.0



RELATIVE HUMIDITY (PERCENT)
 HIGHEST    89           400 AM
 LOWEST     29           400 PM
 AVERAGE    59

..........................................................


THE POUGHKEEPSIE NY CLIMATE NORMALS FOR TODAY
                         NORMAL    RECORD    YEAR
 MAXIMUM TEMPERATURE (F)   73        90      2013
 MINIMUM TEMPERATURE (F)   48        29      2002


SUNRISE AND SUNSET
MAY 21 2016...........SUNRISE   530 AM EDT   SUNSET   815 PM EDT
MAY 22 2016...........SUNRISE   530 AM EDT   SUNSET   815 PM EDT


-  INDICATES NEGATIVE NUMBERS.
R  INDICATES RECORD WAS SET OR TIED.
MM INDICATES DATA IS MISSING.
T  INDICATES TRACE AMOUNT.




RECORDS FOR KPOU DATE BACK TO 1949...
HOWEVER...DATA IS MISSING FROM JANUARY 1993 - JULY 2000.
$$
