440
CDUS41 KALY 292043
CLIPOU


CLIMATE REPORT
NATIONAL WEATHER SERVICE ALBANY NY
442 PM EDT FRI APR 29 2016


...................................

...THE POUGHKEEPSIE NY CLIMATE SUMMARY FOR APRIL 29 2016...
VALID TODAY AS OF 0400 PM LOCAL TIME.

CLIMATE NORMAL PERIOD 1981 TO 2010
CLIMATE RECORD PERIOD 1949 TO 2016


WEATHER ITEM   OBSERVED TIME   RECORD YEAR NORMAL DEPARTURE LAST
                VALUE   (LST)  VALUE       VALUE  FROM      YEAR
                                                  NORMAL
..................................................................
TEMPERATURE (F)
 TODAY
  MAXIMUM         59    232 PM  88    1974  66     -7       76
  MINIMUM         46    607 AM  26    1949  41      5       39
  AVERAGE         53                        54     -1       58

PRECIPITATION (IN)
  TODAY            0.00          0.92 1958   0.13  -0.13     0.00
  MONTH TO DATE    1.94                      3.65  -1.71     2.23
  SINCE MAR 1      2.98                      7.22  -4.24     4.40
  SINCE JAN 1      8.66                     12.96  -4.30     8.70

DEGREE DAYS
 HEATING
  TODAY           12                        12      0        7
  MONTH TO DATE  461                       482    -21      455
  SINCE MAR 1   1044                      1356   -312     1456
  SINCE JUL 1   4576                      5927  -1351     6141

 COOLING
  TODAY            0                         0      0        0
  MONTH TO DATE    4                         0      4        0
  SINCE MAR 1      4                         0      4        0
  SINCE JAN 1      4                         0      4        0
..................................................................


WIND (MPH)
  HIGHEST WIND SPEED    13   HIGHEST WIND DIRECTION    SE (150)
  HIGHEST GUST SPEED    18   HIGHEST GUST DIRECTION    SE (150)
  AVERAGE WIND SPEED     5.4


SKY COVER
  AVERAGE SKY COVER 1.0



RELATIVE HUMIDITY (PERCENT)
 HIGHEST    71          1200 AM
 LOWEST     30           100 PM
 AVERAGE    51

..........................................................


THE POUGHKEEPSIE NY CLIMATE NORMALS FOR TOMORROW
                         NORMAL    RECORD    YEAR
 MAXIMUM TEMPERATURE (F)   67        86      1985
 MINIMUM TEMPERATURE (F)   41        28      2012


SUNRISE AND SUNSET
APRIL 29 2016.........SUNRISE   554 AM EDT   SUNSET   752 PM EDT
APRIL 30 2016.........SUNRISE   553 AM EDT   SUNSET   753 PM EDT


-  INDICATES NEGATIVE NUMBERS.
R  INDICATES RECORD WAS SET OR TIED.
MM INDICATES DATA IS MISSING.
T  INDICATES TRACE AMOUNT.




RECORDS FOR KPOU DATE BACK TO 1949...
HOWEVER...DATA IS MISSING FROM JANUARY 1993 - JULY 2000.
$$
