000
CDUS41 KALY 172150
CLIPOU


CLIMATE REPORT
NATIONAL WEATHER SERVICE ALBANY NY
450 PM EST WED DEC 17 2014


...................................

...THE POUGHKEEPSIE NY CLIMATE SUMMARY FOR DECEMBER 17 2014...
VALID TODAY AS OF 0400 PM LOCAL TIME.

CLIMATE NORMAL PERIOD 1981 TO 2010
CLIMATE RECORD PERIOD 1949 TO 2014


WEATHER ITEM   OBSERVED TIME   RECORD YEAR NORMAL DEPARTURE LAST
                VALUE   (LST)  VALUE       VALUE  FROM      YEAR
                                                  NORMAL
..................................................................
TEMPERATURE (F)
 TODAY
  MAXIMUM         52   1246 PM  63    2000  40     12       21
  MINIMUM         40    743 AM   0    1980  21     19        2
  AVERAGE         46                        30     16       12

PRECIPITATION (IN)
  TODAY            0.01          1.76 2000   0.11  -0.10     0.24
  MONTH TO DATE    2.62                      2.00   0.62     1.74
  SINCE DEC 1      2.62                      2.00   0.62     1.74
  SINCE JAN 1     33.76                     45.00 -11.24    38.32

DEGREE DAYS
 HEATING
  TODAY           19                        34    -15       53
  MONTH TO DATE  508                       536    -28      592
  SINCE DEC 1    508                       536    -28      592
  SINCE JUL 1   1659                      1814   -155     1835

 COOLING
  TODAY            0                         0      0        0
  MONTH TO DATE    0                         0      0        0
  SINCE DEC 1      0                         0      0        0
  SINCE JAN 1    696                       672     24      829
..................................................................


WIND (MPH)
  HIGHEST WIND SPEED    13   HIGHEST WIND DIRECTION     W (270)
  HIGHEST GUST SPEED    22   HIGHEST GUST DIRECTION     W (270)
  AVERAGE WIND SPEED     2.3


SKY COVER
  AVERAGE SKY COVER 1.0



RELATIVE HUMIDITY (PERCENT)
 HIGHEST   100           400 AM
 LOWEST     59           200 PM
 AVERAGE    80

..........................................................


THE POUGHKEEPSIE NY CLIMATE NORMALS FOR TOMORROW
                         NORMAL    RECORD    YEAR
 MAXIMUM TEMPERATURE (F)   39        55      1954
 MINIMUM TEMPERATURE (F)   21        -2      1989


SUNRISE AND SUNSET
DECEMBER 17 2014......SUNRISE   717 AM EST   SUNSET   427 PM EST
DECEMBER 18 2014......SUNRISE   717 AM EST   SUNSET   427 PM EST


-  INDICATES NEGATIVE NUMBERS.
R  INDICATES RECORD WAS SET OR TIED.
MM INDICATES DATA IS MISSING.
T  INDICATES TRACE AMOUNT.





RECORDS FOR KPOU DATE BACK TO 1949...
HOWEVER...DATA IS MISSING FROM JANUARY 1993 - JULY 2000.
$$
