000
CDUS41 KALY 130626
CLIPOU


CLIMATE REPORT
NATIONAL WEATHER SERVICE ALBANY NY
126 AM EST MON NOV 13 2017


...................................

...THE POUGHKEEPSIE NY CLIMATE SUMMARY FOR NOVEMBER 12 2017...

CLIMATE NORMAL PERIOD 1981 TO 2010
CLIMATE RECORD PERIOD 1949 TO 2017


WEATHER ITEM   OBSERVED TIME   RECORD YEAR NORMAL DEPARTURE LAST
                VALUE   (LST)  VALUE       VALUE  FROM      YEAR
                                                  NORMAL
..................................................................
TEMPERATURE (F)
 YESTERDAY
  MAXIMUM         45    402 PM  69    1964  54     -9       49
  MINIMUM         20    426 AM  19    2001  32    -12       21
                                      1981
  AVERAGE         33                        43    -10       35

PRECIPITATION (IN)
  YESTERDAY        0.00          1.23 1975   0.10  -0.10     0.00
  MONTH TO DATE    0.21                      1.36  -1.15     0.03
  SINCE SEP 1      5.83                     10.11  -4.28     3.50
  SINCE JAN 1     34.93                     40.89  -5.96    25.82

DEGREE DAYS
 HEATING
  YESTERDAY       32                        22     10       30
  MONTH TO DATE  266                       247     19      248
  SINCE SEP 1    583                       806   -223      708
  SINCE JUL 1    603                       823   -220      710

 COOLING
  YESTERDAY        0                         0      0        0
  MONTH TO DATE    0                         0      0        0
  SINCE SEP 1    144                        68     76      111
  SINCE JAN 1    718                       672     46     1053
..................................................................


WIND (MPH)
  HIGHEST WIND SPEED     9   HIGHEST WIND DIRECTION    SW (240)
  HIGHEST GUST SPEED    12   HIGHEST GUST DIRECTION    SW (210)
  AVERAGE WIND SPEED     1.3


SKY COVER
  AVERAGE SKY COVER 0.0



RELATIVE HUMIDITY (PERCENT)
 HIGHEST    84           400 AM
 LOWEST     27           200 PM
 AVERAGE    56

..........................................................


THE POUGHKEEPSIE NY CLIMATE NORMALS FOR TODAY
                         NORMAL    RECORD    YEAR
 MAXIMUM TEMPERATURE (F)   53        73      1964
 MINIMUM TEMPERATURE (F)   32        16      2013


SUNRISE AND SUNSET
NOVEMBER 13 2017......SUNRISE   642 AM EST   SUNSET   437 PM EST
NOVEMBER 14 2017......SUNRISE   644 AM EST   SUNSET   436 PM EST


-  INDICATES NEGATIVE NUMBERS.
R  INDICATES RECORD WAS SET OR TIED.
MM INDICATES DATA IS MISSING.
T  INDICATES TRACE AMOUNT.




RECORDS FOR KPOU DATE BACK TO 1949...
HOWEVER...DATA IS MISSING FROM JANUARY 1993 - JULY 2000.
$$
