000
CDUS41 KALY 250622
CLIPOU


CLIMATE REPORT
NATIONAL WEATHER SERVICE ALBANY NY
221 AM EDT FRI JUL 25 2014




THE POUGHKEEPSIE NY CLIMATE SUMMARY FOR JULY 24 2014...

CLIMATE NORMAL PERIOD 1981 TO 2010
CLIMATE RECORD PERIOD 1949 TO 2014


WEATHER ITEM   OBSERVED TIME   RECORD YEAR NORMAL DEPARTURE LAST
                VALUE   (LST)  VALUE       VALUE  FROM      YEAR
                                                  NORMAL

TEMPERATURE (F)
 YESTERDAY
  MAXIMUM         80    304 PM  96    2001  85     -5       79
  MINIMUM         61   1159 PM  48    1985  61      0       61
  AVERAGE         71                        73     -2       70

PRECIPITATION (IN)
  YESTERDAY        T             1.30 1988   0.16  -0.16     0.01
  MONTH TO DATE    4.48                      3.49   0.99     2.91
  SINCE JUN 1      6.77                      7.92  -1.15    12.73
  SINCE JAN 1     20.80                     25.42  -4.62    23.38

DEGREE DAYS
 HEATING
  YESTERDAY        0                         0      0        0
  MONTH TO DATE    0                         0      0        0
  SINCE JUN 1      7                        49    -42       31
  SINCE JUL 1      0                         0      0        0

 COOLING
  YESTERDAY        6                         8     -2        5
  MONTH TO DATE  226                       184     42      347
  SINCE JUN 1    364                       311     53      501
  SINCE JAN 1    397                       347     50      554



WIND (MPH)
  HIGHEST WIND SPEED    17   HIGHEST WIND DIRECTION     N (10)
  HIGHEST GUST SPEED    23   HIGHEST GUST DIRECTION     N (10)
  AVERAGE WIND SPEED     5.8


SKY COVER
  AVERAGE SKY COVER 0.4



RELATIVE HUMIDITY (PERCENT)
 HIGHEST    90           300 AM
 LOWEST     45           500 PM
 AVERAGE    68




THE POUGHKEEPSIE NY CLIMATE NORMALS FOR TODAY
                         NORMAL    RECORD    YEAR
 MAXIMUM TEMPERATURE (F)   85        97      2001
 MINIMUM TEMPERATURE (F)   61        48      1953


SUNRISE AND SUNSET
JULY 25 2014..........SUNRISE   543 AM EDT   SUNSET   820 PM EDT
JULY 26 2014..........SUNRISE   544 AM EDT   SUNSET   819 PM EDT


-  INDICATES NEGATIVE NUMBERS.
R  INDICATES RECORD WAS SET OR TIED.
MM INDICATES DATA IS MISSING.
T  INDICATES TRACE AMOUNT.





RECORDS FOR KPOU DATE BACK TO 1949...
HOWEVER...DATA IS MISSING FROM JANUARY 1993 - JULY 2000.
$$
