000
CDUS41 KALY 152047
CLIPOU


CLIMATE REPORT
NATIONAL WEATHER SERVICE ALBANY NY
447 PM EDT FRI SEP 15 2017


...................................

...THE POUGHKEEPSIE NY CLIMATE SUMMARY FOR SEPTEMBER 15 2017...
VALID TODAY AS OF 0400 PM LOCAL TIME.

CLIMATE NORMAL PERIOD 1981 TO 2010
CLIMATE RECORD PERIOD 1949 TO 2017


WEATHER ITEM   OBSERVED TIME   RECORD YEAR NORMAL DEPARTURE LAST
                VALUE   (LST)  VALUE       VALUE  FROM      YEAR
                                                  NORMAL
..................................................................
TEMPERATURE (F)
 TODAY
  MAXIMUM         81    330 PM  86    2005  75      6       73
  MINIMUM         63    400 AM  32    1963  52     11       46
  AVERAGE         72                        64      8       60

PRECIPITATION (IN)
  TODAY            0.00          2.78 2006   0.15  -0.15     0.00
  MONTH TO DATE    1.56                      2.08  -0.52     0.24
  SINCE SEP 1      1.56                      2.08  -0.52     0.24
  SINCE JAN 1     30.66                     32.86  -2.20    22.56

DEGREE DAYS
 HEATING
  TODAY            0                         4     -4        5
  MONTH TO DATE   65                        34     31        9
  SINCE SEP 1     65                        34     31        9
  SINCE JUL 1     85                        51     34       11

 COOLING
  TODAY            7                         2      5        0
  MONTH TO DATE   25                        47    -22       80
  SINCE SEP 1     25                        47    -22       80
  SINCE JAN 1    599                       651    -52     1022
..................................................................


WIND (MPH)
  HIGHEST WIND SPEED     7   HIGHEST WIND DIRECTION    SW (220)
  HIGHEST GUST SPEED     9   HIGHEST GUST DIRECTION    SE (140)
  AVERAGE WIND SPEED     1.7


SKY COVER
  AVERAGE SKY COVER 0.9



RELATIVE HUMIDITY (PERCENT)
 HIGHEST   100           200 AM
 LOWEST     62           300 PM
 AVERAGE    81

..........................................................


THE POUGHKEEPSIE NY CLIMATE NORMALS FOR TOMORROW
                         NORMAL    RECORD    YEAR
 MAXIMUM TEMPERATURE (F)   75        95      1991
 MINIMUM TEMPERATURE (F)   51        30      1964


SUNRISE AND SUNSET
SEPTEMBER 15 2017.....SUNRISE   636 AM EDT   SUNSET   704 PM EDT
SEPTEMBER 16 2017.....SUNRISE   637 AM EDT   SUNSET   703 PM EDT


-  INDICATES NEGATIVE NUMBERS.
R  INDICATES RECORD WAS SET OR TIED.
MM INDICATES DATA IS MISSING.
T  INDICATES TRACE AMOUNT.




RECORDS FOR KPOU DATE BACK TO 1949...
HOWEVER...DATA IS MISSING FROM JANUARY 1993 - JULY 2000.
$$
