000
CDUS41 KALY 272056
CLIPOU


CLIMATE REPORT
NATIONAL WEATHER SERVICE ALBANY NY
454 PM EDT FRI MAY 27 2016


...................................

...THE POUGHKEEPSIE NY CLIMATE SUMMARY FOR MAY 27 2016...
VALID TODAY AS OF 0400 PM LOCAL TIME.

CLIMATE NORMAL PERIOD 1981 TO 2010
CLIMATE RECORD PERIOD 1949 TO 2016


WEATHER ITEM   OBSERVED TIME   RECORD YEAR NORMAL DEPARTURE LAST
                VALUE   (LST)  VALUE       VALUE  FROM      YEAR
                                                  NORMAL
..................................................................
TEMPERATURE (F)
 TODAY
  MAXIMUM         89    156 PM  91    1965  74     15       86
  MINIMUM         65    441 AM  35    1969  50     15       64
  AVERAGE         77                        62     15       75

PRECIPITATION (IN)
  TODAY            0.04          1.29 1961   0.16  -0.12     0.34
  MONTH TO DATE    2.80                      3.79  -0.99     1.41
  SINCE MAR 1      6.07                     11.14  -5.07     5.81
  SINCE JAN 1     11.75                     16.88  -5.13    10.11

DEGREE DAYS
 HEATING
  TODAY            0                         5     -5        0
  MONTH TO DATE  184                       207    -23       94
  SINCE MAR 1   1237                      1575   -338     1560
  SINCE JUL 1   4769                      6146  -1377     6245

 COOLING
  TODAY           12                         2     10       10
  MONTH TO DATE   26                        24      2       91
  SINCE MAR 1     30                        29      1       91
  SINCE JAN 1     30                        29      1       91
..................................................................


WIND (MPH)
  HIGHEST WIND SPEED     8   HIGHEST WIND DIRECTION     S (190)
  HIGHEST GUST SPEED    MM   HIGHEST GUST DIRECTION    MM
  AVERAGE WIND SPEED     3.3


SKY COVER
  AVERAGE SKY COVER 0.3



RELATIVE HUMIDITY (PERCENT)
 HIGHEST    73           400 AM
 LOWEST     46           200 PM
 AVERAGE    60

..........................................................


THE POUGHKEEPSIE NY CLIMATE NORMALS FOR TOMORROW
                         NORMAL    RECORD    YEAR
 MAXIMUM TEMPERATURE (F)   75        90      2012
 MINIMUM TEMPERATURE (F)   50        32      1949


SUNRISE AND SUNSET
MAY 27 2016...........SUNRISE   526 AM EDT   SUNSET   820 PM EDT
MAY 28 2016...........SUNRISE   526 AM EDT   SUNSET   821 PM EDT


-  INDICATES NEGATIVE NUMBERS.
R  INDICATES RECORD WAS SET OR TIED.
MM INDICATES DATA IS MISSING.
T  INDICATES TRACE AMOUNT.




RECORDS FOR KPOU DATE BACK TO 1949...
HOWEVER...DATA IS MISSING FROM JANUARY 1993 - JULY 2000.
$$
