119
CDUS41 KALY 200623
CLIPOU


CLIMATE REPORT
NATIONAL WEATHER SERVICE ALBANY NY
221 AM EDT SAT MAY 20 2017


...................................

...THE POUGHKEEPSIE NY CLIMATE SUMMARY FOR MAY 19 2017...

CLIMATE NORMAL PERIOD 1981 TO 2010
CLIMATE RECORD PERIOD 1949 TO 2017


WEATHER ITEM   OBSERVED TIME   RECORD YEAR NORMAL DEPARTURE LAST
                VALUE   (LST)  VALUE       VALUE  FROM      YEAR
                                                  NORMAL
..................................................................
TEMPERATURE (F)
 YESTERDAY
  MAXIMUM         89    359 PM  96    1962  72     17       75
  MINIMUM         58   1159 PM  31    2009  47     11       49
                                      2002
  AVERAGE         74                        60     14       62

PRECIPITATION (IN)
  YESTERDAY        0.00          1.54 2011   0.15  -0.15     0.00
  MONTH TO DATE    1.47                      2.52  -1.05     2.53
  SINCE MAR 1      9.16                      9.87  -0.71     5.80
  SINCE JAN 1     14.03                     15.61  -1.58    11.48

DEGREE DAYS
 HEATING
  YESTERDAY        0                         6     -6        3
  MONTH TO DATE  200                       164     36      174
  SINCE MAR 1   1562                      1532     30     1227
  SINCE JUL 1   5604                      6103   -499     4759

 COOLING
  YESTERDAY        9                         1      8        0
  MONTH TO DATE   29                        13     16        0
  SINCE MAR 1     46                        18     28        4
  SINCE JAN 1     46                        18     28        4
..................................................................


WIND (MPH)
  HIGHEST WIND SPEED    22   HIGHEST WIND DIRECTION     W (270)
  HIGHEST GUST SPEED    31   HIGHEST GUST DIRECTION    SW (230)
  AVERAGE WIND SPEED    10.2


SKY COVER
  AVERAGE SKY COVER 0.0



RELATIVE HUMIDITY (PERCENT)
 HIGHEST    93           100 AM
 LOWEST     32           200 PM
 AVERAGE    63

..........................................................


THE POUGHKEEPSIE NY CLIMATE NORMALS FOR TODAY
                         NORMAL    RECORD    YEAR
 MAXIMUM TEMPERATURE (F)   72        91      1975
                                             1962
 MINIMUM TEMPERATURE (F)   48        29      2002


SUNRISE AND SUNSET
MAY 20 2017...........SUNRISE   531 AM EDT   SUNSET   813 PM EDT
MAY 21 2017...........SUNRISE   531 AM EDT   SUNSET   814 PM EDT


-  INDICATES NEGATIVE NUMBERS.
R  INDICATES RECORD WAS SET OR TIED.
MM INDICATES DATA IS MISSING.
T  INDICATES TRACE AMOUNT.




RECORDS FOR KPOU DATE BACK TO 1949...
HOWEVER...DATA IS MISSING FROM JANUARY 1993 - JULY 2000.
$$
