000
CDUS41 KALY 070626
CLIPOU


CLIMATE REPORT
NATIONAL WEATHER SERVICE ALBANY NY
125 AM EST TUE NOV 7 2017


...................................

...THE POUGHKEEPSIE NY CLIMATE SUMMARY FOR NOVEMBER 6 2017...

CLIMATE NORMAL PERIOD 1981 TO 2010
CLIMATE RECORD PERIOD 1949 TO 2017


WEATHER ITEM   OBSERVED TIME   RECORD YEAR NORMAL DEPARTURE LAST
                VALUE   (LST)  VALUE       VALUE  FROM      YEAR
                                                  NORMAL
..................................................................
TEMPERATURE (F)
 YESTERDAY
  MAXIMUM         65    122 PM  77    2015  56      9       53
  MINIMUM         40   1149 PM  17    1951  33      7       30
  AVERAGE         53                        44      9       42

PRECIPITATION (IN)
  YESTERDAY        0.06          1.18 1961   0.11  -0.05     0.00
  MONTH TO DATE    0.11                      0.71  -0.60      T
  SINCE SEP 1      5.73                      9.46  -3.73     3.47
  SINCE JAN 1     34.83                     40.24  -5.41    25.79

DEGREE DAYS
 HEATING
  YESTERDAY       12                        20     -8       23
  MONTH TO DATE   85                       118    -33      105
  SINCE SEP 1    402                       677   -275      565
  SINCE JUL 1    422                       694   -272      567

 COOLING
  YESTERDAY        0                         0      0        0
  MONTH TO DATE    0                         0      0        0
  SINCE SEP 1    144                        68     76      111
  SINCE JAN 1    718                       672     46     1053
..................................................................


WIND (MPH)
  HIGHEST WIND SPEED    16   HIGHEST WIND DIRECTION     N (20)
  HIGHEST GUST SPEED    23   HIGHEST GUST DIRECTION    NE (30)
  AVERAGE WIND SPEED     6.2


SKY COVER
  AVERAGE SKY COVER 0.8



RELATIVE HUMIDITY (PERCENT)
 HIGHEST    90           100 AM
 LOWEST     66           800 PM
 AVERAGE    78

..........................................................


THE POUGHKEEPSIE NY CLIMATE NORMALS FOR TODAY
                         NORMAL    RECORD    YEAR
 MAXIMUM TEMPERATURE (F)   56        73      1975
 MINIMUM TEMPERATURE (F)   33        15      1962


SUNRISE AND SUNSET
NOVEMBER  7 2017......SUNRISE   635 AM EST   SUNSET   443 PM EST
NOVEMBER  8 2017......SUNRISE   636 AM EST   SUNSET   442 PM EST


-  INDICATES NEGATIVE NUMBERS.
R  INDICATES RECORD WAS SET OR TIED.
MM INDICATES DATA IS MISSING.
T  INDICATES TRACE AMOUNT.




RECORDS FOR KPOU DATE BACK TO 1949...
HOWEVER...DATA IS MISSING FROM JANUARY 1993 - JULY 2000.
$$
