000
CDUS41 KALY 232157
CLIPOU


CLIMATE REPORT
NATIONAL WEATHER SERVICE ALBANY NY
457 PM EST WED NOV 23 2016


...................................

...THE POUGHKEEPSIE NY CLIMATE SUMMARY FOR NOVEMBER 23 2016...
VALID TODAY AS OF 0400 PM LOCAL TIME.

CLIMATE NORMAL PERIOD 1981 TO 2010
CLIMATE RECORD PERIOD 1949 TO 2016


WEATHER ITEM   OBSERVED TIME   RECORD YEAR NORMAL DEPARTURE LAST
                VALUE   (LST)  VALUE       VALUE  FROM      YEAR
                                                  NORMAL
..................................................................
TEMPERATURE (F)
 TODAY
  MAXIMUM         43    228 PM  69    1992  49     -6       43
  MINIMUM         22    605 AM   9    1989  29     -7       23
  AVERAGE         33                        39     -6       33

PRECIPITATION (IN)
  TODAY            0.00          1.13 2011   0.13  -0.13     0.00
  MONTH TO DATE    2.71                      2.65   0.06     1.78
  SINCE SEP 1      6.18                     11.40  -5.22     6.92
  SINCE JAN 1     28.50                     42.18 -13.68    25.88

DEGREE DAYS
 HEATING
  TODAY           32                        26      6       32
  MONTH TO DATE  508                       511     -3      372
  SINCE SEP 1    968                      1070   -102      806
  SINCE JUL 1    970                      1087   -117      806

 COOLING
  TODAY            0                         0      0        0
  MONTH TO DATE    0                         0      0        2
  SINCE SEP 1    111                        68     43      159
  SINCE JAN 1   1053                       672    381      964
..................................................................


WIND (MPH)
  HIGHEST WIND SPEED    12   HIGHEST WIND DIRECTION     N (340)
  HIGHEST GUST SPEED    16   HIGHEST GUST DIRECTION    NW (320)
  AVERAGE WIND SPEED     4.6


SKY COVER
  AVERAGE SKY COVER 0.1



RELATIVE HUMIDITY (PERCENT)
 HIGHEST    81           400 AM
 LOWEST     45           200 PM
 AVERAGE    63

..........................................................


THE POUGHKEEPSIE NY CLIMATE NORMALS FOR TOMORROW
                         NORMAL    RECORD    YEAR
 MAXIMUM TEMPERATURE (F)   49        71      2014
 MINIMUM TEMPERATURE (F)   29         3      1989


SUNRISE AND SUNSET
NOVEMBER 23 2016......SUNRISE   654 AM EST   SUNSET   429 PM EST
NOVEMBER 24 2016......SUNRISE   656 AM EST   SUNSET   429 PM EST


-  INDICATES NEGATIVE NUMBERS.
R  INDICATES RECORD WAS SET OR TIED.
MM INDICATES DATA IS MISSING.
T  INDICATES TRACE AMOUNT.




RECORDS FOR KPOU DATE BACK TO 1949...
HOWEVER...DATA IS MISSING FROM JANUARY 1993 - JULY 2000.
$$
