000
CDUS41 KALY 160629
CLIPOU


CLIMATE REPORT
NATIONAL WEATHER SERVICE ALBANY NY
227 AM EDT SAT JUL 16 2016


...................................

...THE POUGHKEEPSIE NY CLIMATE SUMMARY FOR JULY 15 2016...

CLIMATE NORMAL PERIOD 1981 TO 2010
CLIMATE RECORD PERIOD 1949 TO 2016


WEATHER ITEM   OBSERVED TIME   RECORD YEAR NORMAL DEPARTURE LAST
                VALUE   (LST)  VALUE       VALUE  FROM      YEAR
                                                  NORMAL
..................................................................
TEMPERATURE (F)
 YESTERDAY
  MAXIMUM         92    335 PM  93    2013  85      7       81
  MINIMUM         69    334 AM  48    1950  61      8       63
  AVERAGE         81                        73      8       72

PRECIPITATION (IN)
  YESTERDAY        0.00          1.69 1992   0.16  -0.16     0.00
  MONTH TO DATE    2.24                      2.11   0.13     0.57
  SINCE JUN 1      4.27                      6.54  -2.27     4.70
  SINCE JAN 1     16.43                     24.04  -7.61    15.37

DEGREE DAYS
 HEATING
  YESTERDAY        0                         0      0        0
  MONTH TO DATE    0                         0      0        0
  SINCE JUN 1      8                        49    -41       46
  SINCE JUL 1      0                         0      0        0

 COOLING
  YESTERDAY       16                         8      8        7
  MONTH TO DATE  154                       112     42      111
  SINCE JUN 1    325                       239     86      244
  SINCE JAN 1    406                       275    131      357
..................................................................


WIND (MPH)
  HIGHEST WIND SPEED    14   HIGHEST WIND DIRECTION    SW (230)
  HIGHEST GUST SPEED    20   HIGHEST GUST DIRECTION    SW (240)
  AVERAGE WIND SPEED     3.1


SKY COVER
  AVERAGE SKY COVER 0.1



RELATIVE HUMIDITY (PERCENT)
 HIGHEST    93           100 AM
 LOWEST     41           100 PM
 AVERAGE    67

..........................................................


THE POUGHKEEPSIE NY CLIMATE NORMALS FOR TODAY
                         NORMAL    RECORD    YEAR
 MAXIMUM TEMPERATURE (F)   85        96      1980
 MINIMUM TEMPERATURE (F)   61        48      1966


SUNRISE AND SUNSET
JULY 16 2016..........SUNRISE   536 AM EDT   SUNSET   827 PM EDT
JULY 17 2016..........SUNRISE   536 AM EDT   SUNSET   827 PM EDT


-  INDICATES NEGATIVE NUMBERS.
R  INDICATES RECORD WAS SET OR TIED.
MM INDICATES DATA IS MISSING.
T  INDICATES TRACE AMOUNT.




RECORDS FOR KPOU DATE BACK TO 1949...
HOWEVER...DATA IS MISSING FROM JANUARY 1993 - JULY 2000.
$$
