392
CDUS41 KALY 072143
CLIPOU


CLIMATE REPORT
NATIONAL WEATHER SERVICE ALBANY NY
442 PM EST THU DEC 7 2017


...................................

...THE POUGHKEEPSIE NY CLIMATE SUMMARY FOR DECEMBER 7 2017...
VALID TODAY AS OF 0400 PM LOCAL TIME.

CLIMATE NORMAL PERIOD 1981 TO 2010
CLIMATE RECORD PERIOD 1949 TO 2017


WEATHER ITEM   OBSERVED TIME   RECORD YEAR NORMAL DEPARTURE LAST
                VALUE   (LST)  VALUE       VALUE  FROM      YEAR
                                                  NORMAL
..................................................................
TEMPERATURE (F)
 TODAY
  MAXIMUM         44    148 PM  60    2001  43      1       42
  MINIMUM         31    700 AM   1    1964  25      6       29
  AVERAGE         38                        34      4       36

PRECIPITATION (IN)
  TODAY            0.00          2.12 2011   0.12  -0.12     0.07
  MONTH TO DATE    0.33                      0.86  -0.53     0.73
  SINCE DEC 1      0.33                      0.86  -0.53     0.73
  SINCE JAN 1     35.87                     43.86  -7.99    31.25

DEGREE DAYS
 HEATING
  TODAY           27                        31     -4       29
  MONTH TO DATE  184                       208    -24      188
  SINCE DEC 1    184                       208    -24      188
  SINCE JUL 1   1267                      1486   -219     1334

 COOLING
  TODAY            0                         0      0        0
  MONTH TO DATE    0                         0      0        0
  SINCE DEC 1      0                         0      0        0
  SINCE JAN 1    718                       672     46     1053
..................................................................


WIND (MPH)
  HIGHEST WIND SPEED    17   HIGHEST WIND DIRECTION    SW (240)
  HIGHEST GUST SPEED    22   HIGHEST GUST DIRECTION    SW (240)
  AVERAGE WIND SPEED     9.3


SKY COVER
  AVERAGE SKY COVER 0.3



RELATIVE HUMIDITY (PERCENT)
 HIGHEST    63           600 AM
 LOWEST     29           300 PM
 AVERAGE    46

..........................................................


THE POUGHKEEPSIE NY CLIMATE NORMALS FOR TOMORROW
                         NORMAL    RECORD    YEAR
 MAXIMUM TEMPERATURE (F)   43        61      1980
                                             1966
 MINIMUM TEMPERATURE (F)   25         7      1964
                                             1949


SUNRISE AND SUNSET
DECEMBER  7 2017......SUNRISE   709 AM EST   SUNSET   425 PM EST
DECEMBER  8 2017......SUNRISE   710 AM EST   SUNSET   425 PM EST


-  INDICATES NEGATIVE NUMBERS.
R  INDICATES RECORD WAS SET OR TIED.
MM INDICATES DATA IS MISSING.
T  INDICATES TRACE AMOUNT.




RECORDS FOR KPOU DATE BACK TO 1949...
HOWEVER...DATA IS MISSING FROM JANUARY 1993 - JULY 2000.
$$
