207
CDUS41 KALY 202059
CLIPOU


CLIMATE REPORT
NATIONAL WEATHER SERVICE ALBANY NY
457 PM EDT THU JUL 20 2017


...................................

...THE POUGHKEEPSIE NY CLIMATE SUMMARY FOR JULY 20 2017...
VALID TODAY AS OF 0400 PM LOCAL TIME.

CLIMATE NORMAL PERIOD 1981 TO 2010
CLIMATE RECORD PERIOD 1949 TO 2017


WEATHER ITEM   OBSERVED TIME   RECORD YEAR NORMAL DEPARTURE LAST
                VALUE   (LST)  VALUE       VALUE  FROM      YEAR
                                                  NORMAL
..................................................................
TEMPERATURE (F)
 TODAY
  MAXIMUM         92    300 PM 102    1991  85      7       84
  MINIMUM         65    448 AM  46    1965  61      4       55
  AVERAGE         79                        73      6       70

PRECIPITATION (IN)
  TODAY            0.00          2.04 1959   0.14  -0.14     0.00
  MONTH TO DATE    2.31                      2.87  -0.56     2.79
  SINCE JUN 1      5.69                      7.30  -1.61     4.82
  SINCE JAN 1     22.25                     24.80  -2.55    16.98

DEGREE DAYS
 HEATING
  TODAY            0                         0      0        0
  MONTH TO DATE    0                         0      0        0
  SINCE JUN 1     50                        49      1        8
  SINCE JUL 1      0                         0      0        0

 COOLING
  TODAY           14                         8      6        5
  MONTH TO DATE  179                       152     27      208
  SINCE JUN 1    318                       279     39      379
  SINCE JAN 1    366                       315     51      460
..................................................................


WIND (MPH)
  HIGHEST WIND SPEED    13   HIGHEST WIND DIRECTION    SW (240)
  HIGHEST GUST SPEED    21   HIGHEST GUST DIRECTION    SW (240)
  AVERAGE WIND SPEED     3.4


SKY COVER
  AVERAGE SKY COVER 0.1



RELATIVE HUMIDITY (PERCENT)
 HIGHEST    93           200 AM
 LOWEST     44           300 PM
 AVERAGE    69

..........................................................


THE POUGHKEEPSIE NY CLIMATE NORMALS FOR TOMORROW
                         NORMAL    RECORD    YEAR
 MAXIMUM TEMPERATURE (F)   85       100      1977
 MINIMUM TEMPERATURE (F)   61        45      1965


SUNRISE AND SUNSET
JULY 20 2017..........SUNRISE   539 AM EDT   SUNSET   824 PM EDT
JULY 21 2017..........SUNRISE   540 AM EDT   SUNSET   824 PM EDT


-  INDICATES NEGATIVE NUMBERS.
R  INDICATES RECORD WAS SET OR TIED.
MM INDICATES DATA IS MISSING.
T  INDICATES TRACE AMOUNT.




RECORDS FOR KPOU DATE BACK TO 1949...
HOWEVER...DATA IS MISSING FROM JANUARY 1993 - JULY 2000.
$$
