000
CDUS41 KALY 180623
CLIPOU


CLIMATE REPORT
NATIONAL WEATHER SERVICE ALBANY NY
223 AM EDT MON SEP 18 2017


...................................

...THE POUGHKEEPSIE NY CLIMATE SUMMARY FOR SEPTEMBER 17 2017...

CLIMATE NORMAL PERIOD 1981 TO 2010
CLIMATE RECORD PERIOD 1949 TO 2017


WEATHER ITEM   OBSERVED TIME   RECORD YEAR NORMAL DEPARTURE LAST
                VALUE   (LST)  VALUE       VALUE  FROM      YEAR
                                                  NORMAL
..................................................................
TEMPERATURE (F)
 YESTERDAY
  MAXIMUM         83    343 PM  93    1991  75      8       78
  MINIMUM         61    259 AM  30    1986  51     10       48
  AVERAGE         72                        63      9       63

PRECIPITATION (IN)
  YESTERDAY        0.00          1.05 1980   0.15  -0.15     0.00
  MONTH TO DATE    1.56                      2.37  -0.81     0.24
  SINCE SEP 1      1.56                      2.37  -0.81     0.24
  SINCE JAN 1     30.66                     33.15  -2.49    22.56

DEGREE DAYS
 HEATING
  YESTERDAY        0                         4     -4        2
  MONTH TO DATE   65                        42     23       16
  SINCE SEP 1     65                        42     23       16
  SINCE JUL 1     85                        59     26       18

 COOLING
  YESTERDAY        7                         2      5        0
  MONTH TO DATE   40                        51    -11       80
  SINCE SEP 1     40                        51    -11       80
  SINCE JAN 1    614                       655    -41     1022
..................................................................


WIND (MPH)
  HIGHEST WIND SPEED     7   HIGHEST WIND DIRECTION     S (160)
  HIGHEST GUST SPEED     9   HIGHEST GUST DIRECTION    SE (130)
  AVERAGE WIND SPEED     0.8


SKY COVER
  AVERAGE SKY COVER 0.4



RELATIVE HUMIDITY (PERCENT)
 HIGHEST   100           300 AM
 LOWEST     51           400 PM
 AVERAGE    76

..........................................................


THE POUGHKEEPSIE NY CLIMATE NORMALS FOR TODAY
                         NORMAL    RECORD    YEAR
 MAXIMUM TEMPERATURE (F)   74        87      1972
 MINIMUM TEMPERATURE (F)   50        33      1990


SUNRISE AND SUNSET
SEPTEMBER 18 2017.....SUNRISE   639 AM EDT   SUNSET   659 PM EDT
SEPTEMBER 19 2017.....SUNRISE   640 AM EDT   SUNSET   658 PM EDT


-  INDICATES NEGATIVE NUMBERS.
R  INDICATES RECORD WAS SET OR TIED.
MM INDICATES DATA IS MISSING.
T  INDICATES TRACE AMOUNT.




RECORDS FOR KPOU DATE BACK TO 1949...
HOWEVER...DATA IS MISSING FROM JANUARY 1993 - JULY 2000.
$$
