000
CDUS41 KALY 090627
CLIPOU


CLIMATE REPORT
NATIONAL WEATHER SERVICE ALBANY NY
126 AM EST THU NOV 9 2017


...................................

...THE POUGHKEEPSIE NY CLIMATE SUMMARY FOR NOVEMBER 8 2017...

CLIMATE NORMAL PERIOD 1981 TO 2010
CLIMATE RECORD PERIOD 1949 TO 2017


WEATHER ITEM   OBSERVED TIME   RECORD YEAR NORMAL DEPARTURE LAST
                VALUE   (LST)  VALUE       VALUE  FROM      YEAR
                                                  NORMAL
..................................................................
TEMPERATURE (F)
 YESTERDAY
  MAXIMUM         49    325 PM  73    1975  55     -6       63
  MINIMUM         28   1158 PM  16    1960  33     -5       24
  AVERAGE         39                        44     -5       44

PRECIPITATION (IN)
  YESTERDAY        0.00          3.54 1977   0.11  -0.11     0.00
  MONTH TO DATE    0.19                      0.93  -0.74      T
  SINCE SEP 1      5.81                      9.68  -3.87     3.47
  SINCE JAN 1     34.91                     40.46  -5.55    25.79

DEGREE DAYS
 HEATING
  YESTERDAY       26                        21      5       21
  MONTH TO DATE  136                       160    -24      152
  SINCE SEP 1    453                       719   -266      612
  SINCE JUL 1    473                       736   -263      614

 COOLING
  YESTERDAY        0                         0      0        0
  MONTH TO DATE    0                         0      0        0
  SINCE SEP 1    144                        68     76      111
  SINCE JAN 1    718                       672     46     1053
..................................................................


WIND (MPH)
  HIGHEST WIND SPEED    13   HIGHEST WIND DIRECTION     N (360)
  HIGHEST GUST SPEED    16   HIGHEST GUST DIRECTION     N (20)
  AVERAGE WIND SPEED     4.7


SKY COVER
  AVERAGE SKY COVER 0.5



RELATIVE HUMIDITY (PERCENT)
 HIGHEST    92          1200 AM
 LOWEST     50           300 PM
 AVERAGE    71

..........................................................


THE POUGHKEEPSIE NY CLIMATE NORMALS FOR TODAY
                         NORMAL    RECORD    YEAR
 MAXIMUM TEMPERATURE (F)   55        75      1975
 MINIMUM TEMPERATURE (F)   32        14      1992


SUNRISE AND SUNSET
NOVEMBER  9 2017......SUNRISE   637 AM EST   SUNSET   441 PM EST
NOVEMBER 10 2017......SUNRISE   639 AM EST   SUNSET   440 PM EST


-  INDICATES NEGATIVE NUMBERS.
R  INDICATES RECORD WAS SET OR TIED.
MM INDICATES DATA IS MISSING.
T  INDICATES TRACE AMOUNT.




RECORDS FOR KPOU DATE BACK TO 1949...
HOWEVER...DATA IS MISSING FROM JANUARY 1993 - JULY 2000.
$$
