000
CDUS41 KALY 170627
CLIPOU


CLIMATE REPORT
NATIONAL WEATHER SERVICE ALBANY NY
227 AM EDT THU JUL 17 2014




THE POUGHKEEPSIE NY CLIMATE SUMMARY FOR JULY 16 2014...

CLIMATE NORMAL PERIOD 1981 TO 2010
CLIMATE RECORD PERIOD 1949 TO 2014


WEATHER ITEM   OBSERVED TIME   RECORD YEAR NORMAL DEPARTURE LAST
                VALUE   (LST)  VALUE       VALUE  FROM      YEAR
                                                  NORMAL

TEMPERATURE (F)
 YESTERDAY
  MAXIMUM         80    433 PM  96    1980  85     -5       93
  MINIMUM         63   1159 PM  48    1966  61      2       67
  AVERAGE         72                        73     -1       80

PRECIPITATION (IN)
  YESTERDAY        1.42R         1.14 1967   0.15   1.27     0.00
  MONTH TO DATE    4.12                      2.26   1.86     1.35
  SINCE JUN 1      6.41                      6.69  -0.28    11.17
  SINCE JAN 1     20.44                     24.19  -3.75    21.82

DEGREE DAYS
 HEATING
  YESTERDAY        0                         0      0        0
  MONTH TO DATE    0                         0      0        0
  SINCE JUN 1      7                        49    -42       31
  SINCE JUL 1      0                         0      0        0

 COOLING
  YESTERDAY        7                         8     -1       15
  MONTH TO DATE  169                       120     49      228
  SINCE JUN 1    307                       247     60      382
  SINCE JAN 1    340                       283     57      435



WIND (MPH)
  HIGHEST WIND SPEED    20   HIGHEST WIND DIRECTION     N (360)
  HIGHEST GUST SPEED    24   HIGHEST GUST DIRECTION     N (350)
  AVERAGE WIND SPEED     2.8


SKY COVER
  AVERAGE SKY COVER 0.4



RELATIVE HUMIDITY (PERCENT)
 HIGHEST    93          1200 AM
 LOWEST     42           400 PM
 AVERAGE    68




THE POUGHKEEPSIE NY CLIMATE NORMALS FOR TODAY
                         NORMAL    RECORD    YEAR
 MAXIMUM TEMPERATURE (F)   85        98      2006
 MINIMUM TEMPERATURE (F)   61        45      1954


SUNRISE AND SUNSET
JULY 17 2014..........SUNRISE   536 AM EDT   SUNSET   827 PM EDT
JULY 18 2014..........SUNRISE   537 AM EDT   SUNSET   826 PM EDT


-  INDICATES NEGATIVE NUMBERS.
R  INDICATES RECORD WAS SET OR TIED.
MM INDICATES DATA IS MISSING.
T  INDICATES TRACE AMOUNT.






RECORDS FOR KPOU DATE BACK TO 1949...
HOWEVER...DATA IS MISSING FROM JANUARY 1993 - JULY 2000.
$$
