000
CDUS41 KALY 080628
CLIPOU


CLIMATE REPORT
NATIONAL WEATHER SERVICE ALBANY NY
227 AM EDT SAT JUL 8 2017


...................................

...THE POUGHKEEPSIE NY CLIMATE SUMMARY FOR JULY 7 2017...

CLIMATE NORMAL PERIOD 1981 TO 2010
CLIMATE RECORD PERIOD 1949 TO 2017


WEATHER ITEM   OBSERVED TIME   RECORD YEAR NORMAL DEPARTURE LAST
                VALUE   (LST)  VALUE       VALUE  FROM      YEAR
                                                  NORMAL
..................................................................
TEMPERATURE (F)
 YESTERDAY
  MAXIMUM         81    431 PM 101    2010  84     -3       90
  MINIMUM         63    908 AM  44    1979  60      3       70
  AVERAGE         72                        72      0       80

PRECIPITATION (IN)
  YESTERDAY        0.55          2.09 1976   0.13   0.42     0.16
  MONTH TO DATE    0.61                      0.92  -0.31     2.02
  SINCE JUN 1      3.99                      5.35  -1.36     4.05
  SINCE JAN 1     20.55                     22.85  -2.30    16.21

DEGREE DAYS
 HEATING
  YESTERDAY        0                         0      0        0
  MONTH TO DATE    0                         0      0        0
  SINCE JUN 1     50                        49      1        8
  SINCE JUL 1      0                         0      0        0

 COOLING
  YESTERDAY        7                         7      0       15
  MONTH TO DATE   60                        49     11       68
  SINCE JUN 1    199                       176     23      239
  SINCE JAN 1    247                       212     35      320
..................................................................


WIND (MPH)
  HIGHEST WIND SPEED     9   HIGHEST WIND DIRECTION    SE (130)
  HIGHEST GUST SPEED    12   HIGHEST GUST DIRECTION    SE (120)
  AVERAGE WIND SPEED     2.3


SKY COVER
  AVERAGE SKY COVER 0.7



RELATIVE HUMIDITY (PERCENT)
 HIGHEST    93           900 AM
 LOWEST     62           400 PM
 AVERAGE    78

..........................................................


THE POUGHKEEPSIE NY CLIMATE NORMALS FOR TODAY
                         NORMAL    RECORD    YEAR
 MAXIMUM TEMPERATURE (F)   84        96      1988
 MINIMUM TEMPERATURE (F)   60        49      1979
                                             1960
                                             1959


SUNRISE AND SUNSET
JULY  8 2017..........SUNRISE   529 AM EDT   SUNSET   832 PM EDT
JULY  9 2017..........SUNRISE   530 AM EDT   SUNSET   831 PM EDT


-  INDICATES NEGATIVE NUMBERS.
R  INDICATES RECORD WAS SET OR TIED.
MM INDICATES DATA IS MISSING.
T  INDICATES TRACE AMOUNT.




RECORDS FOR KPOU DATE BACK TO 1949...
HOWEVER...DATA IS MISSING FROM JANUARY 1993 - JULY 2000.
$$
