000
CDUS41 KALY 132043
CLIPOU


CLIMATE REPORT
NATIONAL WEATHER SERVICE ALBANY NY
443 PM EDT SAT AUG 13 2016


...................................

...THE POUGHKEEPSIE NY CLIMATE SUMMARY FOR AUGUST 13 2016...
VALID TODAY AS OF 0400 PM LOCAL TIME.

CLIMATE NORMAL PERIOD 1981 TO 2010
CLIMATE RECORD PERIOD 1949 TO 2016


WEATHER ITEM   OBSERVED TIME   RECORD YEAR NORMAL DEPARTURE LAST
                VALUE   (LST)  VALUE       VALUE  FROM      YEAR
                                                  NORMAL
..................................................................
TEMPERATURE (F)
 TODAY
  MAXIMUM         97    242 PM  98    2005  83     14       82
  MINIMUM         74    521 AM  44    1950  60     14       57
  AVERAGE         86                        72     14       70

PRECIPITATION (IN)
  TODAY            0.00          2.66 1955   0.13  -0.13     0.00
  MONTH TO DATE    1.14                      1.92  -0.78     1.12
  SINCE JUN 1      9.10                     11.00  -1.90     7.20
  SINCE JAN 1     21.26                     28.50  -7.24    17.87

DEGREE DAYS
 HEATING
  TODAY            0                         0      0        0
  MONTH TO DATE    0                         0      0        0
  SINCE JUN 1      8                        54    -46       46
  SINCE JUL 1      0                         5     -5        0

 COOLING
  TODAY           21                         7     14        5
  MONTH TO DATE  152                        98     54      103
  SINCE JUN 1    687                       465    222      521
  SINCE JAN 1    768                       501    267      634
..................................................................


WIND (MPH)
  HIGHEST WIND SPEED    12   HIGHEST WIND DIRECTION     W (250)
  HIGHEST GUST SPEED    MM   HIGHEST GUST DIRECTION    MM
  AVERAGE WIND SPEED     4.0


SKY COVER
  AVERAGE SKY COVER 0.2



RELATIVE HUMIDITY (PERCENT)
 HIGHEST    93           500 AM
 LOWEST     48           200 PM
 AVERAGE    71

..........................................................


THE POUGHKEEPSIE NY CLIMATE NORMALS FOR TOMORROW
                         NORMAL    RECORD    YEAR
 MAXIMUM TEMPERATURE (F)   83        96      2002
 MINIMUM TEMPERATURE (F)   60        44      1961


SUNRISE AND SUNSET
AUGUST 13 2016........SUNRISE   603 AM EDT   SUNSET   757 PM EDT
AUGUST 14 2016........SUNRISE   604 AM EDT   SUNSET   756 PM EDT


-  INDICATES NEGATIVE NUMBERS.
R  INDICATES RECORD WAS SET OR TIED.
MM INDICATES DATA IS MISSING.
T  INDICATES TRACE AMOUNT.




RECORDS FOR KPOU DATE BACK TO 1949...
HOWEVER...DATA IS MISSING FROM JANUARY 1993 - JULY 2000.
$$
