000
CDUS41 KALY 300623
CLIPOU


CLIMATE REPORT
NATIONAL WEATHER SERVICE ALBANY NY
122 AM EST THU NOV 30 2017


...................................

...THE POUGHKEEPSIE NY CLIMATE SUMMARY FOR NOVEMBER 29 2017...

CLIMATE NORMAL PERIOD 1981 TO 2010
CLIMATE RECORD PERIOD 1949 TO 2017


WEATHER ITEM   OBSERVED TIME   RECORD YEAR NORMAL DEPARTURE LAST
                VALUE   (LST)  VALUE       VALUE  FROM      YEAR
                                                  NORMAL
..................................................................
TEMPERATURE (F)
 YESTERDAY
  MAXIMUM         62    112 PM  66    2011  47     15       55
                                      1990
  MINIMUM         28    400 AM  10    2014  28      0       36
  AVERAGE         45                        37      8       46

PRECIPITATION (IN)
  YESTERDAY        0.00          1.05 2016   0.12  -0.12     1.05
                                      1971
  MONTH TO DATE    0.73                      3.35  -2.62     3.88
  SINCE SEP 1      6.35                     12.10  -5.75     7.35
  SINCE JAN 1     35.45                     42.88  -7.43    29.67

DEGREE DAYS
 HEATING
  YESTERDAY       20                        28     -8       19
  MONTH TO DATE  715                       672     43      666
  SINCE SEP 1   1032                      1231   -199     1126
  SINCE JUL 1   1052                      1248   -196     1128

 COOLING
  YESTERDAY        0                         0      0        0
  MONTH TO DATE    0                         0      0        0
  SINCE SEP 1    144                        68     76      111
  SINCE JAN 1    718                       672     46     1053
..................................................................


WIND (MPH)
  HIGHEST WIND SPEED    22   HIGHEST WIND DIRECTION    NW (300)
  HIGHEST GUST SPEED    30   HIGHEST GUST DIRECTION     W (280)
  AVERAGE WIND SPEED     6.9


SKY COVER
  AVERAGE SKY COVER 0.1



RELATIVE HUMIDITY (PERCENT)
 HIGHEST   100           700 AM
 LOWEST     22           200 PM
 AVERAGE    61

..........................................................


THE POUGHKEEPSIE NY CLIMATE NORMALS FOR TODAY
                         NORMAL    RECORD    YEAR
 MAXIMUM TEMPERATURE (F)   46        67      2006
 MINIMUM TEMPERATURE (F)   27        14      2013
                                             1967


SUNRISE AND SUNSET
NOVEMBER 30 2017......SUNRISE   702 AM EST   SUNSET   426 PM EST
DECEMBER  1 2017......SUNRISE   703 AM EST   SUNSET   426 PM EST


-  INDICATES NEGATIVE NUMBERS.
R  INDICATES RECORD WAS SET OR TIED.
MM INDICATES DATA IS MISSING.
T  INDICATES TRACE AMOUNT.




RECORDS FOR KPOU DATE BACK TO 1949...
HOWEVER...DATA IS MISSING FROM JANUARY 1993 - JULY 2000.
$$
