000
CDUS41 KALY 262046
CLIPOU


CLIMATE REPORT
NATIONAL WEATHER SERVICE ALBANY NY
445 PM EDT WED AUG 26 2015


...................................

...THE POUGHKEEPSIE NY CLIMATE SUMMARY FOR AUGUST 26 2015...
VALID TODAY AS OF 0400 PM LOCAL TIME.

CLIMATE NORMAL PERIOD 1981 TO 2010
CLIMATE RECORD PERIOD 1949 TO 2015


WEATHER ITEM   OBSERVED TIME   RECORD YEAR NORMAL DEPARTURE LAST
                VALUE   (LST)  VALUE       VALUE  FROM      YEAR
                                                  NORMAL
..................................................................
TEMPERATURE (F)
 TODAY
  MAXIMUM         82    250 PM  92    1949  81      1       88
  MINIMUM         56    547 AM  43    1963  58     -2       58
  AVERAGE         69                        70     -1       73

PRECIPITATION (IN)
  TODAY            0.00          1.19 1976   0.12  -0.12     0.00
  MONTH TO DATE    2.12                      3.63  -1.51     2.82
  SINCE JUN 1      8.20                     12.71  -4.51    10.08
  SINCE JAN 1     18.87                     30.21 -11.34    24.11

DEGREE DAYS
 HEATING
  TODAY            0                         1     -1        0
  MONTH TO DATE    0                         4     -4        3
  SINCE JUN 1     46                        58    -12       10
  SINCE JUL 1      0                         9     -9        3

 COOLING
  TODAY            4                         5     -1        8
  MONTH TO DATE  244                       178     66      132
  SINCE JUN 1    662                       545    117      535
  SINCE JAN 1    775                       581    194      568
..................................................................


WIND (MPH)
  HIGHEST WIND SPEED     7   HIGHEST WIND DIRECTION     E (99)
  HIGHEST GUST SPEED    MM   HIGHEST GUST DIRECTION    MM
  AVERAGE WIND SPEED     2.4


SKY COVER
  AVERAGE SKY COVER 0.2



RELATIVE HUMIDITY (PERCENT)
 HIGHEST    93          1200 AM
 LOWEST     36           200 PM
 AVERAGE    65

..........................................................


THE POUGHKEEPSIE NY CLIMATE NORMALS FOR TOMORROW
                         NORMAL    RECORD    YEAR
 MAXIMUM TEMPERATURE (F)   81        95      1980
 MINIMUM TEMPERATURE (F)   58        42      1954


SUNRISE AND SUNSET
AUGUST 26 2015........SUNRISE   615 AM EDT   SUNSET   739 PM EDT
AUGUST 27 2015........SUNRISE   616 AM EDT   SUNSET   737 PM EDT


-  INDICATES NEGATIVE NUMBERS.
R  INDICATES RECORD WAS SET OR TIED.
MM INDICATES DATA IS MISSING.
T  INDICATES TRACE AMOUNT.




RECORDS FOR KPOU DATE BACK TO 1949...
HOWEVER...DATA IS MISSING FROM JANUARY 1993 - JULY 2000.
$$
