000
CDUS41 KALY 160627
CLIPOU


CLIMATE REPORT
NATIONAL WEATHER SERVICE ALBANY NY
226 AM EDT FRI JUN 16 2017


...................................

...THE POUGHKEEPSIE NY CLIMATE SUMMARY FOR JUNE 15 2017...

CLIMATE NORMAL PERIOD 1981 TO 2010
CLIMATE RECORD PERIOD 1949 TO 2017


WEATHER ITEM   OBSERVED TIME   RECORD YEAR NORMAL DEPARTURE LAST
                VALUE   (LST)  VALUE       VALUE  FROM      YEAR
                                                  NORMAL
..................................................................
TEMPERATURE (F)
 YESTERDAY
  MAXIMUM         76    436 PM  95    1988  80     -4       85
  MINIMUM         52    436 AM  39    1985  56     -4       50
  AVERAGE         64                        68     -4       68

PRECIPITATION (IN)
  YESTERDAY        0.00          1.59 1969   0.15  -0.15     0.00
  MONTH TO DATE    1.17                      2.39  -1.22     1.23
  SINCE JUN 1      1.17                      2.39  -1.22     1.23
  SINCE JAN 1     17.73                     19.89  -2.16    13.39

DEGREE DAYS
 HEATING
  YESTERDAY        1                         1      0        0
  MONTH TO DATE   50                        37     13        8
  SINCE JUN 1     50                        37     13        8
  SINCE JUL 1   5714                      6199   -485     4777

 COOLING
  YESTERDAY        0                         4     -4        3
  MONTH TO DATE   43                        46     -3       53
  SINCE JUN 1     43                        46     -3       53
  SINCE JAN 1     91                        82      9      134
..................................................................


WIND (MPH)
  HIGHEST WIND SPEED    14   HIGHEST WIND DIRECTION    SE (140)
  HIGHEST GUST SPEED    20   HIGHEST GUST DIRECTION    SE (140)
  AVERAGE WIND SPEED     5.5


SKY COVER
  AVERAGE SKY COVER 0.4



RELATIVE HUMIDITY (PERCENT)
 HIGHEST    96           400 AM
 LOWEST     38           400 PM
 AVERAGE    67

..........................................................


THE POUGHKEEPSIE NY CLIMATE NORMALS FOR TODAY
                         NORMAL    RECORD    YEAR
 MAXIMUM TEMPERATURE (F)   80        97      1957
 MINIMUM TEMPERATURE (F)   56        41      1961


SUNRISE AND SUNSET
JUNE 16 2017..........SUNRISE   521 AM EDT   SUNSET   832 PM EDT
JUNE 17 2017..........SUNRISE   521 AM EDT   SUNSET   832 PM EDT


-  INDICATES NEGATIVE NUMBERS.
R  INDICATES RECORD WAS SET OR TIED.
MM INDICATES DATA IS MISSING.
T  INDICATES TRACE AMOUNT.




RECORDS FOR KPOU DATE BACK TO 1949...
HOWEVER...DATA IS MISSING FROM JANUARY 1993 - JULY 2000.
$$
