000
CDUS41 KALY 080628
CLIPOU


CLIMATE REPORT
NATIONAL WEATHER SERVICE ALBANY NY
126 AM EST WED FEB 8 2017


...................................

...THE POUGHKEEPSIE NY CLIMATE SUMMARY FOR FEBRUARY 7 2017...

CLIMATE NORMAL PERIOD 1981 TO 2010
CLIMATE RECORD PERIOD 1949 TO 2017


WEATHER ITEM   OBSERVED TIME   RECORD YEAR NORMAL DEPARTURE LAST
                VALUE   (LST)  VALUE       VALUE  FROM      YEAR
                                                  NORMAL
..................................................................
TEMPERATURE (F)
 YESTERDAY
  MAXIMUM         32   1159 PM  53    2005  38     -6       50
  MINIMUM         23    403 AM -10    1966  17      6       20
  AVERAGE         28                        27      1       35

PRECIPITATION (IN)
  YESTERDAY        0.08          1.50 1951   0.09  -0.01     0.00
  MONTH TO DATE    0.08                      0.65  -0.57     0.62
  SINCE DEC 1      5.65                      7.26  -1.61     5.73
  SINCE JAN 1      3.05                      3.73  -0.68     1.83

DEGREE DAYS
 HEATING
  YESTERDAY       37                        38     -1       30
  MONTH TO DATE  258                       268    -10      174
  SINCE DEC 1   2308                      2542   -234     1838
  SINCE JUL 1   3454                      3820   -366     2826

 COOLING
  YESTERDAY        0                         0      0        0
  MONTH TO DATE    0                         0      0        0
  SINCE DEC 1      0                         0      0        0
  SINCE JAN 1      0                         0      0        0
..................................................................


WIND (MPH)
  HIGHEST WIND SPEED     9   HIGHEST WIND DIRECTION     N (360)
  HIGHEST GUST SPEED    11   HIGHEST GUST DIRECTION     N (360)
  AVERAGE WIND SPEED     2.3


SKY COVER
  AVERAGE SKY COVER 0.8



RELATIVE HUMIDITY (PERCENT)
 HIGHEST   100           500 PM
 LOWEST     68           100 AM
 AVERAGE    84

..........................................................


THE POUGHKEEPSIE NY CLIMATE NORMALS FOR TODAY
                         NORMAL    RECORD    YEAR
 MAXIMUM TEMPERATURE (F)   38        56      1965
 MINIMUM TEMPERATURE (F)   17       -23      1967


SUNRISE AND SUNSET
FEBRUARY  8 2017......SUNRISE   659 AM EST   SUNSET   520 PM EST
FEBRUARY  9 2017......SUNRISE   658 AM EST   SUNSET   522 PM EST


-  INDICATES NEGATIVE NUMBERS.
R  INDICATES RECORD WAS SET OR TIED.
MM INDICATES DATA IS MISSING.
T  INDICATES TRACE AMOUNT.




RECORDS FOR KPOU DATE BACK TO 1949...
HOWEVER...DATA IS MISSING FROM JANUARY 1993 - JULY 2000.
$$
