000
CDUS41 KALY 090623
CLIPOU


CLIMATE REPORT
NATIONAL WEATHER SERVICE ALBANY NY
223 AM EDT WED APR 9 2014




THE POUGHKEEPSIE NY CLIMATE SUMMARY FOR APRIL 8 2014...

CLIMATE NORMAL PERIOD 1981 TO 2010
CLIMATE RECORD PERIOD 1949 TO 2014


WEATHER ITEM   OBSERVED TIME   RECORD YEAR NORMAL DEPARTURE LAST
                VALUE   (LST)  VALUE       VALUE  FROM      YEAR
                                                  NORMAL

TEMPERATURE (F)
 YESTERDAY
  MAXIMUM         67    135 PM  84    2010  58      9       71
  MINIMUM         40   1142 PM  21    1982  34      6       36
  AVERAGE         54                        46      8       54

PRECIPITATION (IN)
  YESTERDAY        0.06          0.78 1957   0.13  -0.07     0.00
  MONTH TO DATE    0.22                      1.02  -0.80      T
  SINCE MAR 1      2.97                      4.59  -1.62     1.48
  SINCE JAN 1      7.25                     10.33  -3.08     5.14

DEGREE DAYS
 HEATING
  YESTERDAY       11                        19     -8       11
  MONTH TO DATE  151                       165    -14      167
  SINCE MAR 1   1178                      1039    139     1035
  SINCE JUL 1   5881                      5610    271     5156

 COOLING
  YESTERDAY        0                         0      0        0
  MONTH TO DATE    0                         0      0        0
  SINCE MAR 1      0                         0      0        0
  SINCE JAN 1      0                         0      0        0



WIND (MPH)
  HIGHEST WIND SPEED    25   HIGHEST WIND DIRECTION     W (290)
  HIGHEST GUST SPEED    35   HIGHEST GUST DIRECTION    NW (300)
  AVERAGE WIND SPEED     9.1


SKY COVER
  AVERAGE SKY COVER 0.8



RELATIVE HUMIDITY (PERCENT)
 HIGHEST   100          1200 AM
 LOWEST     40           200 PM
 AVERAGE    70




THE POUGHKEEPSIE NY CLIMATE NORMALS FOR TODAY
                         NORMAL    RECORD    YEAR
 MAXIMUM TEMPERATURE (F)   58        80      1991
 MINIMUM TEMPERATURE (F)   34        19      1956


SUNRISE AND SUNSET
APRIL  9 2014.........SUNRISE   625 AM EDT   SUNSET   730 PM EDT
APRIL 10 2014.........SUNRISE   624 AM EDT   SUNSET   731 PM EDT


-  INDICATES NEGATIVE NUMBERS.
R  INDICATES RECORD WAS SET OR TIED.
MM INDICATES DATA IS MISSING.
T  INDICATES TRACE AMOUNT.





RECORDS FOR KPOU DATE BACK TO 1949...
HOWEVER...DATA IS MISSING FROM JANUARY 1993 - JULY 2000.
$$
