000
CDUS41 KALY 210628
CLIPOU


CLIMATE REPORT
NATIONAL WEATHER SERVICE ALBANY NY
127 AM EST FRI NOV 21 2014


...................................

...THE POUGHKEEPSIE NY CLIMATE SUMMARY FOR NOVEMBER 20 2014...

CLIMATE NORMAL PERIOD 1981 TO 2010
CLIMATE RECORD PERIOD 1949 TO 2014


WEATHER ITEM   OBSERVED TIME   RECORD YEAR NORMAL DEPARTURE LAST
                VALUE   (LST)  VALUE       VALUE  FROM      YEAR
                                                  NORMAL
..................................................................
TEMPERATURE (F)
 YESTERDAY
  MAXIMUM         45    241 PM  72    1985  51     -6       42
  MINIMUM         29    759 AM  11    1986  30     -1       21
  AVERAGE         37                        40     -3       32

PRECIPITATION (IN)
  YESTERDAY        0.00          2.88 1988   0.12  -0.12     0.00
  MONTH TO DATE    1.07                      2.28  -1.21     0.67
  SINCE SEP 1      5.35                     11.03  -5.68     4.60
  SINCE JAN 1     30.02                     41.81 -11.79    34.82

DEGREE DAYS
 HEATING
  YESTERDAY       28                        25      3       33
  MONTH TO DATE  468                       435     33      433
  SINCE SEP 1    872                       994   -122      918
  SINCE JUL 1    877                      1011   -134      921

 COOLING
  YESTERDAY        0                         0      0        0
  MONTH TO DATE    0                         0      0        0
  SINCE SEP 1     99                        68     31       72
  SINCE JAN 1    696                       672     24      829
..................................................................


WIND (MPH)
  HIGHEST WIND SPEED    23   HIGHEST WIND DIRECTION     W (250)
  HIGHEST GUST SPEED    32   HIGHEST GUST DIRECTION    SW (240)
  AVERAGE WIND SPEED     9.2


SKY COVER
  AVERAGE SKY COVER 0.3



RELATIVE HUMIDITY (PERCENT)
 HIGHEST    58           700 AM
 LOWEST     27           300 PM
 AVERAGE    43

..........................................................


THE POUGHKEEPSIE NY CLIMATE NORMALS FOR TODAY
                         NORMAL    RECORD    YEAR
 MAXIMUM TEMPERATURE (F)   50        65      1991
 MINIMUM TEMPERATURE (F)   30        11      1951


SUNRISE AND SUNSET
NOVEMBER 21 2014......SUNRISE   652 AM EST   SUNSET   431 PM EST
NOVEMBER 22 2014......SUNRISE   653 AM EST   SUNSET   430 PM EST


-  INDICATES NEGATIVE NUMBERS.
R  INDICATES RECORD WAS SET OR TIED.
MM INDICATES DATA IS MISSING.
T  INDICATES TRACE AMOUNT.






RECORDS FOR KPOU DATE BACK TO 1949...
HOWEVER...DATA IS MISSING FROM JANUARY 1993 - JULY 2000.
$$
