000
CDUS41 KALY 040623
CLIPOU


CLIMATE REPORT
NATIONAL WEATHER SERVICE ALBANY NY
222 AM EDT SAT NOV 4 2017


...................................

...THE POUGHKEEPSIE NY CLIMATE SUMMARY FOR NOVEMBER 3 2017...

CLIMATE NORMAL PERIOD 1981 TO 2010
CLIMATE RECORD PERIOD 1949 TO 2017


WEATHER ITEM   OBSERVED TIME   RECORD YEAR NORMAL DEPARTURE LAST
                VALUE   (LST)  VALUE       VALUE  FROM      YEAR
                                                  NORMAL
..................................................................
TEMPERATURE (F)
 YESTERDAY
  MAXIMUM         71    144 PM  78    2015  57     14       71
  MINIMUM         45   1132 PM  21    1980  34     11       45
  AVERAGE         58                        45     13       58

PRECIPITATION (IN)
  YESTERDAY        T             1.62 1979   0.12  -0.12      T
  MONTH TO DATE    0.01                      0.36  -0.35      T
  SINCE SEP 1      5.63                      9.11  -3.48     3.47
  SINCE JAN 1     34.73                     39.89  -5.16    25.79

DEGREE DAYS
 HEATING
  YESTERDAY        7                        20    -13        7
  MONTH TO DATE   40                        58    -18       39
  SINCE SEP 1    357                       617   -260      499
  SINCE JUL 1    377                       634   -257      501

 COOLING
  YESTERDAY        0                         0      0        0
  MONTH TO DATE    0                         0      0        0
  SINCE SEP 1    144                        68     76      111
  SINCE JAN 1    718                       672     46     1053
..................................................................


WIND (MPH)
  HIGHEST WIND SPEED    20   HIGHEST WIND DIRECTION    NW (310)
  HIGHEST GUST SPEED    26   HIGHEST GUST DIRECTION    NW (330)
  AVERAGE WIND SPEED     7.1


SKY COVER
  AVERAGE SKY COVER 0.4



RELATIVE HUMIDITY (PERCENT)
 HIGHEST    87           700 AM
 LOWEST     55           700 PM
 AVERAGE    71

..........................................................


THE POUGHKEEPSIE NY CLIMATE NORMALS FOR TODAY
                         NORMAL    RECORD    YEAR
 MAXIMUM TEMPERATURE (F)   57        74      2015
                                             1987
 MINIMUM TEMPERATURE (F)   34        17      1951


SUNRISE AND SUNSET
NOVEMBER  4 2017......SUNRISE   731 AM EDT   SUNSET   546 PM EDT
NOVEMBER  5 2017......SUNRISE   633 AM EST   SUNSET   445 PM EST


-  INDICATES NEGATIVE NUMBERS.
R  INDICATES RECORD WAS SET OR TIED.
MM INDICATES DATA IS MISSING.
T  INDICATES TRACE AMOUNT.




RECORDS FOR KPOU DATE BACK TO 1949...
HOWEVER...DATA IS MISSING FROM JANUARY 1993 - JULY 2000.
$$
