000
CDUS41 KALY 070624
CLIPOU


CLIMATE REPORT
NATIONAL WEATHER SERVICE ALBANY NY
123 AM EST TUE FEB 7 2017


...................................

...THE POUGHKEEPSIE NY CLIMATE SUMMARY FOR FEBRUARY 6 2017...

CLIMATE NORMAL PERIOD 1981 TO 2010
CLIMATE RECORD PERIOD 1949 TO 2017


WEATHER ITEM   OBSERVED TIME   RECORD YEAR NORMAL DEPARTURE LAST
                VALUE   (LST)  VALUE       VALUE  FROM      YEAR
                                                  NORMAL
..................................................................
TEMPERATURE (F)
 YESTERDAY
  MAXIMUM         41    430 PM  54    2012  38      3       44
  MINIMUM         25    932 PM -10    2015  16      9       19
  AVERAGE         33                        27      6       32

PRECIPITATION (IN)
  YESTERDAY        0.00          1.35 1978   0.10  -0.10     0.00
  MONTH TO DATE    T                         0.56  -0.56     0.62
  SINCE DEC 1      5.57                      7.17  -1.60     5.73
  SINCE JAN 1      2.97                      3.64  -0.67     1.83

DEGREE DAYS
 HEATING
  YESTERDAY       32                        38     -6       33
  MONTH TO DATE  221                       230     -9      144
  SINCE DEC 1   2271                      2504   -233     1808
  SINCE JUL 1   3417                      3782   -365     2796

 COOLING
  YESTERDAY        0                         0      0        0
  MONTH TO DATE    0                         0      0        0
  SINCE DEC 1      0                         0      0        0
  SINCE JAN 1      0                         0      0        0
..................................................................


WIND (MPH)
  HIGHEST WIND SPEED    22   HIGHEST WIND DIRECTION    NW (300)
  HIGHEST GUST SPEED    28   HIGHEST GUST DIRECTION     W (260)
  AVERAGE WIND SPEED     5.9


SKY COVER
  AVERAGE SKY COVER 0.4



RELATIVE HUMIDITY (PERCENT)
 HIGHEST    81           900 PM
 LOWEST     37          1200 PM
 AVERAGE    59

..........................................................


THE POUGHKEEPSIE NY CLIMATE NORMALS FOR TODAY
                         NORMAL    RECORD    YEAR
 MAXIMUM TEMPERATURE (F)   38        53      2005
 MINIMUM TEMPERATURE (F)   17       -10      1966


SUNRISE AND SUNSET
FEBRUARY  7 2017......SUNRISE   701 AM EST   SUNSET   519 PM EST
FEBRUARY  8 2017......SUNRISE   659 AM EST   SUNSET   520 PM EST


-  INDICATES NEGATIVE NUMBERS.
R  INDICATES RECORD WAS SET OR TIED.
MM INDICATES DATA IS MISSING.
T  INDICATES TRACE AMOUNT.




RECORDS FOR KPOU DATE BACK TO 1949...
HOWEVER...DATA IS MISSING FROM JANUARY 1993 - JULY 2000.
$$
