000
CDUS41 KALY 232055
CLIPOU


CLIMATE REPORT
NATIONAL WEATHER SERVICE ALBANY NY
454 PM EDT TUE JUN 23 2015


...................................

...THE POUGHKEEPSIE NY CLIMATE SUMMARY FOR JUNE 23 2015...
VALID TODAY AS OF 0400 PM LOCAL TIME.

CLIMATE NORMAL PERIOD 1981 TO 2010
CLIMATE RECORD PERIOD 1949 TO 2015


WEATHER ITEM   OBSERVED TIME   RECORD YEAR NORMAL DEPARTURE LAST
                VALUE   (LST)  VALUE       VALUE  FROM      YEAR
                                                  NORMAL
..................................................................
TEMPERATURE (F)
 TODAY
  MAXIMUM         87    238 PM  94    1965  82      5       84
  MINIMUM         64    307 AM  40    1992  58      6       54
  AVERAGE         76                        70      6       69

PRECIPITATION (IN)
  TODAY            0.04          0.89 2001   0.13  -0.09     0.00
  MONTH TO DATE    3.19                      3.51  -0.32     1.83
  SINCE JUN 1      3.19                      3.51  -0.32     1.83
  SINCE JAN 1     13.86                     21.01  -7.15    15.86

DEGREE DAYS
 HEATING
  TODAY            0                         1     -1        0
  MONTH TO DATE   40                        45     -5        7
  SINCE JUN 1     40                        45     -5        7
  SINCE JUL 1   6285                      6207     78     6351

 COOLING
  TODAY           11                         5      6        4
  MONTH TO DATE  112                        84     28       72
  SINCE JUN 1    112                        84     28       72
  SINCE JAN 1    225                       120    105      105
..................................................................


WIND (MPH)
  HIGHEST WIND SPEED    21   HIGHEST WIND DIRECTION    SW (240)
  HIGHEST GUST SPEED    28   HIGHEST GUST DIRECTION    SW (240)
  AVERAGE WIND SPEED     5.2


SKY COVER
  AVERAGE SKY COVER 0.2



RELATIVE HUMIDITY (PERCENT)
 HIGHEST    93           100 AM
 LOWEST     50           100 PM
 AVERAGE    72

..........................................................


THE POUGHKEEPSIE NY CLIMATE NORMALS FOR TOMORROW
                         NORMAL    RECORD    YEAR
 MAXIMUM TEMPERATURE (F)   82        94      2013
 MINIMUM TEMPERATURE (F)   58        42      2007


SUNRISE AND SUNSET
JUNE 23 2015..........SUNRISE   522 AM EDT   SUNSET   834 PM EDT
JUNE 24 2015..........SUNRISE   522 AM EDT   SUNSET   834 PM EDT


-  INDICATES NEGATIVE NUMBERS.
R  INDICATES RECORD WAS SET OR TIED.
MM INDICATES DATA IS MISSING.
T  INDICATES TRACE AMOUNT.




RECORDS FOR KPOU DATE BACK TO 1949...
HOWEVER...DATA IS MISSING FROM JANUARY 1993 - JULY 2000.
$$
