000
CDUS41 KALY 100623
CLIPOU


CLIMATE REPORT
NATIONAL WEATHER SERVICE ALBANY NY
123 AM EST WED JAN 10 2018


...................................

...THE POUGHKEEPSIE NY CLIMATE SUMMARY FOR JANUARY 9 2018...

CLIMATE NORMAL PERIOD 1981 TO 2010
CLIMATE RECORD PERIOD 1949 TO 2018


WEATHER ITEM   OBSERVED TIME   RECORD YEAR NORMAL DEPARTURE LAST
                VALUE   (LST)  VALUE       VALUE  FROM      YEAR
                                                  NORMAL
..................................................................
TEMPERATURE (F)
 YESTERDAY
  MAXIMUM         40    305 PM  62    2008  35      5       22
  MINIMUM         20   1153 PM -17    1968  16      4       -1
  AVERAGE         30                        25      5       11

PRECIPITATION (IN)
  YESTERDAY        0.00          1.01 1978   0.10  -0.10     0.00
  MONTH TO DATE    0.55                      0.92  -0.37     0.50
  SINCE DEC 1      2.11                      4.45  -2.34     3.10
  SINCE JAN 1      0.55                      0.92  -0.37     0.50

DEGREE DAYS
 HEATING
  YESTERDAY       35                        40     -5       54
  MONTH TO DATE  459                       352    107      358
  SINCE DEC 1   1605                      1403    202     1398
  SINCE JUL 1   2688                      2681      7     2544

 COOLING
  YESTERDAY        0                         0      0        0
  MONTH TO DATE    0                         0      0        0
  SINCE DEC 1      0                         0      0        0
  SINCE JAN 1      0                         0      0        0
..................................................................


WIND (MPH)
  HIGHEST WIND SPEED    17   HIGHEST WIND DIRECTION     W (290)
  HIGHEST GUST SPEED    24   HIGHEST GUST DIRECTION     W (270)
  AVERAGE WIND SPEED     7.2


SKY COVER
  AVERAGE SKY COVER 0.8



RELATIVE HUMIDITY (PERCENT)
 HIGHEST    81           300 AM
 LOWEST     44           400 PM
 AVERAGE    63

..........................................................


THE POUGHKEEPSIE NY CLIMATE NORMALS FOR TODAY
                         NORMAL    RECORD    YEAR
 MAXIMUM TEMPERATURE (F)   35        65      2016
 MINIMUM TEMPERATURE (F)   16       -16      1968


SUNRISE AND SUNSET
JANUARY 10 2018.......SUNRISE   722 AM EST   SUNSET   445 PM EST
JANUARY 11 2018.......SUNRISE   721 AM EST   SUNSET   446 PM EST


-  INDICATES NEGATIVE NUMBERS.
R  INDICATES RECORD WAS SET OR TIED.
MM INDICATES DATA IS MISSING.
T  INDICATES TRACE AMOUNT.




RECORDS FOR KPOU DATE BACK TO 1949...
HOWEVER...DATA IS MISSING FROM JANUARY 1993 - JULY 2000.
$$
