000
CDUS41 KALY 202152
CLIPOU


CLIMATE REPORT
NATIONAL WEATHER SERVICE ALBANY NY
451 PM EST SAT JAN 20 2018


...................................

...THE POUGHKEEPSIE NY CLIMATE SUMMARY FOR JANUARY 20 2018...
VALID TODAY AS OF 0400 PM LOCAL TIME.

CLIMATE NORMAL PERIOD 1981 TO 2010
CLIMATE RECORD PERIOD 1949 TO 2018


WEATHER ITEM   OBSERVED TIME   RECORD YEAR NORMAL DEPARTURE LAST
                VALUE   (LST)  VALUE       VALUE  FROM      YEAR
                                                  NORMAL
..................................................................
TEMPERATURE (F)
 TODAY
  MAXIMUM         47    228 PM  56    2006  35     12       42
                                      1951
  MINIMUM         18   1213 AM -13    1971  15      3       35
  AVERAGE         33                        25      8       39

PRECIPITATION (IN)
  TODAY            0.00          0.98 1978   0.09  -0.09     0.04
  MONTH TO DATE    2.12                      2.01   0.11     1.52
  SINCE DEC 1      3.68                      5.54  -1.86     4.12
  SINCE JAN 1      2.12                      2.01   0.11     1.52

DEGREE DAYS
 HEATING
  TODAY           32                        40     -8       26
  MONTH TO DATE  878                       792     86      692
  SINCE DEC 1   2024                      1843    181     1732
  SINCE JUL 1   3107                      3121    -14     2878

 COOLING
  TODAY            0                         0      0        0
  MONTH TO DATE    0                         0      0        0
  SINCE DEC 1      0                         0      0        0
  SINCE JAN 1      0                         0      0        0
..................................................................


WIND (MPH)
  HIGHEST WIND SPEED    22   HIGHEST WIND DIRECTION     W (260)
  HIGHEST GUST SPEED    28   HIGHEST GUST DIRECTION     W (260)
  AVERAGE WIND SPEED     6.9


SKY COVER
  AVERAGE SKY COVER 0.0



RELATIVE HUMIDITY (PERCENT)
 HIGHEST    84           100 AM
 LOWEST     42           200 PM
 AVERAGE    63

..........................................................


THE POUGHKEEPSIE NY CLIMATE NORMALS FOR TOMORROW
                         NORMAL    RECORD    YEAR
 MAXIMUM TEMPERATURE (F)   35        60      2006
 MINIMUM TEMPERATURE (F)   15       -30      1961


SUNRISE AND SUNSET
JANUARY 20 2018.......SUNRISE   717 AM EST   SUNSET   456 PM EST
JANUARY 21 2018.......SUNRISE   717 AM EST   SUNSET   457 PM EST


-  INDICATES NEGATIVE NUMBERS.
R  INDICATES RECORD WAS SET OR TIED.
MM INDICATES DATA IS MISSING.
T  INDICATES TRACE AMOUNT.




RECORDS FOR KPOU DATE BACK TO 1949...
HOWEVER...DATA IS MISSING FROM JANUARY 1993 - JULY 2000.
$$
