000
CDUS41 KALY 190625
CLIPOU


CLIMATE REPORT
NATIONAL WEATHER SERVICE ALBANY NY
224 AM EDT TUE SEP 19 2017


...................................

...THE POUGHKEEPSIE NY CLIMATE SUMMARY FOR SEPTEMBER 18 2017...

CLIMATE NORMAL PERIOD 1981 TO 2010
CLIMATE RECORD PERIOD 1949 TO 2017


WEATHER ITEM   OBSERVED TIME   RECORD YEAR NORMAL DEPARTURE LAST
                VALUE   (LST)  VALUE       VALUE  FROM      YEAR
                                                  NORMAL
..................................................................
TEMPERATURE (F)
 YESTERDAY
  MAXIMUM         79    310 PM  87    1972  74      5       79
  MINIMUM         61   1159 PM  33    1990  50     11       66
  AVERAGE         70                        62      8       73

PRECIPITATION (IN)
  YESTERDAY        0.00          2.35 2012   0.13  -0.13     0.01
  MONTH TO DATE    1.56                      2.50  -0.94     0.25
  SINCE SEP 1      1.56                      2.50  -0.94     0.25
  SINCE JAN 1     30.66                     33.28  -2.62    22.57

DEGREE DAYS
 HEATING
  YESTERDAY        0                         4     -4        0
  MONTH TO DATE   65                        46     19       16
  SINCE SEP 1     65                        46     19       16
  SINCE JUL 1     85                        63     22       18

 COOLING
  YESTERDAY        5                         2      3        8
  MONTH TO DATE   45                        53     -8       88
  SINCE SEP 1     45                        53     -8       88
  SINCE JAN 1    619                       657    -38     1030
..................................................................


WIND (MPH)
  HIGHEST WIND SPEED    10   HIGHEST WIND DIRECTION     E (100)
  HIGHEST GUST SPEED    16   HIGHEST GUST DIRECTION     E (90)
  AVERAGE WIND SPEED     2.8


SKY COVER
  AVERAGE SKY COVER 0.5



RELATIVE HUMIDITY (PERCENT)
 HIGHEST   100           300 AM
 LOWEST     54           200 PM
 AVERAGE    77

..........................................................


THE POUGHKEEPSIE NY CLIMATE NORMALS FOR TODAY
                         NORMAL    RECORD    YEAR
 MAXIMUM TEMPERATURE (F)   74        92      1983
 MINIMUM TEMPERATURE (F)   50        33      1990
                                             1959


SUNRISE AND SUNSET
SEPTEMBER 19 2017.....SUNRISE   640 AM EDT   SUNSET   658 PM EDT
SEPTEMBER 20 2017.....SUNRISE   641 AM EDT   SUNSET   656 PM EDT


-  INDICATES NEGATIVE NUMBERS.
R  INDICATES RECORD WAS SET OR TIED.
MM INDICATES DATA IS MISSING.
T  INDICATES TRACE AMOUNT.




RECORDS FOR KPOU DATE BACK TO 1949...
HOWEVER...DATA IS MISSING FROM JANUARY 1993 - JULY 2000.
$$
