000
CDUS41 KALY 140623
CLIPOU


CLIMATE REPORT
NATIONAL WEATHER SERVICE ALBANY NY
223 AM EDT WED JUN 14 2017


...................................

...THE POUGHKEEPSIE NY CLIMATE SUMMARY FOR JUNE 13 2017...

CLIMATE NORMAL PERIOD 1981 TO 2010
CLIMATE RECORD PERIOD 1949 TO 2017


WEATHER ITEM   OBSERVED TIME   RECORD YEAR NORMAL DEPARTURE LAST
                VALUE   (LST)  VALUE       VALUE  FROM      YEAR
                                                  NORMAL
..................................................................
TEMPERATURE (F)
 YESTERDAY
  MAXIMUM         93    125 PM  94    1984  79     14       75
  MINIMUM         63    442 AM  42    1980  55      8       56
                                      1979
  AVERAGE         78                        67     11       66

PRECIPITATION (IN)
  YESTERDAY        0.20          1.69 2013   0.15   0.05     0.00
  MONTH TO DATE    1.17                      2.09  -0.92     1.23
  SINCE JUN 1      1.17                      2.09  -0.92     1.23
  SINCE JAN 1     17.73                     19.59  -1.86    13.39

DEGREE DAYS
 HEATING
  YESTERDAY        0                         2     -2        0
  MONTH TO DATE   49                        34     15        8
  SINCE JUN 1     49                        34     15        8
  SINCE JUL 1   5713                      6196   -483     4777

 COOLING
  YESTERDAY       13                         4      9        1
  MONTH TO DATE   38                        38      0       50
  SINCE JUN 1     38                        38      0       50
  SINCE JAN 1     86                        74     12      131
..................................................................


WIND (MPH)
  HIGHEST WIND SPEED    20   HIGHEST WIND DIRECTION     N (20)
  HIGHEST GUST SPEED    25   HIGHEST GUST DIRECTION    NE (30)
  AVERAGE WIND SPEED     3.2


SKY COVER
  AVERAGE SKY COVER 0.2



RELATIVE HUMIDITY (PERCENT)
 HIGHEST    93           400 AM
 LOWEST     44           100 PM
 AVERAGE    69

..........................................................


THE POUGHKEEPSIE NY CLIMATE NORMALS FOR TODAY
                         NORMAL    RECORD    YEAR
 MAXIMUM TEMPERATURE (F)   79        95      1988
                                             1956
 MINIMUM TEMPERATURE (F)   56        43      1979
                                             1978


SUNRISE AND SUNSET
JUNE 14 2017..........SUNRISE   521 AM EDT   SUNSET   831 PM EDT
JUNE 15 2017..........SUNRISE   521 AM EDT   SUNSET   832 PM EDT


-  INDICATES NEGATIVE NUMBERS.
R  INDICATES RECORD WAS SET OR TIED.
MM INDICATES DATA IS MISSING.
T  INDICATES TRACE AMOUNT.




RECORDS FOR KPOU DATE BACK TO 1949...
HOWEVER...DATA IS MISSING FROM JANUARY 1993 - JULY 2000.
$$
