000
CDUS41 KALY 210622
CLIPOU


CLIMATE REPORT
NATIONAL WEATHER SERVICE ALBANY NY
222 AM EDT TUE MAR 21 2017


...................................

...THE POUGHKEEPSIE NY CLIMATE SUMMARY FOR MARCH 20 2017...

CLIMATE NORMAL PERIOD 1981 TO 2010
CLIMATE RECORD PERIOD 1949 TO 2017


WEATHER ITEM   OBSERVED TIME   RECORD YEAR NORMAL DEPARTURE LAST
                VALUE   (LST)  VALUE       VALUE  FROM      YEAR
                                                  NORMAL
..................................................................
TEMPERATURE (F)
 YESTERDAY
  MAXIMUM         49    508 PM  77    2012  49      0       41
  MINIMUM         18    600 AM  -1    1949  27     -9       26
  AVERAGE         34                        38     -4       34

PRECIPITATION (IN)
  YESTERDAY        0.00          1.47 1990   0.12  -0.12     0.00
  MONTH TO DATE    1.06                      2.24  -1.18     0.71
  SINCE MAR 1      1.06                      2.24  -1.18     0.71
  SINCE JAN 1      5.93                      7.98  -2.05     6.39

DEGREE DAYS
 HEATING
  YESTERDAY       31                        27      4       31
  MONTH TO DATE  686                       603     83      401
  SINCE MAR 1    686                       603     83      401
  SINCE JUL 1   4728                      5174   -446     3933

 COOLING
  YESTERDAY        0                         0      0        0
  MONTH TO DATE    0                         0      0        0
  SINCE MAR 1      0                         0      0        0
  SINCE JAN 1      0                         0      0        0
..................................................................


WIND (MPH)
  HIGHEST WIND SPEED    17   HIGHEST WIND DIRECTION     N (20)
  HIGHEST GUST SPEED    22   HIGHEST GUST DIRECTION     N (20)
  AVERAGE WIND SPEED     3.3


SKY COVER
  AVERAGE SKY COVER 0.1



RELATIVE HUMIDITY (PERCENT)
 HIGHEST    73           600 AM
 LOWEST     23           300 PM
 AVERAGE    48

..........................................................


THE POUGHKEEPSIE NY CLIMATE NORMALS FOR TODAY
                         NORMAL    RECORD    YEAR
 MAXIMUM TEMPERATURE (F)   50        72      2012
 MINIMUM TEMPERATURE (F)   27        -2      1956


SUNRISE AND SUNSET
MARCH 21 2017.........SUNRISE   657 AM EDT   SUNSET   709 PM EDT
MARCH 22 2017.........SUNRISE   655 AM EDT   SUNSET   710 PM EDT


-  INDICATES NEGATIVE NUMBERS.
R  INDICATES RECORD WAS SET OR TIED.
MM INDICATES DATA IS MISSING.
T  INDICATES TRACE AMOUNT.




RECORDS FOR KPOU DATE BACK TO 1949...
HOWEVER...DATA IS MISSING FROM JANUARY 1993 - JULY 2000.
$$
