000
CDUS41 KALY 240630
CLIPOU


CLIMATE REPORT
NATIONAL WEATHER SERVICE ALBANY NY
227 AM EDT MON AUG 24 2015


...................................

...THE POUGHKEEPSIE NY CLIMATE SUMMARY FOR AUGUST 23 2015...

CLIMATE NORMAL PERIOD 1981 TO 2010
CLIMATE RECORD PERIOD 1949 TO 2015


WEATHER ITEM   OBSERVED TIME   RECORD YEAR NORMAL DEPARTURE LAST
                VALUE   (LST)  VALUE       VALUE  FROM      YEAR
                                                  NORMAL
..................................................................
TEMPERATURE (F)
 YESTERDAY
  MAXIMUM         85    448 PM  89    1966  82      3       77
  MINIMUM         58    549 AM  43    1988  59     -1       59
  AVERAGE         72                        70      2       68

PRECIPITATION (IN)
  YESTERDAY        0.00          2.53 1970   0.12  -0.12      T
  MONTH TO DATE    1.88                      3.26  -1.38     2.82
  SINCE JUN 1      7.96                     12.34  -4.38    10.08
  SINCE JAN 1     18.63                     29.84 -11.21    24.11

DEGREE DAYS
 HEATING
  YESTERDAY        0                         1     -1        0
  MONTH TO DATE    0                         1     -1        3
  SINCE JUN 1     46                        55     -9       10
  SINCE JUL 1      0                         6     -6        3

 COOLING
  YESTERDAY        7                         6      1        3
  MONTH TO DATE  217                       162     55      115
  SINCE JUN 1    635                       529    106      518
  SINCE JAN 1    748                       565    183      551
..................................................................


WIND (MPH)
  HIGHEST WIND SPEED     9   HIGHEST WIND DIRECTION    NE (30)
  HIGHEST GUST SPEED    14   HIGHEST GUST DIRECTION    NE (30)
  AVERAGE WIND SPEED     2.1


SKY COVER
  AVERAGE SKY COVER 0.3



RELATIVE HUMIDITY (PERCENT)
 HIGHEST    93           500 AM
 LOWEST     48           400 PM
 AVERAGE    71

..........................................................


THE POUGHKEEPSIE NY CLIMATE NORMALS FOR TODAY
                         NORMAL    RECORD    YEAR
 MAXIMUM TEMPERATURE (F)   82        91      1972
 MINIMUM TEMPERATURE (F)   59        41      1987


SUNRISE AND SUNSET
AUGUST 24 2015........SUNRISE   613 AM EDT   SUNSET   742 PM EDT
AUGUST 25 2015........SUNRISE   614 AM EDT   SUNSET   740 PM EDT


-  INDICATES NEGATIVE NUMBERS.
R  INDICATES RECORD WAS SET OR TIED.
MM INDICATES DATA IS MISSING.
T  INDICATES TRACE AMOUNT.




RECORDS FOR KPOU DATE BACK TO 1949...
HOWEVER...DATA IS MISSING FROM JANUARY 1993 - JULY 2000.
$$
