000
CDUS41 KALY 140622
CLIPOU


CLIMATE REPORT
NATIONAL WEATHER SERVICE ALBANY NY
221 AM EDT THU MAY 14 2015


...................................

...THE POUGHKEEPSIE NY CLIMATE SUMMARY FOR MAY 13 2015...

CLIMATE NORMAL PERIOD 1981 TO 2010
CLIMATE RECORD PERIOD 1949 TO 2015


WEATHER ITEM   OBSERVED TIME   RECORD YEAR NORMAL DEPARTURE LAST
                VALUE   (LST)  VALUE       VALUE  FROM      YEAR
                                                  NORMAL
..................................................................
TEMPERATURE (F)
 YESTERDAY
  MAXIMUM         68   1140 AM  88    1985  71     -3       74
  MINIMUM         41   1156 PM  30    1967  45     -4       55
  AVERAGE         55                        58     -3       65

PRECIPITATION (IN)
  YESTERDAY        0.00          1.66 2002   0.13  -0.13     0.00
  MONTH TO DATE    0.02                      1.66  -1.64     0.77
  SINCE MAR 1      4.42                      9.01  -4.59     7.95
  SINCE JAN 1      8.72                     14.75  -6.03    12.23

DEGREE DAYS
 HEATING
  YESTERDAY       10                         8      2        0
  MONTH TO DATE   35                       122    -87       77
  SINCE MAR 1   1501                      1490     11     1578
  SINCE JUL 1   6186                      6061    125     6281

 COOLING
  YESTERDAY        0                         1     -1        0
  MONTH TO DATE   49                         7     42       10
  SINCE MAR 1     49                        12     37       16
  SINCE JAN 1     49                        12     37       16
..................................................................


WIND (MPH)
  HIGHEST WIND SPEED    20   HIGHEST WIND DIRECTION     W (290)
  HIGHEST GUST SPEED    26   HIGHEST GUST DIRECTION     W (290)
  AVERAGE WIND SPEED     8.7


SKY COVER
  AVERAGE SKY COVER 0.6



RELATIVE HUMIDITY (PERCENT)
 HIGHEST    76          1100 PM
 LOWEST     37          1200 PM
 AVERAGE    57

..........................................................


THE POUGHKEEPSIE NY CLIMATE NORMALS FOR TODAY
                         NORMAL    RECORD    YEAR
 MAXIMUM TEMPERATURE (F)   71        86      1961
 MINIMUM TEMPERATURE (F)   46        30      2013


SUNRISE AND SUNSET
MAY 14 2015...........SUNRISE   537 AM EDT   SUNSET   807 PM EDT
MAY 15 2015...........SUNRISE   536 AM EDT   SUNSET   808 PM EDT


-  INDICATES NEGATIVE NUMBERS.
R  INDICATES RECORD WAS SET OR TIED.
MM INDICATES DATA IS MISSING.
T  INDICATES TRACE AMOUNT.




RECORDS FOR KPOU DATE BACK TO 1949...
HOWEVER...DATA IS MISSING FROM JANUARY 1993 - JULY 2000.
$$
