000
CDUS41 KALY 112151
CLIPOU


CLIMATE REPORT
NATIONAL WEATHER SERVICE ALBANY NY
451 PM EST SAT MAR 11 2017


...................................

...THE POUGHKEEPSIE NY CLIMATE SUMMARY FOR MARCH 11 2017...
VALID TODAY AS OF 0400 PM LOCAL TIME.

CLIMATE NORMAL PERIOD 1981 TO 2010
CLIMATE RECORD PERIOD 1949 TO 2017


WEATHER ITEM   OBSERVED TIME   RECORD YEAR NORMAL DEPARTURE LAST
                VALUE   (LST)  VALUE       VALUE  FROM      YEAR
                                                  NORMAL
..................................................................
TEMPERATURE (F)
 TODAY
  MAXIMUM         23    408 PM  74    1977  46    -23       63
  MINIMUM         11    608 AM  -5    1960  24    -13       40
  AVERAGE         17                        35    -18       52

PRECIPITATION (IN)
  TODAY            0.00          1.16 1952   0.11  -0.11     0.05
  MONTH TO DATE    0.42                      1.21  -0.79     0.27
  SINCE MAR 1      0.42                      1.21  -0.79     0.27
  SINCE JAN 1      5.29                      6.95  -1.66     5.95

DEGREE DAYS
 HEATING
  TODAY           48                        30     18       13
  MONTH TO DATE  334                       348    -14      237
  SINCE MAR 1    334                       348    -14      237
  SINCE JUL 1   4376                      4919   -543     3769

 COOLING
  TODAY            0                         0      0        0
  MONTH TO DATE    0                         0      0        0
  SINCE MAR 1      0                         0      0        0
  SINCE JAN 1      0                         0      0        0
..................................................................


WIND (MPH)
  HIGHEST WIND SPEED    20   HIGHEST WIND DIRECTION     W (290)
  HIGHEST GUST SPEED    33   HIGHEST GUST DIRECTION     W (280)
  AVERAGE WIND SPEED    12.9


SKY COVER
  AVERAGE SKY COVER 0.5



RELATIVE HUMIDITY (PERCENT)
 HIGHEST    59           200 AM
 LOWEST     39           100 PM
 AVERAGE    49

..........................................................


THE POUGHKEEPSIE NY CLIMATE NORMALS FOR TOMORROW
                         NORMAL    RECORD    YEAR
 MAXIMUM TEMPERATURE (F)   46        72      2012
 MINIMUM TEMPERATURE (F)   24        -2      1960


SUNRISE AND SUNSET
MARCH 11 2017.........SUNRISE   614 AM EST   SUNSET   558 PM EST
MARCH 12 2017.........SUNRISE   712 AM EDT   SUNSET   659 PM EDT


-  INDICATES NEGATIVE NUMBERS.
R  INDICATES RECORD WAS SET OR TIED.
MM INDICATES DATA IS MISSING.
T  INDICATES TRACE AMOUNT.




RECORDS FOR KPOU DATE BACK TO 1949...
HOWEVER...DATA IS MISSING FROM JANUARY 1993 - JULY 2000.
$$
