000
CDUS41 KALY 070634
CLIPOU


CLIMATE REPORT
NATIONAL WEATHER SERVICE ALBANY NY
128 AM EST SAT JAN 7 2017


...................................

...THE POUGHKEEPSIE NY CLIMATE SUMMARY FOR JANUARY 6 2017...

CLIMATE NORMAL PERIOD 1981 TO 2010
CLIMATE RECORD PERIOD 1949 TO 2017


WEATHER ITEM   OBSERVED TIME   RECORD YEAR NORMAL DEPARTURE LAST
                VALUE   (LST)  VALUE       VALUE  FROM      YEAR
                                                  NORMAL
..................................................................
TEMPERATURE (F)
 YESTERDAY
  MAXIMUM         29    108 PM  70    2007  35     -6       44
  MINIMUM         14   1151 PM  -3    1976  16     -2        9
  AVERAGE         22                        26     -4       27

PRECIPITATION (IN)
  YESTERDAY        T             1.70 1962   0.10  -0.10     0.00
  MONTH TO DATE    0.48                      0.61  -0.13      T
  SINCE DEC 1      3.08                      4.14  -1.06     3.90
  SINCE JAN 1      0.48                      0.61  -0.13      T

DEGREE DAYS
 HEATING
  YESTERDAY       43                        39      4       38
  MONTH TO DATE  203                       234    -31      212
  SINCE DEC 1   1243                      1285    -42      846
  SINCE JUL 1   2389                      2563   -174     1834

 COOLING
  YESTERDAY        0                         0      0        0
  MONTH TO DATE    0                         0      0        0
  SINCE DEC 1      0                         0      0        0
  SINCE JAN 1      0                         0      0        0
..................................................................


WIND (MPH)
  HIGHEST WIND SPEED    14   HIGHEST WIND DIRECTION    SW (240)
  HIGHEST GUST SPEED    19   HIGHEST GUST DIRECTION     W (250)
  AVERAGE WIND SPEED     3.2


SKY COVER
  AVERAGE SKY COVER 0.6



RELATIVE HUMIDITY (PERCENT)
 HIGHEST    88           400 AM
 LOWEST     46           300 PM
 AVERAGE    67

..........................................................


THE POUGHKEEPSIE NY CLIMATE NORMALS FOR TODAY
                         NORMAL    RECORD    YEAR
 MAXIMUM TEMPERATURE (F)   35        61      2012
 MINIMUM TEMPERATURE (F)   16         0      1970


SUNRISE AND SUNSET
JANUARY  7 2017.......SUNRISE   722 AM EST   SUNSET   442 PM EST
JANUARY  8 2017.......SUNRISE   722 AM EST   SUNSET   443 PM EST


-  INDICATES NEGATIVE NUMBERS.
R  INDICATES RECORD WAS SET OR TIED.
MM INDICATES DATA IS MISSING.
T  INDICATES TRACE AMOUNT.




RECORDS FOR KPOU DATE BACK TO 1949...
HOWEVER...DATA IS MISSING FROM JANUARY 1993 - JULY 2000.
$$
