000
CDUS41 KALY 020627
CLIPOU


CLIMATE REPORT
NATIONAL WEATHER SERVICE ALBANY NY
126 AM EST TUE JAN 2 2018


...................................

...THE POUGHKEEPSIE NY CLIMATE SUMMARY FOR JANUARY 1 2018...

CLIMATE NORMAL PERIOD 1981 TO 2010
CLIMATE RECORD PERIOD 1949 TO 2018


WEATHER ITEM   OBSERVED TIME   RECORD YEAR NORMAL DEPARTURE LAST
                VALUE   (LST)  VALUE       VALUE  FROM      YEAR
                                                  NORMAL
..................................................................
TEMPERATURE (F)
 YESTERDAY
  MAXIMUM         16    331 PM  60    1973  36    -20       44
  MINIMUM        -10R   746 AM  -9    1968  17    -27       22
  AVERAGE          3                        26    -23       33

PRECIPITATION (IN)
  YESTERDAY        0.00          1.15 2003   0.10  -0.10     0.00
  MONTH TO DATE    0.00                      0.10  -0.10     0.00
  SINCE DEC 1      1.56                      3.63  -2.07     2.60
  SINCE JAN 1      0.00                      0.10  -0.10     0.00

DEGREE DAYS
 HEATING
  YESTERDAY       62                        39     23       32
  MONTH TO DATE   62                        39     23       32
  SINCE DEC 1   1208                      1090    118     1072
  SINCE JUL 1   2291                      2368    -77     2218

 COOLING
  YESTERDAY        0                         0      0        0
  MONTH TO DATE    0                         0      0        0
  SINCE DEC 1      0                         0      0        0
  SINCE JAN 1      0                         0      0        0
..................................................................


WIND (MPH)
  HIGHEST WIND SPEED    13   HIGHEST WIND DIRECTION     N (360)
  HIGHEST GUST SPEED    17   HIGHEST GUST DIRECTION     N (20)
  AVERAGE WIND SPEED     1.4


SKY COVER
  AVERAGE SKY COVER 0.0



RELATIVE HUMIDITY (PERCENT)
 HIGHEST    83           200 AM
 LOWEST     36           200 PM
 AVERAGE    60

..........................................................


THE POUGHKEEPSIE NY CLIMATE NORMALS FOR TODAY
                         NORMAL    RECORD    YEAR
 MAXIMUM TEMPERATURE (F)   36        56      1979
 MINIMUM TEMPERATURE (F)   17       -15      1968


SUNRISE AND SUNSET
JANUARY  2 2018.......SUNRISE   722 AM EST   SUNSET   437 PM EST
JANUARY  3 2018.......SUNRISE   722 AM EST   SUNSET   438 PM EST


-  INDICATES NEGATIVE NUMBERS.
R  INDICATES RECORD WAS SET OR TIED.
MM INDICATES DATA IS MISSING.
T  INDICATES TRACE AMOUNT.




RECORDS FOR KPOU DATE BACK TO 1949...
HOWEVER...DATA IS MISSING FROM JANUARY 1993 - JULY 2000.
$$
