000
CDUS41 KALY 120626
CLIPOU


CLIMATE REPORT
NATIONAL WEATHER SERVICE ALBANY NY
226 AM EDT SAT AUG 12 2017


...................................

...THE POUGHKEEPSIE NY CLIMATE SUMMARY FOR AUGUST 11 2017...

CLIMATE NORMAL PERIOD 1981 TO 2010
CLIMATE RECORD PERIOD 1949 TO 2017


WEATHER ITEM   OBSERVED TIME   RECORD YEAR NORMAL DEPARTURE LAST
                VALUE   (LST)  VALUE       VALUE  FROM      YEAR
                                                  NORMAL
..................................................................
TEMPERATURE (F)
 YESTERDAY
  MAXIMUM         80    332 PM  98    1949  83     -3       93
  MINIMUM         62    518 AM  47    1972  61      1       75
                                      1963
  AVERAGE         71                        72     -1       84

PRECIPITATION (IN)
  YESTERDAY        0.97          1.76 2004   0.14   0.83     0.09
  MONTH TO DATE    3.34                      1.66   1.68     1.14
  SINCE JUN 1     10.32                     10.74  -0.42     9.10
  SINCE JAN 1     26.88                     28.24  -1.36    21.26

DEGREE DAYS
 HEATING
  YESTERDAY        0                         0      0        0
  MONTH TO DATE    3                         0      3        0
  SINCE JUN 1     56                        54      2        8
  SINCE JUL 1      6                         5      1        0

 COOLING
  YESTERDAY        6                         7     -1       19
  MONTH TO DATE   65                        84    -19      112
  SINCE JUN 1    435                       451    -16      647
  SINCE JAN 1    483                       487     -4      728
..................................................................


WIND (MPH)
  HIGHEST WIND SPEED     9   HIGHEST WIND DIRECTION    SE (150)
  HIGHEST GUST SPEED    15   HIGHEST GUST DIRECTION    SE (150)
  AVERAGE WIND SPEED     2.8


SKY COVER
  AVERAGE SKY COVER 0.5



RELATIVE HUMIDITY (PERCENT)
 HIGHEST    93          1200 AM
 LOWEST     54           300 PM
 AVERAGE    74

..........................................................


THE POUGHKEEPSIE NY CLIMATE NORMALS FOR TODAY
                         NORMAL    RECORD    YEAR
 MAXIMUM TEMPERATURE (F)   83        96      2005
 MINIMUM TEMPERATURE (F)   61        47      2006


SUNRISE AND SUNSET
AUGUST 12 2017........SUNRISE   601 AM EDT   SUNSET   759 PM EDT
AUGUST 13 2017........SUNRISE   602 AM EDT   SUNSET   758 PM EDT


-  INDICATES NEGATIVE NUMBERS.
R  INDICATES RECORD WAS SET OR TIED.
MM INDICATES DATA IS MISSING.
T  INDICATES TRACE AMOUNT.




RECORDS FOR KPOU DATE BACK TO 1949...
HOWEVER...DATA IS MISSING FROM JANUARY 1993 - JULY 2000.
$$
