000
CDUS41 KALY 090623
CLIPOU


CLIMATE REPORT
NATIONAL WEATHER SERVICE ALBANY NY
223 AM EDT MON MAY 9 2016


...................................

...THE POUGHKEEPSIE NY CLIMATE SUMMARY FOR MAY 8 2016...

CLIMATE NORMAL PERIOD 1981 TO 2010
CLIMATE RECORD PERIOD 1949 TO 2016


WEATHER ITEM   OBSERVED TIME   RECORD YEAR NORMAL DEPARTURE LAST
                VALUE   (LST)  VALUE       VALUE  FROM      YEAR
                                                  NORMAL
..................................................................
TEMPERATURE (F)
 YESTERDAY
  MAXIMUM         66    202 PM  89    2015  69     -3       89
  MINIMUM         44    242 AM  30    1981  44      0       51
  AVERAGE         55                        56     -1       70

PRECIPITATION (IN)
  YESTERDAY        0.08          0.89 1971   0.13  -0.05     0.00
  MONTH TO DATE    2.02                      1.01   1.01     0.02
  SINCE MAR 1      5.29                      8.36  -3.07     4.42
  SINCE JAN 1     10.97                     14.10  -3.13     8.72

DEGREE DAYS
 HEATING
  YESTERDAY       10                         9      1        0
  MONTH TO DATE   94                        80     14       25
  SINCE MAR 1   1147                      1448   -301     1491
  SINCE JUL 1   4679                      6019  -1340     6176

 COOLING
  YESTERDAY        0                         1     -1        5
  MONTH TO DATE    0                         2     -2       14
  SINCE MAR 1      4                         7     -3       14
  SINCE JAN 1      4                         7     -3       14
..................................................................


WIND (MPH)
  HIGHEST WIND SPEED    25   HIGHEST WIND DIRECTION    NW (310)
  HIGHEST GUST SPEED    33   HIGHEST GUST DIRECTION    NW (320)
  AVERAGE WIND SPEED     6.9


SKY COVER
  AVERAGE SKY COVER 0.6



RELATIVE HUMIDITY (PERCENT)
 HIGHEST    93           100 AM
 LOWEST     25           500 PM
 AVERAGE    59

..........................................................


THE POUGHKEEPSIE NY CLIMATE NORMALS FOR TODAY
                         NORMAL    RECORD    YEAR
 MAXIMUM TEMPERATURE (F)   70        92      1979
 MINIMUM TEMPERATURE (F)   44        27      1956


SUNRISE AND SUNSET
MAY  9 2016...........SUNRISE   542 AM EDT   SUNSET   803 PM EDT
MAY 10 2016...........SUNRISE   541 AM EDT   SUNSET   804 PM EDT


-  INDICATES NEGATIVE NUMBERS.
R  INDICATES RECORD WAS SET OR TIED.
MM INDICATES DATA IS MISSING.
T  INDICATES TRACE AMOUNT.




RECORDS FOR KPOU DATE BACK TO 1949...
HOWEVER...DATA IS MISSING FROM JANUARY 1993 - JULY 2000.
$$
