000
CDUS41 KALY 200627
CLIPOU


CLIMATE REPORT
NATIONAL WEATHER SERVICE ALBANY NY
222 AM EDT THU AUG 20 2015


...................................

...THE POUGHKEEPSIE NY CLIMATE SUMMARY FOR AUGUST 19 2015...

CLIMATE NORMAL PERIOD 1981 TO 2010
CLIMATE RECORD PERIOD 1949 TO 2015


WEATHER ITEM   OBSERVED TIME   RECORD YEAR NORMAL DEPARTURE LAST
                VALUE   (LST)  VALUE       VALUE  FROM      YEAR
                                                  NORMAL
..................................................................
TEMPERATURE (F)
 YESTERDAY
  MAXIMUM         91   1209 PM  94    2003  82      9       82
  MINIMUM         68    541 AM  44    1953  60      8       50
  AVERAGE         80                        71      9       66

PRECIPITATION (IN)
  YESTERDAY        0.00          4.00 1955   0.14  -0.14     0.00
  MONTH TO DATE    1.12                      2.73  -1.61     2.74
  SINCE JUN 1      7.20                     11.81  -4.61    10.00
  SINCE JAN 1     17.87                     29.31 -11.44    24.03

DEGREE DAYS
 HEATING
  YESTERDAY        0                         0      0        0
  MONTH TO DATE    0                         0      0        3
  SINCE JUN 1     46                        54     -8       10
  SINCE JUL 1      0                         5     -5        3

 COOLING
  YESTERDAY       15                         6      9        1
  MONTH TO DATE  183                       138     45       92
  SINCE JUN 1    601                       505     96      495
  SINCE JAN 1    714                       541    173      528
..................................................................


WIND (MPH)
  HIGHEST WIND SPEED    17   HIGHEST WIND DIRECTION    SE (130)
  HIGHEST GUST SPEED    24   HIGHEST GUST DIRECTION    SE (140)
  AVERAGE WIND SPEED     5.0


SKY COVER
  AVERAGE SKY COVER 0.4



RELATIVE HUMIDITY (PERCENT)
 HIGHEST    90           400 AM
 LOWEST     44          1200 PM
 AVERAGE    67

..........................................................


THE POUGHKEEPSIE NY CLIMATE NORMALS FOR TODAY
                         NORMAL    RECORD    YEAR
 MAXIMUM TEMPERATURE (F)   82        95      1983
 MINIMUM TEMPERATURE (F)   59        41      1949


SUNRISE AND SUNSET
AUGUST 20 2015........SUNRISE   609 AM EDT   SUNSET   748 PM EDT
AUGUST 21 2015........SUNRISE   610 AM EDT   SUNSET   747 PM EDT


-  INDICATES NEGATIVE NUMBERS.
R  INDICATES RECORD WAS SET OR TIED.
MM INDICATES DATA IS MISSING.
T  INDICATES TRACE AMOUNT.




RECORDS FOR KPOU DATE BACK TO 1949...
HOWEVER...DATA IS MISSING FROM JANUARY 1993 - JULY 2000.
$$
