000
CDUS41 KALY 131442
CLIPOU


CLIMATE REPORT
NATIONAL WEATHER SERVICE ALBANY NY
1042 AM EDT WED APR 13 2016


...................................

...THE POUGHKEEPSIE NY CLIMATE SUMMARY FOR APRIL 12 2016...

CLIMATE NORMAL PERIOD 1981 TO 2010
CLIMATE RECORD PERIOD 1949 TO 2016


WEATHER ITEM   OBSERVED TIME   RECORD YEAR NORMAL DEPARTURE LAST
                VALUE   (LST)  VALUE       VALUE  FROM      YEAR
                                                  NORMAL
..................................................................
TEMPERATURE (F)
 YESTERDAY
  MAXIMUM         58    348 PM  88    1977  59     -1       69
  MINIMUM         36   1159 PM  21    1952  36      0       27
  AVERAGE         47                        48     -1       48

PRECIPITATION (IN)
  YESTERDAY        0.37          1.08 2007   0.14   0.23     0.00
  MONTH TO DATE    1.43                      1.55  -0.12     1.23
  SINCE MAR 1      2.47                      5.12  -2.65     3.40
  SINCE JAN 1      8.15                     10.86  -2.71     7.70

DEGREE DAYS
 HEATING
  YESTERDAY       18                        18      0       17
  MONTH TO DATE  272                       238     34      237
  SINCE MAR 1    855                      1112   -257     1238
  SINCE JUL 1   4387                      5683  -1296     5923

 COOLING
  YESTERDAY        0                         0      0        0
  MONTH TO DATE    0                         0      0        0
  SINCE MAR 1      0                         0      0        0
  SINCE JAN 1      0                         0      0        0
..................................................................


WIND (MPH)
  HIGHEST WIND SPEED    22   HIGHEST WIND DIRECTION    NW (310)
  HIGHEST GUST SPEED    30   HIGHEST GUST DIRECTION    NW (320)
  AVERAGE WIND SPEED     7.0


SKY COVER
  AVERAGE SKY COVER 0.5



RELATIVE HUMIDITY (PERCENT)
 HIGHEST    93          1200 AM
 LOWEST     32           500 PM
 AVERAGE    63

..........................................................


THE POUGHKEEPSIE NY CLIMATE NORMALS FOR TODAY
                         NORMAL    RECORD    YEAR
 MAXIMUM TEMPERATURE (F)   60        85      1977
 MINIMUM TEMPERATURE (F)   36        19      1986


SUNRISE AND SUNSET
APRIL 13 2016.........SUNRISE   618 AM EDT   SUNSET   734 PM EDT
APRIL 14 2016.........SUNRISE   616 AM EDT   SUNSET   736 PM EDT


-  INDICATES NEGATIVE NUMBERS.
R  INDICATES RECORD WAS SET OR TIED.
MM INDICATES DATA IS MISSING.
T  INDICATES TRACE AMOUNT.




RECORDS FOR KPOU DATE BACK TO 1949...
HOWEVER...DATA IS MISSING FROM JANUARY 1993 - JULY 2000.
$$
