000
CDUS41 KALY 030634
CLIPOU


CLIMATE REPORT
NATIONAL WEATHER SERVICE ALBANY NY
132 AM EST FRI FEB 3 2017


...................................

...THE POUGHKEEPSIE NY CLIMATE SUMMARY FOR FEBRUARY 2 2017...

CLIMATE NORMAL PERIOD 1981 TO 2010
CLIMATE RECORD PERIOD 1949 TO 2017


WEATHER ITEM   OBSERVED TIME   RECORD YEAR NORMAL DEPARTURE LAST
                VALUE   (LST)  VALUE       VALUE  FROM      YEAR
                                                  NORMAL
..................................................................
TEMPERATURE (F)
 YESTERDAY
  MAXIMUM         39    201 PM  54    1983  37      2       51
  MINIMUM         19    437 AM -22    1961  16      3       23
  AVERAGE         29                        26      3       37

PRECIPITATION (IN)
  YESTERDAY        0.00          1.08 1973   0.10  -0.10     0.00
  MONTH TO DATE    T                         0.19  -0.19     0.00
  SINCE DEC 1      5.57                      6.80  -1.23     5.11
  SINCE JAN 1      2.97                      3.27  -0.30     1.21

DEGREE DAYS
 HEATING
  YESTERDAY       36                        39     -3       28
  MONTH TO DATE   72                        78     -6       47
  SINCE DEC 1   2122                      2352   -230     1711
  SINCE JUL 1   3268                      3630   -362     2699

 COOLING
  YESTERDAY        0                         0      0        0
  MONTH TO DATE    0                         0      0        0
  SINCE DEC 1      0                         0      0        0
  SINCE JAN 1      0                         0      0        0
..................................................................


WIND (MPH)
  HIGHEST WIND SPEED    17   HIGHEST WIND DIRECTION     W (270)
  HIGHEST GUST SPEED    25   HIGHEST GUST DIRECTION     W (250)
  AVERAGE WIND SPEED     5.3


SKY COVER
  AVERAGE SKY COVER 0.3



RELATIVE HUMIDITY (PERCENT)
 HIGHEST    96           100 AM
 LOWEST     44          1200 PM
 AVERAGE    70

..........................................................


THE POUGHKEEPSIE NY CLIMATE NORMALS FOR TODAY
                         NORMAL    RECORD    YEAR
 MAXIMUM TEMPERATURE (F)   37        63      2016
 MINIMUM TEMPERATURE (F)   16       -15      1961


SUNRISE AND SUNSET
FEBRUARY  3 2017......SUNRISE   705 AM EST   SUNSET   514 PM EST
FEBRUARY  4 2017......SUNRISE   704 AM EST   SUNSET   515 PM EST


-  INDICATES NEGATIVE NUMBERS.
R  INDICATES RECORD WAS SET OR TIED.
MM INDICATES DATA IS MISSING.
T  INDICATES TRACE AMOUNT.




RECORDS FOR KPOU DATE BACK TO 1949...
HOWEVER...DATA IS MISSING FROM JANUARY 1993 - JULY 2000.
$$
