000
CDUS41 KALY 070624
CLIPOU


CLIMATE REPORT
NATIONAL WEATHER SERVICE ALBANY NY
223 AM EDT SUN MAY 7 2017


...................................

...THE POUGHKEEPSIE NY CLIMATE SUMMARY FOR MAY 6 2017...

CLIMATE NORMAL PERIOD 1981 TO 2010
CLIMATE RECORD PERIOD 1949 TO 2017


WEATHER ITEM   OBSERVED TIME   RECORD YEAR NORMAL DEPARTURE LAST
                VALUE   (LST)  VALUE       VALUE  FROM      YEAR
                                                  NORMAL
..................................................................
TEMPERATURE (F)
 YESTERDAY
  MAXIMUM         66    232 PM  87    1949  69     -3       58
  MINIMUM         51   1159 PM  30    1961  43      8       51
  AVERAGE         59                        56      3       55

PRECIPITATION (IN)
  YESTERDAY        0.05          1.78 1991   0.13  -0.08     0.67
  MONTH TO DATE    0.33                      0.75  -0.42     1.87
  SINCE MAR 1      8.02                      8.10  -0.08     5.14
  SINCE JAN 1     12.89                     13.84  -0.95    10.82

DEGREE DAYS
 HEATING
  YESTERDAY        6                        10     -4       10
  MONTH TO DATE   56                        62     -6       75
  SINCE MAR 1   1418                      1430    -12     1128
  SINCE JUL 1   5460                      6001   -541     4660

 COOLING
  YESTERDAY        0                         0      0        0
  MONTH TO DATE    0                         0      0        0
  SINCE MAR 1     17                         5     12        4
  SINCE JAN 1     17                         5     12        4
..................................................................


WIND (MPH)
  HIGHEST WIND SPEED    22   HIGHEST WIND DIRECTION     S (160)
  HIGHEST GUST SPEED    32   HIGHEST GUST DIRECTION     S (170)
  AVERAGE WIND SPEED     7.8


SKY COVER
  AVERAGE SKY COVER 0.8



RELATIVE HUMIDITY (PERCENT)
 HIGHEST    97           300 AM
 LOWEST     52           100 PM
 AVERAGE    75

..........................................................


THE POUGHKEEPSIE NY CLIMATE NORMALS FOR TODAY
                         NORMAL    RECORD    YEAR
 MAXIMUM TEMPERATURE (F)   69        87      1959
 MINIMUM TEMPERATURE (F)   44        30      1968


SUNRISE AND SUNSET
MAY  7 2017...........SUNRISE   545 AM EDT   SUNSET   800 PM EDT
MAY  8 2017...........SUNRISE   543 AM EDT   SUNSET   801 PM EDT


-  INDICATES NEGATIVE NUMBERS.
R  INDICATES RECORD WAS SET OR TIED.
MM INDICATES DATA IS MISSING.
T  INDICATES TRACE AMOUNT.




RECORDS FOR KPOU DATE BACK TO 1949...
HOWEVER...DATA IS MISSING FROM JANUARY 1993 - JULY 2000.
$$
