000
CDUS41 KALY 210624
CLIPOU


CLIMATE REPORT
NATIONAL WEATHER SERVICE ALBANY NY
123 AM EST SUN DEC 21 2014


...................................

...THE POUGHKEEPSIE NY CLIMATE SUMMARY FOR DECEMBER 20 2014...

CLIMATE NORMAL PERIOD 1981 TO 2010
CLIMATE RECORD PERIOD 1949 TO 2014


WEATHER ITEM   OBSERVED TIME   RECORD YEAR NORMAL DEPARTURE LAST
                VALUE   (LST)  VALUE       VALUE  FROM      YEAR
                                                  NORMAL
..................................................................
TEMPERATURE (F)
 YESTERDAY
  MAXIMUM         31    258 PM  61    1957  39     -8       50
  MINIMUM         26   1204 AM  -9    1960  20      6       28
  AVERAGE         29                        30     -1       39

PRECIPITATION (IN)
  YESTERDAY        0.00          1.82 1957   0.12  -0.12      T
  MONTH TO DATE    2.62                      2.34   0.28     1.74
  SINCE DEC 1      2.62                      2.34   0.28     1.74
  SINCE JAN 1     33.76                     45.34 -11.58    38.32

DEGREE DAYS
 HEATING
  YESTERDAY       36                        35      1       26
  MONTH TO DATE  602                       641    -39      692
  SINCE DEC 1    602                       641    -39      692
  SINCE JUL 1   1753                      1919   -166     1935

 COOLING
  YESTERDAY        0                         0      0        0
  MONTH TO DATE    0                         0      0        0
  SINCE DEC 1      0                         0      0        0
  SINCE JAN 1    696                       672     24      829
..................................................................


WIND (MPH)
  HIGHEST WIND SPEED    14   HIGHEST WIND DIRECTION    NE (30)
  HIGHEST GUST SPEED    19   HIGHEST GUST DIRECTION     N (20)
  AVERAGE WIND SPEED     5.1


SKY COVER
  AVERAGE SKY COVER 1.0



RELATIVE HUMIDITY (PERCENT)
 HIGHEST    81          1200 AM
 LOWEST     58           900 AM
 AVERAGE    70

..........................................................


THE POUGHKEEPSIE NY CLIMATE NORMALS FOR TODAY
                         NORMAL    RECORD    YEAR
 MAXIMUM TEMPERATURE (F)   38        61      1957
 MINIMUM TEMPERATURE (F)   20        -8      1963


SUNRISE AND SUNSET
DECEMBER 21 2014......SUNRISE   719 AM EST   SUNSET   428 PM EST
DECEMBER 22 2014......SUNRISE   719 AM EST   SUNSET   429 PM EST


-  INDICATES NEGATIVE NUMBERS.
R  INDICATES RECORD WAS SET OR TIED.
MM INDICATES DATA IS MISSING.
T  INDICATES TRACE AMOUNT.





RECORDS FOR KPOU DATE BACK TO 1949...
HOWEVER...DATA IS MISSING FROM JANUARY 1993 - JULY 2000.
$$
