905
CDUS41 KALY 140628
CLIPOU


CLIMATE REPORT
NATIONAL WEATHER SERVICE ALBANY NY
128 AM EST WED FEB 14 2018


...................................

...THE POUGHKEEPSIE NY CLIMATE SUMMARY FOR FEBRUARY 13 2018...

CLIMATE NORMAL PERIOD 1981 TO 2010
CLIMATE RECORD PERIOD 1949 TO 2018


WEATHER ITEM   OBSERVED TIME   RECORD YEAR NORMAL DEPARTURE LAST
                VALUE   (LST)  VALUE       VALUE  FROM      YEAR
                                                  NORMAL
..................................................................
TEMPERATURE (F)
 YESTERDAY
  MAXIMUM         35    401 PM  60    1951  39     -4       36
  MINIMUM         19    721 AM -19    1967  17      2       23
  AVERAGE         27                        28     -1       30

PRECIPITATION (IN)
  YESTERDAY        0.00          2.64 2008   0.09  -0.09      T
  MONTH TO DATE    2.27                      1.21   1.06     1.41
  SINCE DEC 1      6.71                      7.82  -1.11     6.98
  SINCE JAN 1      5.15                      4.29   0.86     4.38

DEGREE DAYS
 HEATING
  YESTERDAY       38                        37      1       35
  MONTH TO DATE  490                       492     -2      467
  SINCE DEC 1   2870                      2766    104     2517
  SINCE JUL 1   3953                      4044    -91     3663

 COOLING
  YESTERDAY        0                         0      0        0
  MONTH TO DATE    0                         0      0        0
  SINCE DEC 1      0                         0      0        0
  SINCE JAN 1      0                         0      0        0
..................................................................


WIND (MPH)
  HIGHEST WIND SPEED    15   HIGHEST WIND DIRECTION     N (10)
  HIGHEST GUST SPEED    19   HIGHEST GUST DIRECTION     N (20)
  AVERAGE WIND SPEED     3.7


SKY COVER
  AVERAGE SKY COVER 0.0



RELATIVE HUMIDITY (PERCENT)
 HIGHEST    77           400 AM
 LOWEST     29           400 PM
 AVERAGE    53

..........................................................


THE POUGHKEEPSIE NY CLIMATE NORMALS FOR TODAY
                         NORMAL    RECORD    YEAR
 MAXIMUM TEMPERATURE (F)   39        56      2011
 MINIMUM TEMPERATURE (F)   18       -14      1979


SUNRISE AND SUNSET
FEBRUARY 14 2018......SUNRISE   652 AM EST   SUNSET   528 PM EST
FEBRUARY 15 2018......SUNRISE   651 AM EST   SUNSET   529 PM EST


-  INDICATES NEGATIVE NUMBERS.
R  INDICATES RECORD WAS SET OR TIED.
MM INDICATES DATA IS MISSING.
T  INDICATES TRACE AMOUNT.




RECORDS FOR KPOU DATE BACK TO 1949...
HOWEVER...DATA IS MISSING FROM JANUARY 1993 - JULY 2000.
$$
