000
CDUS41 KALY 030627
CLIPOU


CLIMATE REPORT
NATIONAL WEATHER SERVICE ALBANY NY
227 AM EDT TUE OCT 3 2017


...................................

...THE POUGHKEEPSIE NY CLIMATE SUMMARY FOR OCTOBER 2 2017...

CLIMATE NORMAL PERIOD 1981 TO 2010
CLIMATE RECORD PERIOD 1949 TO 2017


WEATHER ITEM   OBSERVED TIME   RECORD YEAR NORMAL DEPARTURE LAST
                VALUE   (LST)  VALUE       VALUE  FROM      YEAR
                                                  NORMAL
..................................................................
TEMPERATURE (F)
 YESTERDAY
  MAXIMUM         71    431 PM  84    2002  68      3       61
                                      1954
  MINIMUM         36    551 AM  31    1960  44     -8       53
                                      1958
  AVERAGE         54                        56     -2       57

PRECIPITATION (IN)
  YESTERDAY        0.00          0.78 2012   0.15  -0.15      T
  MONTH TO DATE    0.00                      0.30  -0.30      T
  SINCE SEP 1      1.75                      4.58  -2.83     0.93
  SINCE JAN 1     30.85                     35.36  -4.51    23.25

DEGREE DAYS
 HEATING
  YESTERDAY       11                         9      2        8
  MONTH TO DATE   22                        18      4       18
  SINCE SEP 1    115                       141    -26       89
  SINCE JUL 1    135                       158    -23       91

 COOLING
  YESTERDAY        0                         0      0        0
  MONTH TO DATE    0                         0      0        0
  SINCE SEP 1    114                        64     50      107
  SINCE JAN 1    688                       668     20     1049
..................................................................


WIND (MPH)
  HIGHEST WIND SPEED     8   HIGHEST WIND DIRECTION    NW (310)
  HIGHEST GUST SPEED    10   HIGHEST GUST DIRECTION    NW (330)
  AVERAGE WIND SPEED     0.9


SKY COVER
  AVERAGE SKY COVER 0.2



RELATIVE HUMIDITY (PERCENT)
 HIGHEST   100           700 AM
 LOWEST     28           400 PM
 AVERAGE    64

..........................................................


THE POUGHKEEPSIE NY CLIMATE NORMALS FOR TODAY
                         NORMAL    RECORD    YEAR
 MAXIMUM TEMPERATURE (F)   68        82      1953
 MINIMUM TEMPERATURE (F)   44        31      2003
                                             1957


SUNRISE AND SUNSET
OCTOBER  3 2017.......SUNRISE   655 AM EDT   SUNSET   634 PM EDT
OCTOBER  4 2017.......SUNRISE   656 AM EDT   SUNSET   632 PM EDT


-  INDICATES NEGATIVE NUMBERS.
R  INDICATES RECORD WAS SET OR TIED.
MM INDICATES DATA IS MISSING.
T  INDICATES TRACE AMOUNT.




RECORDS FOR KPOU DATE BACK TO 1949...
HOWEVER...DATA IS MISSING FROM JANUARY 1993 - JULY 2000.
$$
