000
CDUS41 KALY 102046
CLIPOU


CLIMATE REPORT
NATIONAL WEATHER SERVICE ALBANY NY
446 PM EDT WED MAY 10 2017


...................................

...THE POUGHKEEPSIE NY CLIMATE SUMMARY FOR MAY 10 2017...
VALID TODAY AS OF 0400 PM LOCAL TIME.

CLIMATE NORMAL PERIOD 1981 TO 2010
CLIMATE RECORD PERIOD 1949 TO 2017


WEATHER ITEM   OBSERVED TIME   RECORD YEAR NORMAL DEPARTURE LAST
                VALUE   (LST)  VALUE       VALUE  FROM      YEAR
                                                  NORMAL
..................................................................
TEMPERATURE (F)
 TODAY
  MAXIMUM         59    241 PM  93    1979  70    -11       69
  MINIMUM         34    533 AM  26    1947  44    -10       35
  AVERAGE         47                        57    -10       52

PRECIPITATION (IN)
  TODAY            0.00          1.92 1989   0.13  -0.13     0.00
  MONTH TO DATE    0.33                      1.27  -0.94     2.02
  SINCE MAR 1      8.02                      8.62  -0.60     5.29
  SINCE JAN 1     12.89                     14.36  -1.47    10.97

DEGREE DAYS
 HEATING
  TODAY           18                         9      9       13
  MONTH TO DATE  129                        98     31      115
  SINCE MAR 1   1491                      1466     25     1168
  SINCE JUL 1   5533                      6037   -504     4700

 COOLING
  TODAY            0                         1     -1        0
  MONTH TO DATE    0                         4     -4        0
  SINCE MAR 1     17                         9      8        4
  SINCE JAN 1     17                         9      8        4
..................................................................


WIND (MPH)
  HIGHEST WIND SPEED    10   HIGHEST WIND DIRECTION     N (10)
  HIGHEST GUST SPEED    17   HIGHEST GUST DIRECTION     N (10)
  AVERAGE WIND SPEED     3.7


SKY COVER
  AVERAGE SKY COVER 0.5



RELATIVE HUMIDITY (PERCENT)
 HIGHEST    96           500 AM
 LOWEST     41           100 PM
 AVERAGE    69

..........................................................


THE POUGHKEEPSIE NY CLIMATE NORMALS FOR TOMORROW
                         NORMAL    RECORD    YEAR
 MAXIMUM TEMPERATURE (F)   70        91      1953
 MINIMUM TEMPERATURE (F)   45        28      2010


SUNRISE AND SUNSET
MAY 10 2017...........SUNRISE   541 AM EDT   SUNSET   803 PM EDT
MAY 11 2017...........SUNRISE   540 AM EDT   SUNSET   804 PM EDT


-  INDICATES NEGATIVE NUMBERS.
R  INDICATES RECORD WAS SET OR TIED.
MM INDICATES DATA IS MISSING.
T  INDICATES TRACE AMOUNT.




RECORDS FOR KPOU DATE BACK TO 1949...
HOWEVER...DATA IS MISSING FROM JANUARY 1993 - JULY 2000.
$$
