000
CDUS41 KALY 052047
CLIPOU


CLIMATE REPORT
NATIONAL WEATHER SERVICE ALBANY NY
447 PM EDT TUE SEP 5 2017


...................................

...THE POUGHKEEPSIE NY CLIMATE SUMMARY FOR SEPTEMBER 5 2017...
VALID TODAY AS OF 0400 PM LOCAL TIME.

CLIMATE NORMAL PERIOD 1981 TO 2010
CLIMATE RECORD PERIOD 1949 TO 2017


WEATHER ITEM   OBSERVED TIME   RECORD YEAR NORMAL DEPARTURE LAST
                VALUE   (LST)  VALUE       VALUE  FROM      YEAR
                                                  NORMAL
..................................................................
TEMPERATURE (F)
 TODAY
  MAXIMUM         84    200 PM  93    1985  79      5       84
  MINIMUM         62        MM  43    1989  55      7       50
  AVERAGE         73                        67      6       67

PRECIPITATION (IN)
  TODAY            0.00          1.55 2011   0.14  -0.14     0.00
  MONTH TO DATE    0.80                      0.67   0.13     0.09
  SINCE SEP 1      0.80                      0.67   0.13     0.09
  SINCE JAN 1     29.40                     31.45  -2.05    22.41

DEGREE DAYS
 HEATING
  TODAY            0                         2     -2        0
  MONTH TO DATE   27                         7     20        0
  SINCE SEP 1     27                         7     20        0
  SINCE JUL 1     47                        24     23        2

 COOLING
  TODAY            8                         4      4        2
  MONTH TO DATE   10                        20    -10       11
  SINCE SEP 1     10                        20    -10       11
  SINCE JAN 1    584                       624    -40      953
..................................................................


WIND (MPH)
  HIGHEST WIND SPEED    12   HIGHEST WIND DIRECTION    SW (220)
  HIGHEST GUST SPEED    MM   HIGHEST GUST DIRECTION    MM
  AVERAGE WIND SPEED     4.3


SKY COVER
  AVERAGE SKY COVER 0.3



RELATIVE HUMIDITY (PERCENT)
 HIGHEST    90           400 AM
 LOWEST     55           200 PM
 AVERAGE    73

..........................................................


THE POUGHKEEPSIE NY CLIMATE NORMALS FOR TOMORROW
                         NORMAL    RECORD    YEAR
 MAXIMUM TEMPERATURE (F)   79        94      1983
 MINIMUM TEMPERATURE (F)   55        39      1984


SUNRISE AND SUNSET
SEPTEMBER  5 2017.....SUNRISE   626 AM EDT   SUNSET   722 PM EDT
SEPTEMBER  6 2017.....SUNRISE   627 AM EDT   SUNSET   720 PM EDT


-  INDICATES NEGATIVE NUMBERS.
R  INDICATES RECORD WAS SET OR TIED.
MM INDICATES DATA IS MISSING.
T  INDICATES TRACE AMOUNT.




RECORDS FOR KPOU DATE BACK TO 1949...
HOWEVER...DATA IS MISSING FROM JANUARY 1993 - JULY 2000.
$$
