000
CDUS41 KALY 162149
CLIPOU


CLIMATE REPORT
NATIONAL WEATHER SERVICE ALBANY NY
448 PM EST WED NOV 16 2016


...................................

...THE POUGHKEEPSIE NY CLIMATE SUMMARY FOR NOVEMBER 16 2016...
VALID TODAY AS OF 0400 PM LOCAL TIME.

CLIMATE NORMAL PERIOD 1981 TO 2010
CLIMATE RECORD PERIOD 1949 TO 2016


WEATHER ITEM   OBSERVED TIME   RECORD YEAR NORMAL DEPARTURE LAST
                VALUE   (LST)  VALUE       VALUE  FROM      YEAR
                                                  NORMAL
..................................................................
TEMPERATURE (F)
 TODAY
  MAXIMUM         60    221 PM  72    2005  52      8       65
  MINIMUM         41    705 AM  14    1972  31     10       33
  AVERAGE         51                        42      9       49

PRECIPITATION (IN)
  TODAY            0.02          1.27 1985   0.12  -0.10     0.00
  MONTH TO DATE    1.83                      1.81   0.02     1.27
  SINCE SEP 1      5.30                     10.56  -5.26     6.41
  SINCE JAN 1     27.62                     41.34 -13.72    25.37

DEGREE DAYS
 HEATING
  TODAY           14                        23     -9       16
  MONTH TO DATE  323                       338    -15      222
  SINCE SEP 1    783                       897   -114      656
  SINCE JUL 1    785                       914   -129      656

 COOLING
  TODAY            0                         0      0        0
  MONTH TO DATE    0                         0      0        2
  SINCE SEP 1    111                        68     43      159
  SINCE JAN 1   1053                       672    381      964
..................................................................


WIND (MPH)
  HIGHEST WIND SPEED    16   HIGHEST WIND DIRECTION    SW (240)
  HIGHEST GUST SPEED    13   HIGHEST GUST DIRECTION     W (250)
  AVERAGE WIND SPEED     4.5


SKY COVER
  AVERAGE SKY COVER 0.5



RELATIVE HUMIDITY (PERCENT)
 HIGHEST   100           300 AM
 LOWEST     40           200 PM
 AVERAGE    70

..........................................................


THE POUGHKEEPSIE NY CLIMATE NORMALS FOR TOMORROW
                         NORMAL    RECORD    YEAR
 MAXIMUM TEMPERATURE (F)   52        69      1953
 MINIMUM TEMPERATURE (F)   31        14      1980


SUNRISE AND SUNSET
NOVEMBER 16 2016......SUNRISE   646 AM EST   SUNSET   434 PM EST
NOVEMBER 17 2016......SUNRISE   647 AM EST   SUNSET   433 PM EST


-  INDICATES NEGATIVE NUMBERS.
R  INDICATES RECORD WAS SET OR TIED.
MM INDICATES DATA IS MISSING.
T  INDICATES TRACE AMOUNT.




RECORDS FOR KPOU DATE BACK TO 1949...
HOWEVER...DATA IS MISSING FROM JANUARY 1993 - JULY 2000.
$$
