000
CDUS41 KALY 150622
CLIPOU


CLIMATE REPORT
NATIONAL WEATHER SERVICE ALBANY NY
221 AM EDT WED OCT 15 2014


...................................

...THE POUGHKEEPSIE NY CLIMATE SUMMARY FOR OCTOBER 14 2014...

CLIMATE NORMAL PERIOD 1981 TO 2010
CLIMATE RECORD PERIOD 1949 TO 2014


WEATHER ITEM   OBSERVED TIME   RECORD YEAR NORMAL DEPARTURE LAST
                VALUE   (LST)  VALUE       VALUE  FROM      YEAR
                                                  NORMAL
..................................................................
TEMPERATURE (F)
 YESTERDAY
  MAXIMUM         78    311 PM  82    1954  64     14       69
  MINIMUM         59   1221 AM  21    1953  39     20       40
  AVERAGE         69                        52     17       55

PRECIPITATION (IN)
  YESTERDAY        0.00          2.88 2005   0.15  -0.15     0.00
  MONTH TO DATE    1.21                      2.09  -0.88     1.27
  SINCE SEP 1      1.73                      6.37  -4.64     3.59
  SINCE JAN 1     26.40                     37.15 -10.75    33.81

DEGREE DAYS
 HEATING
  YESTERDAY        0                        14    -14       10
  MONTH TO DATE  111                       158    -47       76
  SINCE SEP 1    200                       281    -81      216
  SINCE JUL 1    205                       298    -93      219

 COOLING
  YESTERDAY        4                         0      4        0
  MONTH TO DATE    4                         0      4        5
  SINCE SEP 1     90                        64     26       69
  SINCE JAN 1    687                       668     19      826
..................................................................


WIND (MPH)
  HIGHEST WIND SPEED    15   HIGHEST WIND DIRECTION    SE (130)
  HIGHEST GUST SPEED    23   HIGHEST GUST DIRECTION    SE (140)
  AVERAGE WIND SPEED     6.6


SKY COVER
  AVERAGE SKY COVER 0.8



RELATIVE HUMIDITY (PERCENT)
 HIGHEST    93           600 AM
 LOWEST     52           300 PM
 AVERAGE    73

..........................................................


THE POUGHKEEPSIE NY CLIMATE NORMALS FOR TODAY
                         NORMAL    RECORD    YEAR
 MAXIMUM TEMPERATURE (F)   63        85      1956
 MINIMUM TEMPERATURE (F)   39        28      2002


SUNRISE AND SUNSET
OCTOBER 15 2014.......SUNRISE   708 AM EDT   SUNSET   614 PM EDT
OCTOBER 16 2014.......SUNRISE   709 AM EDT   SUNSET   613 PM EDT


-  INDICATES NEGATIVE NUMBERS.
R  INDICATES RECORD WAS SET OR TIED.
MM INDICATES DATA IS MISSING.
T  INDICATES TRACE AMOUNT.





RECORDS FOR KPOU DATE BACK TO 1949...
HOWEVER...DATA IS MISSING FROM JANUARY 1993 - JULY 2000.
$$
