000
CDUS41 KALY 062153
CLIPOU


CLIMATE REPORT
NATIONAL WEATHER SERVICE ALBANY NY
453 PM EST SAT JAN 6 2018


...................................

...THE POUGHKEEPSIE NY CLIMATE SUMMARY FOR JANUARY 6 2018...
VALID TODAY AS OF 0400 PM LOCAL TIME.

CLIMATE NORMAL PERIOD 1981 TO 2010
CLIMATE RECORD PERIOD 1949 TO 2018


WEATHER ITEM   OBSERVED TIME   RECORD YEAR NORMAL DEPARTURE LAST
                VALUE   (LST)  VALUE       VALUE  FROM      YEAR
                                                  NORMAL
..................................................................
TEMPERATURE (F)
 TODAY
  MAXIMUM         12    222 PM  70    2007  35    -23       29
  MINIMUM          4    748 AM  -3    1976  16    -12       14
  AVERAGE          8                        26    -18       22

PRECIPITATION (IN)
  TODAY            0.00          1.70 1962   0.10  -0.10      T
  MONTH TO DATE    0.54                      0.61  -0.07     0.48
  SINCE DEC 1      2.10                      4.14  -2.04     3.08
  SINCE JAN 1      0.54                      0.61  -0.07     0.48

DEGREE DAYS
 HEATING
  TODAY           57                        39     18       43
  MONTH TO DATE  319                       234     85      203
  SINCE DEC 1   1465                      1285    180     1243
  SINCE JUL 1   2548                      2563    -15     2389

 COOLING
  TODAY            0                         0      0        0
  MONTH TO DATE    0                         0      0        0
  SINCE DEC 1      0                         0      0        0
  SINCE JAN 1      0                         0      0        0
..................................................................


WIND (MPH)
  HIGHEST WIND SPEED    23   HIGHEST WIND DIRECTION     W (280)
  HIGHEST GUST SPEED    33   HIGHEST GUST DIRECTION     W (290)
  AVERAGE WIND SPEED    16.3


SKY COVER
  AVERAGE SKY COVER 0.0



RELATIVE HUMIDITY (PERCENT)
 HIGHEST    56           500 AM
 LOWEST     38           100 PM
 AVERAGE    47

..........................................................


THE POUGHKEEPSIE NY CLIMATE NORMALS FOR TOMORROW
                         NORMAL    RECORD    YEAR
 MAXIMUM TEMPERATURE (F)   35        61      2012
 MINIMUM TEMPERATURE (F)   16         0      1970


SUNRISE AND SUNSET
JANUARY  6 2018.......SUNRISE   722 AM EST   SUNSET   441 PM EST
JANUARY  7 2018.......SUNRISE   722 AM EST   SUNSET   442 PM EST


-  INDICATES NEGATIVE NUMBERS.
R  INDICATES RECORD WAS SET OR TIED.
MM INDICATES DATA IS MISSING.
T  INDICATES TRACE AMOUNT.




RECORDS FOR KPOU DATE BACK TO 1949...
HOWEVER...DATA IS MISSING FROM JANUARY 1993 - JULY 2000.
$$
